-- Table structure for table `i0adu_rsform_submissions`
--

CREATE TABLE `i0adu_rsform_submissions` (
  `SubmissionId` int NOT NULL,
  `FormId` int NOT NULL DEFAULT '0',
  `DateSubmitted` datetime NOT NULL,
  `UserIp` varchar(255) NOT NULL DEFAULT '',
  `Username` varchar(255) NOT NULL DEFAULT '',
  `UserId` text NOT NULL,
  `Lang` varchar(255) NOT NULL,
  `confirmed` tinyint(1) NOT NULL
) ENGINE=MyISAM DEFAULT CHARSET=utf8mb3;

--
-- Dumping data for table `i0adu_rsform_submissions`
--

INSERT INTO `i0adu_rsform_submissions` (`SubmissionId`, `FormId`, `DateSubmitted`, `UserIp`, `Username`, `UserId`, `Lang`, `confirmed`) VALUES
(1, 2, '2016-08-05 15:06:16', '179.52.38.97', '', '0', 'es-ES', 1),
(2, 3, '2016-08-17 18:28:59', '148.101.155.108', '', '0', 'es-ES', 1),
(3, 3, '2016-08-17 19:05:31', '148.101.155.108', '', '0', 'es-ES', 1),
(4, 3, '2016-08-17 19:17:53', '148.101.155.108', '', '0', 'es-ES', 1),
(5, 3, '2016-08-17 19:34:20', '148.101.155.108', '', '0', 'es-ES', 1),
(6, 3, '2016-08-25 15:54:28', '179.52.158.114', '', '0', 'es-ES', 1);

-- --------------------------------------------------------

--
-- Table structure for table `i0adu_rsform_submission_columns`
--

CREATE TABLE `i0adu_rsform_submission_columns` (
  `FormId` int NOT NULL,
  `ColumnName` varchar(255) NOT NULL,
  `ColumnStatic` tinyint(1) NOT NULL
) ENGINE=MyISAM DEFAULT CHARSET=utf8mb3;

-- --------------------------------------------------------

--
-- Table structure for table `i0adu_rsform_submission_values`
--

CREATE TABLE `i0adu_rsform_submission_values` (
  `SubmissionValueId` int NOT NULL,
  `FormId` int NOT NULL,
  `SubmissionId` int NOT NULL DEFAULT '0',
  `FieldName` text NOT NULL,
  `FieldValue` text NOT NULL
) ENGINE=MyISAM DEFAULT CHARSET=utf8mb3;

--
-- Dumping data for table `i0adu_rsform_submission_values`
--

INSERT INTO `i0adu_rsform_submission_values` (`SubmissionValueId`, `FormId`, `SubmissionId`, `FieldName`, `FieldValue`) VALUES
(1, 2, 1, 'FullName', 'Hector'),
(2, 2, 1, 'Email', 'hortiz@tangerine.com.do'),
(3, 2, 1, 'CompanySize', '21-50'),
(4, 2, 1, 'Position', 'CEO'),
(5, 2, 1, 'ContactBy', 'E-mail\nNewsletter\nMail'),
(6, 2, 1, 'ContactWhen', '05.08.2016'),
(7, 2, 1, 'Submit', 'Submit'),
(8, 2, 1, 'formId', '2'),
(9, 3, 2, 'Envio de CV', '/home/bluemall/public_html/components/com_rsform/uploads/jpg\r\npng\r\ndocx\r\npdfcirculo-elite-completo.png'),
(10, 3, 2, 'Name', 'Hector Ortiz'),
(11, 3, 2, 'Email', 'hortiz@tangerine.com.do'),
(12, 3, 2, 'telefonos', '809-9244256'),
(13, 3, 2, 'Nivel Academico', 'Licenciatura'),
(14, 3, 2, 'Idioma', 'Frances'),
(15, 3, 2, 'Nivel Idioma', 'Escritura (%)\nLectura (%)'),
(16, 3, 2, 'Ciudad para la que aplica', 'Santo Domingo'),
(17, 3, 2, 'Area o Departamento', 'Publicidad'),
(18, 3, 2, 'Send', 'Send'),
(19, 3, 2, 'formId', '3'),
(20, 3, 3, 'Envio de CV', '/home/bluemall/public_html/components/com_rsform/uploads/jpg\r\npng\r\ndocx\r\npdfcirculo-elite-completo.png'),
(21, 3, 3, 'Name', 'Hector Ortiz'),
(22, 3, 3, 'Email', 'hortiz@tangerine.com.do'),
(23, 3, 3, 'telefonos', '809-9244256'),
(24, 3, 3, 'Nivel Academico', 'Licenciatura'),
(25, 3, 3, 'Idioma', 'Frances'),
(26, 3, 3, 'Nivel Idioma', 'Escritura (%)\nLectura (%)'),
(27, 3, 3, 'Ciudad para la que aplica', 'Santo Domingo'),
(28, 3, 3, 'Area o Departamento', 'Arquitectura'),
(29, 3, 3, 'Send', 'Enviar'),
(30, 3, 3, 'formId', '3'),
(31, 3, 4, 'Envio de CV', '/home/bluemall/public_html/components/com_rsform/uploads/jpg\r\npng\r\ndocx\r\npdfAmchamdrEd45Low.pdf'),
(32, 3, 4, 'Name', 'Hector Ortiz'),
(33, 3, 4, 'Email', 'hortiz@tangerine.com.do'),
(34, 3, 4, 'telefonos', '809-9244256'),
(35, 3, 4, 'Nivel Academico', 'Bachiller'),
(36, 3, 4, 'Idioma', 'Ingles'),
(37, 3, 4, 'Nivel Idioma', 'Conversación (%)'),
(38, 3, 4, 'Ciudad para la que aplica', 'Santo Domingo'),
(39, 3, 4, 'Area o Departamento', 'Administración'),
(40, 3, 4, 'Send', 'Enviar'),
(41, 3, 4, 'formId', '3'),
(42, 3, 5, 'Envio de CV', '/home/bluemall/public_html/components/com_rsform/uploads/jpg\r\npng\r\ndocx\r\npdfaspnetmvc6-unaguaintroductoria-sample.pdf'),
(43, 3, 5, 'Name', 'Hector Ortiz'),
(44, 3, 5, 'Email', 'hortiz@tangerine.com.do'),
(45, 3, 5, 'telefonos', '809-9244256'),
(46, 3, 5, 'Nivel Academico', 'Bachiller'),
(47, 3, 5, 'Idioma', 'Ingles'),
(48, 3, 5, 'Nivel Idioma', 'Escritura (%)'),
(49, 3, 5, 'Ciudad para la que aplica', 'Santo Domingo'),
(50, 3, 5, 'Area o Departamento', 'Diseño Grafico'),
(51, 3, 5, 'Send', 'Enviar'),
(52, 3, 5, 'formId', '3'),
(53, 3, 6, 'Envio de CV', '/home/bluemall/public_html/components/com_rsform/uploads/jpg\r\npng\r\ndocx\r\npdfPortada CHT 20 tiro y retiro.pdf'),
(54, 3, 6, 'Name', 'Hector Ortiz'),
(55, 3, 6, 'Email', 'hortiz@tangerine.com.do'),
(56, 3, 6, 'telefonos', '9787645884'),
(57, 3, 6, 'telefonos2', '9787645884'),
(58, 3, 6, 'Nivel Academico', 'Licenciatura'),
(59, 3, 6, 'Idioma', 'Ingles'),
(60, 3, 6, 'otroidioma', ''),
(61, 3, 6, 'Nivel Idioma', 'Escritura (%)\nLectura (%)\nConversación (%)'),
(62, 3, 6, 'Ciudad para la que aplica', 'Santo Domingo'),
(63, 3, 6, 'Area o Departamento', 'Ingenieria '),
(64, 3, 6, 'Send', 'Enviar'),
(65, 3, 6, 'formId', '3');

-- --------------------------------------------------------

--
-- Table structure for table `i0adu_rsform_translations`
--

CREATE TABLE `i0adu_rsform_translations` (
  `id` int NOT NULL,
  `form_id` int NOT NULL,
  `lang_code` varchar(32) NOT NULL,
  `reference` varchar(255) NOT NULL,
  `reference_id` varchar(255) NOT NULL,
  `value` text NOT NULL
) ENGINE=MyISAM DEFAULT CHARSET=utf8mb3;

--
-- Dumping data for table `i0adu_rsform_translations`
--

INSERT INTO `i0adu_rsform_translations` (`id`, `form_id`, `lang_code`, `reference`, `reference_id`, `value`) VALUES
(1, 3, 'es-ES', 'forms', 'FormTitle', 'Formulario de Empleo'),
(2, 3, 'es-ES', 'forms', 'UserEmailFromName', 'BlueMall'),
(3, 3, 'es-ES', 'forms', 'UserEmailSubject', 'Gracias por su envío.'),
(4, 3, 'es-ES', 'forms', 'AdminEmailFromName', 'BlueMall'),
(5, 3, 'es-ES', 'forms', 'AdminEmailSubject', 'Nuevo envío de Formulario de Empleo!'),
(6, 3, 'es-ES', 'forms', 'MetaDesc', ''),
(7, 3, 'es-ES', 'forms', 'MetaKeywords', ''),
(8, 3, 'es-ES', 'forms', 'AdminEmailText', '<pre style=\"padding: 8.5px; font-family: Monaco, Menlo, Consolas, \'Courier New\', monospace; font-size: 12px; color: #333333; margin: 0px 0px 9px; line-height: 18px; white-space: pre-wrap; border: 1px solid rgba(0, 0, 0, 0.14902); background-color: #f5f5f5;\">{Name:value}</pre>\r\n<p><br style=\"color: #333333; font-family: \'Helvetica Neue\', Helvetica, Arial, sans-serif; font-size: 13px; line-height: 18px; white-space: nowrap; background-color: #f9f9f9;\" /><strong style=\"color: #333333; font-family: \'Helvetica Neue\', Helvetica, Arial, sans-serif; font-size: 13px; line-height: 18px; white-space: nowrap; background-color: #f9f9f9;\">Email</strong></p>\r\n<pre style=\"padding: 8.5px; font-family: Monaco, Menlo, Consolas, \'Courier New\', monospace; font-size: 12px; color: #333333; margin: 0px 0px 9px; line-height: 18px; white-space: pre-wrap; border: 1px solid rgba(0, 0, 0, 0.14902); background-color: #f5f5f5;\">{Email:value}</pre>\r\n<p><br style=\"color: #333333; font-family: \'Helvetica Neue\', Helvetica, Arial, sans-serif; font-size: 13px; line-height: 18px; white-space: nowrap; background-color: #f9f9f9;\" /><strong style=\"color: #333333; font-family: \'Helvetica Neue\', Helvetica, Arial, sans-serif; font-size: 13px; line-height: 18px; white-space: nowrap; background-color: #f9f9f9;\">telefonos</strong></p>\r\n<pre style=\"padding: 8.5px; font-family: Monaco, Menlo, Consolas, \'Courier New\', monospace; font-size: 12px; color: #333333; margin: 0px 0px 9px; line-height: 18px; white-space: pre-wrap; border: 1px solid rgba(0, 0, 0, 0.14902); background-color: #f5f5f5;\">{telefonos:value}</pre>\r\n<pre style=\"padding: 8.5px; font-family: Monaco, Menlo, Consolas, \'Courier New\', monospace; font-size: 12px; color: #333333; margin: 0px 0px 9px; line-height: 18px; white-space: pre-wrap; border: 1px solid rgba(0, 0, 0, 0.14902); background-color: #f5f5f5;\">{telefonos2:value}</pre>\r\n<p><br style=\"color: #333333; font-family: \'Helvetica Neue\', Helvetica, Arial, sans-serif; font-size: 13px; line-height: 18px; white-space: nowrap; background-color: #f9f9f9;\" /><strong style=\"color: #333333; font-family: \'Helvetica Neue\', Helvetica, Arial, sans-serif; font-size: 13px; line-height: 18px; white-space: nowrap; background-color: #f9f9f9;\">Nivel Academico</strong></p>\r\n<pre style=\"padding: 8.5px; font-family: Monaco, Menlo, Consolas, \'Courier New\', monospace; font-size: 12px; color: #333333; margin: 0px 0px 9px; line-height: 18px; white-space: pre-wrap; border: 1px solid rgba(0, 0, 0, 0.14902); background-color: #f5f5f5;\">{Nivel Academico:value}</pre>\r\n<p><br style=\"color: #333333; font-family: \'Helvetica Neue\', Helvetica, Arial, sans-serif; font-size: 13px; line-height: 18px; white-space: nowrap; background-color: #f9f9f9;\" /><strong style=\"color: #333333; font-family: \'Helvetica Neue\', Helvetica, Arial, sans-serif; font-size: 13px; line-height: 18px; white-space: nowrap; background-color: #f9f9f9;\">Idioma</strong></p>\r\n<pre style=\"padding: 8.5px; font-family: Monaco, Menlo, Consolas, \'Courier New\', monospace; font-size: 12px; color: #333333; margin: 0px 0px 9px; line-height: 18px; white-space: pre-wrap; border: 1px solid rgba(0, 0, 0, 0.14902); background-color: #f5f5f5;\">{Idioma:value}</pre>\r\n<pre style=\"padding: 8.5px; font-family: Monaco, Menlo, Consolas, \'Courier New\', monospace; font-size: 12px; color: #333333; margin: 0px 0px 9px; line-height: 18px; white-space: pre-wrap; border: 1px solid rgba(0, 0, 0, 0.14902); background-color: #f5f5f5;\">{otroidioma:caption}{otroidioma:value}</pre>\r\n<p><br style=\"color: #333333; font-family: \'Helvetica Neue\', Helvetica, Arial, sans-serif; font-size: 13px; line-height: 18px; white-space: nowrap; background-color: #f9f9f9;\" /><strong style=\"color: #333333; font-family: \'Helvetica Neue\', Helvetica, Arial, sans-serif; font-size: 13px; line-height: 18px; white-space: nowrap; background-color: #f9f9f9;\">Nivel Idioma</strong></p>\r\n<pre style=\"padding: 8.5px; font-family: Monaco, Menlo, Consolas, \'Courier New\', monospace; font-size: 12px; color: #333333; margin: 0px 0px 9px; line-height: 18px; white-space: pre-wrap; border: 1px solid rgba(0, 0, 0, 0.14902); background-color: #f5f5f5;\">{Nivel Idioma:value}</pre>\r\n<p><br style=\"color: #333333; font-family: \'Helvetica Neue\', Helvetica, Arial, sans-serif; font-size: 13px; line-height: 18px; white-space: nowrap; background-color: #f9f9f9;\" /><strong style=\"color: #333333; font-family: \'Helvetica Neue\', Helvetica, Arial, sans-serif; font-size: 13px; line-height: 18px; white-space: nowrap; background-color: #f9f9f9;\">Ciudad para la que aplica</strong></p>\r\n<pre style=\"padding: 8.5px; font-family: Monaco, Menlo, Consolas, \'Courier New\', monospace; font-size: 12px; color: #333333; margin: 0px 0px 9px; line-height: 18px; white-space: pre-wrap; border: 1px solid rgba(0, 0, 0, 0.14902); background-color: #f5f5f5;\">{Ciudad para la que aplica:value}</pre>\r\n<p><br style=\"color: #333333; font-family: \'Helvetica Neue\', Helvetica, Arial, sans-serif; font-size: 13px; line-height: 18px; white-space: nowrap; background-color: #f9f9f9;\" /><strong style=\"color: #333333; font-family: \'Helvetica Neue\', Helvetica, Arial, sans-serif; font-size: 13px; line-height: 18px; white-space: nowrap; background-color: #f9f9f9;\">Area o Departamento</strong></p>\r\n<pre style=\"padding: 8.5px; font-family: Monaco, Menlo, Consolas, \'Courier New\', monospace; font-size: 12px; color: #333333; margin: 0px 0px 9px; line-height: 18px; white-space: pre-wrap; border: 1px solid rgba(0, 0, 0, 0.14902); background-color: #f5f5f5;\">{Area o Departamento:value}</pre>\r\n<p><br style=\"color: #333333; font-family: \'Helvetica Neue\', Helvetica, Arial, sans-serif; font-size: 13px; line-height: 18px; white-space: nowrap; background-color: #f9f9f9;\" /><strong style=\"color: #333333; font-family: \'Helvetica Neue\', Helvetica, Arial, sans-serif; font-size: 13px; line-height: 18px; white-space: nowrap; background-color: #f9f9f9;\">Envio de CV</strong></p>\r\n<pre style=\"padding: 8.5px; font-family: Monaco, Menlo, Consolas, \'Courier New\', monospace; font-size: 12px; color: #333333; margin: 0px 0px 9px; line-height: 18px; white-space: pre-wrap; border: 1px solid rgba(0, 0, 0, 0.14902); background-color: #f5f5f5;\">{Envio de CV:value}</pre>');

-- --------------------------------------------------------

--
-- Table structure for table `i0adu_schemas`
--

CREATE TABLE `i0adu_schemas` (
  `extension_id` int NOT NULL,
  `version_id` varchar(20) COLLATE utf8mb4_unicode_ci NOT NULL
) ENGINE=InnoDB DEFAULT CHARSET=utf8mb4 COLLATE=utf8mb4_unicode_ci;

--
-- Dumping data for table `i0adu_schemas`
--

INSERT INTO `i0adu_schemas` (`extension_id`, `version_id`) VALUES
(700, '3.6.3-2016-08-16');

-- --------------------------------------------------------

--
-- Table structure for table `i0adu_tags`
--

CREATE TABLE `i0adu_tags` (
  `id` int UNSIGNED NOT NULL,
  `parent_id` int UNSIGNED NOT NULL DEFAULT '0',
  `lft` int NOT NULL DEFAULT '0',
  `rgt` int NOT NULL DEFAULT '0',
  `level` int UNSIGNED NOT NULL DEFAULT '0',
  `path` varchar(400) COLLATE utf8mb4_unicode_ci NOT NULL DEFAULT '',
  `title` varchar(255) COLLATE utf8mb4_unicode_ci NOT NULL,
  `alias` varchar(400) CHARACTER SET utf8mb4 COLLATE utf8mb4_bin NOT NULL DEFAULT '',
  `note` varchar(255) COLLATE utf8mb4_unicode_ci NOT NULL DEFAULT '',
  `description` longtext COLLATE utf8mb4_unicode_ci NOT NULL,
  `published` tinyint(1) NOT NULL DEFAULT '0',
  `checked_out` int UNSIGNED NOT NULL DEFAULT '0',
  `checked_out_time` datetime NOT NULL DEFAULT '0000-00-00 00:00:00',
  `access` int UNSIGNED NOT NULL DEFAULT '0',
  `params` mediumtext COLLATE utf8mb4_unicode_ci NOT NULL,
  `metadesc` varchar(1024) COLLATE utf8mb4_unicode_ci NOT NULL COMMENT 'The meta description for the page.',
  `metakey` varchar(1024) COLLATE utf8mb4_unicode_ci NOT NULL COMMENT 'The meta keywords for the page.',
  `metadata` varchar(2048) COLLATE utf8mb4_unicode_ci NOT NULL COMMENT 'JSON encoded metadata properties.',
  `created_user_id` int UNSIGNED NOT NULL DEFAULT '0',
  `created_time` datetime NOT NULL DEFAULT '0000-00-00 00:00:00',
  `created_by_alias` varchar(255) COLLATE utf8mb4_unicode_ci NOT NULL DEFAULT '',
  `modified_user_id` int UNSIGNED NOT NULL DEFAULT '0',
  `modified_time` datetime NOT NULL DEFAULT '0000-00-00 00:00:00',
  `images` mediumtext COLLATE utf8mb4_unicode_ci NOT NULL,
  `urls` mediumtext COLLATE utf8mb4_unicode_ci NOT NULL,
  `hits` int UNSIGNED NOT NULL DEFAULT '0',
  `language` char(7) COLLATE utf8mb4_unicode_ci NOT NULL,
  `version` int UNSIGNED NOT NULL DEFAULT '1',
  `publish_up` datetime NOT NULL DEFAULT '0000-00-00 00:00:00',
  `publish_down` datetime NOT NULL DEFAULT '0000-00-00 00:00:00'
) ENGINE=InnoDB DEFAULT CHARSET=utf8mb4 COLLATE=utf8mb4_unicode_ci;

--
-- Dumping data for table `i0adu_tags`
--

INSERT INTO `i0adu_tags` (`id`, `parent_id`, `lft`, `rgt`, `level`, `path`, `title`, `alias`, `note`, `description`, `published`, `checked_out`, `checked_out_time`, `access`, `params`, `metadesc`, `metakey`, `metadata`, `created_user_id`, `created_time`, `created_by_alias`, `modified_user_id`, `modified_time`, `images`, `urls`, `hits`, `language`, `version`, `publish_up`, `publish_down`) VALUES
(1, 0, 0, 1, 0, '', 'ROOT', 'root', '', '', 1, 0, '0000-00-00 00:00:00', 1, '{}', '', '', '', 0, '2011-01-01 00:00:01', '', 0, '0000-00-00 00:00:00', '', '', 0, '*', 1, '0000-00-00 00:00:00', '0000-00-00 00:00:00');

-- --------------------------------------------------------

--
-- Table structure for table `i0adu_template_styles`
--

CREATE TABLE `i0adu_template_styles` (
  `id` int UNSIGNED NOT NULL,
  `template` varchar(50) COLLATE utf8mb4_unicode_ci NOT NULL DEFAULT '',
  `client_id` tinyint UNSIGNED NOT NULL DEFAULT '0',
  `home` char(7) COLLATE utf8mb4_unicode_ci NOT NULL DEFAULT '0',
  `title` varchar(255) COLLATE utf8mb4_unicode_ci NOT NULL DEFAULT '',
  `params` mediumtext COLLATE utf8mb4_unicode_ci NOT NULL
) ENGINE=InnoDB DEFAULT CHARSET=utf8mb4 COLLATE=utf8mb4_unicode_ci;

--
-- Dumping data for table `i0adu_template_styles`
--

INSERT INTO `i0adu_template_styles` (`id`, `template`, `client_id`, `home`, `title`, `params`) VALUES
(4, 'beez3', 0, '0', 'Beez3 - Default', '{\"wrapperSmall\":\"53\",\"wrapperLarge\":\"72\",\"logo\":\"images\\/joomla_black.gif\",\"sitetitle\":\"Joomla!\",\"sitedescription\":\"Open Source Content Management\",\"navposition\":\"left\",\"templatecolor\":\"personal\",\"html5\":\"0\"}'),
(5, 'hathor', 1, '0', 'Hathor - Default', '{\"showSiteName\":\"0\",\"colourChoice\":\"\",\"boldText\":\"0\"}'),
(7, 'protostar', 0, '0', 'protostar - Default', '{\"templateColor\":\"\",\"logoFile\":\"\",\"googleFont\":\"1\",\"googleFontName\":\"Open+Sans\",\"fluidContainer\":\"0\"}'),
(8, 'isis', 1, '1', 'isis - Default', '{\"templateColor\":\"\",\"logoFile\":\"\"}'),
(13, 'insightfx', 0, '1', 'Blue Mall ', '{\"master\":\"true\",\"current_id\":\"13\",\"template_full_name\":\"Gantry\",\"grid_system\":\"12\",\"template_prefix\":\"gantry-\",\"cookie_time\":\"31536000\",\"override_set\":\"2.5\",\"name\":\"Preset1\",\"copy_lang_files_if_diff\":\"1\",\"logo\":{\"enabled\":\"1\",\"position\":\"header-a\",\"type\":\"custom\",\"custom\":{\"image\":\"{\'path\':\'images\\/logoh2.png\'}\"}},\"headerstyle\":\"light\",\"linkcolor\":\"#3a7db9\",\"font\":{\"family\":\"s:helvetica\",\"size\":\"default\",\"size-is\":\"default\"},\"viewswitcher-priority\":\"1\",\"logo-priority\":\"2\",\"copyright-priority\":\"3\",\"styledeclaration-priority\":\"4\",\"fontsizer-priority\":\"5\",\"date-priority\":\"7\",\"totop-priority\":\"8\",\"systemmessages-priority\":\"9\",\"morearticles-priority\":\"12\",\"smartload-priority\":\"13\",\"pagesuffix-priority\":\"14\",\"resetsettings-priority\":\"15\",\"analytics-priority\":\"16\",\"dropdownmenu-priority\":\"18\",\"jstools-priority\":\"21\",\"moduleoverlays-priority\":\"22\",\"rtl-priority\":\"23\",\"splitmenu-priority\":\"24\",\"webfonts-priority\":\"27\",\"styledeclaration-enabled\":\"1\",\"date\":{\"enabled\":\"0\",\"position\":\"top-d\",\"clientside\":\"0\",\"formats\":\"%A, %B %d, %Y\"},\"fontsizer\":{\"enabled\":\"0\",\"position\":\"feature-b\"},\"branding\":{\"enabled\":\"0\",\"position\":\"copyright-a\"},\"copyright\":{\"enabled\":\"1\",\"position\":\"copyright-a\",\"text\":\"<span class=\'copyright\'>© Bluemall.com.do Designed by <a href=\\\"http:\\/\\/tangerine.com.do\\/\\\"  target=\\\"_blank\\\">Tangerine<\\/a><\\/span>\",\"layout\":\"3,3,3,3\",\"showall\":\"0\",\"showmax\":\"6\"},\"totop\":{\"enabled\":\"0\",\"position\":\"copyright-b\",\"text\":\"Back to Top\"},\"systemmessages\":{\"enabled\":\"1\",\"position\":\"drawer\"},\"resetsettings\":{\"enabled\":\"0\",\"position\":\"copyright-d\",\"text\":\"Reset Settings\"},\"analytics\":{\"enabled\":\"1\",\"code\":\"UA-65957976-1\",\"position\":\"analytics\"},\"menu\":{\"enabled\":\"1\",\"type\":\"dropdownmenu\",\"dropdownmenu\":{\"theme\":\"gantry-dropdown\",\"limit_levels\":\"0\",\"startLevel\":\"0\",\"showAllChildren\":\"1\",\"class_sfx\":\"top\",\"cache\":\"0\",\"menutype\":\"mainmenu\",\"position\":\"header-b\",\"responsive-menu\":\"panel\",\"enable-current-id\":\"0\",\"module_cache\":\"1\"},\"splitmenu\":{\"mainmenu-limit_levels\":\"1\",\"mainmenu-startLevel\":\"0\",\"mainmenu-endLevel\":\"0\",\"mainmenu-class_sfx\":\"top\",\"submenu-limit_levels\":\"1\",\"submenu-startLevel\":\"1\",\"submenu-endLevel\":\"9\",\"cache\":\"0\",\"menutype\":\"mainmenu\",\"theme\":\"gantry-splitmenu\",\"mainmenu-position\":\"header-b\",\"submenu-position\":\"sidebar-a\",\"submenu-title\":\"1\",\"submenu-class_sfx\":\"\",\"submenu-module_sfx\":\"\",\"responsive-menu\":\"panel\",\"roknavmenu_dropdown_enable-current-id\":\"0\",\"module_cache\":\"1\"}},\"top\":{\"layout\":\"3,3,3,3\",\"showall\":\"0\",\"showmax\":\"6\"},\"header\":{\"layout\":\"a:1:{i:12;a:1:{i:2;a:2:{i:0;i:3;i:1;i:9;}}}\",\"showall\":\"0\",\"showmax\":\"6\"},\"showcase\":{\"layout\":\"3,3,3,3\",\"showall\":\"0\",\"showmax\":\"6\"},\"feature\":{\"layout\":\"3,3,3,3\",\"showall\":\"0\",\"showmax\":\"6\"},\"utility\":{\"layout\":\"3,3,3,3\",\"showall\":\"0\",\"showmax\":\"6\"},\"breadcrumb\":{\"layout\":\"a:1:{i:12;a:2:{i:2;a:2:{i:0;i:3;i:1;i:9;}i:4;a:4:{i:0;i:3;i:1;i:3;i:2;i:3;i:3;i:3;}}}\",\"showall\":\"0\",\"showmax\":\"6\"},\"maintop\":{\"layout\":\"a:1:{i:12;a:2:{i:1;a:1:{i:0;i:12;}i:2;a:2:{i:0;i:8;i:1;i:4;}}}\",\"showall\":\"0\",\"showmax\":\"6\"},\"mainbodyPosition\":\"a:1:{i:12;a:1:{i:2;a:2:{s:2:\\\"mb\\\";i:8;s:2:\\\"sa\\\";i:4;}}}\",\"mainbottom\":{\"layout\":\"a:1:{i:12;a:2:{i:1;a:1:{i:0;i:12;}i:2;a:2:{i:0;i:8;i:1;i:4;}}}\",\"showall\":\"0\",\"showmax\":\"6\"},\"extension\":{\"layout\":\"3,3,3,3\",\"showall\":\"0\",\"showmax\":\"6\"},\"prebottom\":{\"layout\":\"3,3,3,3\",\"showall\":\"0\",\"showmax\":\"6\"},\"bottom\":{\"layout\":\"3,3,3,3\",\"showall\":\"0\",\"showmax\":\"6\"},\"footer\":{\"layout\":\"3,3,3,3\",\"showall\":\"0\",\"showmax\":\"6\"},\"layout-mode\":\"responsive\",\"loadtransition\":\"1\",\"component-enabled\":\"0\",\"mainbody-enabled\":\"0\",\"rtl-enabled\":\"1\",\"pagesuffix-enabled\":\"0\",\"selectivizr-enabled\":\"1\",\"less\":{\"compression\":\"0\",\"compilewait\":\"2\",\"debugheader\":\"0\"},\"isis-dropdowns\":\"0\"}');

-- --------------------------------------------------------

--
-- Table structure for table `i0adu_ucm_base`
--

CREATE TABLE `i0adu_ucm_base` (
  `ucm_id` int UNSIGNED NOT NULL,
  `ucm_item_id` int NOT NULL,
  `ucm_type_id` int NOT NULL,
  `ucm_language_id` int NOT NULL
) ENGINE=InnoDB DEFAULT CHARSET=utf8mb4 COLLATE=utf8mb4_unicode_ci;

-- --------------------------------------------------------

--
-- Table structure for table `i0adu_ucm_content`
--

CREATE TABLE `i0adu_ucm_content` (
  `core_content_id` int UNSIGNED NOT NULL,
  `core_type_alias` varchar(400) COLLATE utf8mb4_unicode_ci NOT NULL DEFAULT '' COMMENT 'FK to the content types table',
  `core_title` varchar(400) COLLATE utf8mb4_unicode_ci NOT NULL,
  `core_alias` varchar(400) CHARACTER SET utf8mb4 COLLATE utf8mb4_bin NOT NULL DEFAULT '',
  `core_body` longtext COLLATE utf8mb4_unicode_ci NOT NULL,
  `core_state` tinyint(1) NOT NULL DEFAULT '0',
  `core_checked_out_time` varchar(255) COLLATE utf8mb4_unicode_ci NOT NULL DEFAULT '',
  `core_checked_out_user_id` int UNSIGNED NOT NULL DEFAULT '0',
  `core_access` int UNSIGNED NOT NULL DEFAULT '0',
  `core_params` mediumtext COLLATE utf8mb4_unicode_ci NOT NULL,
  `core_featured` tinyint UNSIGNED NOT NULL DEFAULT '0',
  `core_metadata` varchar(2048) COLLATE utf8mb4_unicode_ci NOT NULL COMMENT 'JSON encoded metadata properties.',
  `core_created_user_id` int UNSIGNED NOT NULL DEFAULT '0',
  `core_created_by_alias` varchar(255) COLLATE utf8mb4_unicode_ci NOT NULL DEFAULT '',
  `core_created_time` datetime NOT NULL DEFAULT '0000-00-00 00:00:00',
  `core_modified_user_id` int UNSIGNED NOT NULL DEFAULT '0' COMMENT 'Most recent user that modified',
  `core_modified_time` datetime NOT NULL DEFAULT '0000-00-00 00:00:00',
  `core_language` char(7) COLLATE utf8mb4_unicode_ci NOT NULL,
  `core_publish_up` datetime NOT NULL,
  `core_publish_down` datetime NOT NULL,
  `core_content_item_id` int UNSIGNED DEFAULT NULL COMMENT 'ID from the individual type table',
  `asset_id` int UNSIGNED DEFAULT NULL COMMENT 'FK to the #__assets table.',
  `core_images` mediumtext COLLATE utf8mb4_unicode_ci NOT NULL,
  `core_urls` mediumtext COLLATE utf8mb4_unicode_ci NOT NULL,
  `core_hits` int UNSIGNED NOT NULL DEFAULT '0',
  `core_version` int UNSIGNED NOT NULL DEFAULT '1',
  `core_ordering` int NOT NULL DEFAULT '0',
  `core_metakey` mediumtext COLLATE utf8mb4_unicode_ci NOT NULL,
  `core_metadesc` mediumtext COLLATE utf8mb4_unicode_ci NOT NULL,
  `core_catid` int UNSIGNED NOT NULL DEFAULT '0',
  `core_xreference` varchar(50) COLLATE utf8mb4_unicode_ci NOT NULL COMMENT 'A reference to enable linkages to external data sets.',
  `core_type_id` int UNSIGNED DEFAULT NULL
) ENGINE=InnoDB DEFAULT CHARSET=utf8mb4 COLLATE=utf8mb4_unicode_ci COMMENT='Contains core content data in name spaced fields';

-- --------------------------------------------------------

--
-- Table structure for table `i0adu_ucm_history`
--

CREATE TABLE `i0adu_ucm_history` (
  `version_id` int UNSIGNED NOT NULL,
  `ucm_item_id` int UNSIGNED NOT NULL,
  `ucm_type_id` int UNSIGNED NOT NULL,
  `version_note` varchar(255) COLLATE utf8mb4_unicode_ci NOT NULL DEFAULT '' COMMENT 'Optional version name',
  `save_date` datetime NOT NULL DEFAULT '0000-00-00 00:00:00',
  `editor_user_id` int UNSIGNED NOT NULL DEFAULT '0',
  `character_count` int UNSIGNED NOT NULL DEFAULT '0' COMMENT 'Number of characters in this version.',
  `sha1_hash` varchar(50) COLLATE utf8mb4_unicode_ci NOT NULL DEFAULT '' COMMENT 'SHA1 hash of the version_data column.',
  `version_data` longtext COLLATE utf8mb4_unicode_ci NOT NULL COMMENT 'json-encoded string of version data',
  `keep_forever` tinyint NOT NULL DEFAULT '0' COMMENT '0=auto delete; 1=keep'
) ENGINE=InnoDB DEFAULT CHARSET=utf8mb4 COLLATE=utf8mb4_unicode_ci;

-- --------------------------------------------------------

--
-- Table structure for table `i0adu_uniterevolution_sliders`
--

CREATE TABLE `i0adu_uniterevolution_sliders` (
  `id` int UNSIGNED NOT NULL,
  `title` varchar(255) NOT NULL,
  `alias` varchar(255) NOT NULL DEFAULT '',
  `published` tinyint(1) NOT NULL DEFAULT '0',
  `ordering` int NOT NULL DEFAULT '0',
  `params` text NOT NULL
) ENGINE=MyISAM DEFAULT CHARSET=utf8mb3;

--
-- Dumping data for table `i0adu_uniterevolution_sliders`
--

INSERT INTO `i0adu_uniterevolution_sliders` (`id`, `title`, `alias`, `published`, `ordering`, `params`) VALUES
(1, 'Slider (FullScreen)', '', 1, 0, '{\"slider_type\":\"fullwidth\",\"slider_width\":\"1030\",\"slider_height\":\"500\",\"responsitive_w1\":\"940\",\"responsitive_sw1\":\"770\",\"responsitive_w2\":\"780\",\"responsitive_sw2\":\"500\",\"responsitive_w3\":\"510\",\"responsitive_sw3\":\"310\",\"responsitive_w4\":\"\",\"responsitive_sw4\":\"\",\"responsitive_w5\":\"\",\"responsitive_sw5\":\"\",\"responsitive_w6\":\"\",\"responsitive_sw6\":\"\",\"delay\":\"10000\",\"touchenabled\":\"on\",\"stop_on_hover\":\"on\",\"shuffle\":\"off\",\"php_resize\":\"off\",\"load_googlefont\":\"false\",\"google_font\":\"PT+Sans+Narrow:400,700\",\"stop_slider\":\"off\",\"stop_after_loops\":\"0\",\"stop_at_slide\":\"2\",\"position\":\"center\",\"margin_top\":\"0\",\"margin_bottom\":\"0\",\"margin_left\":\"0\",\"margin_right\":\"0\",\"clear_both\":\"false\",\"shadow_type\":\"0\",\"show_timerbar\":\"false\",\"timebar_position\":\"top\",\"background_color\":\"#E9E9E9\",\"padding\":\"0\",\"show_background_image\":\"false\",\"background_image\":\"\",\"navigaion_type\":\"none\",\"navigation_arrows\":\"verticalcentered\",\"navigation_style\":\"round\",\"navigaion_align_hor\":\"center\",\"navigaion_align_vert\":\"bottom\",\"navigaion_offset_hor\":\"0\",\"navigaion_offset_vert\":\"20\",\"navigaion_always_on\":\"false\",\"hide_thumbs\":\"200\",\"thumb_width\":\"100\",\"thumb_height\":\"50\",\"thumb_amount\":\"5\",\"hide_slider_under\":\"0\",\"hide_defined_layers_under\":\"0\",\"hide_all_layers_under\":\"0\"}'),
(2, 'Slider', '', 1, 0, '{\"slider_type\":\"fullwidth\",\"slider_width\":\"1030\",\"slider_height\":\"450\",\"responsitive_w1\":\"940\",\"responsitive_sw1\":\"770\",\"responsitive_w2\":\"780\",\"responsitive_sw2\":\"500\",\"responsitive_w3\":\"510\",\"responsitive_sw3\":\"310\",\"responsitive_w4\":\"\",\"responsitive_sw4\":\"\",\"responsitive_w5\":\"\",\"responsitive_sw5\":\"\",\"responsitive_w6\":\"\",\"responsitive_sw6\":\"\",\"delay\":\"10000\",\"touchenabled\":\"on\",\"stop_on_hover\":\"on\",\"shuffle\":\"off\",\"php_resize\":\"off\",\"load_googlefont\":\"false\",\"google_font\":\"PT+Sans+Narrow:400,700\",\"stop_slider\":\"off\",\"stop_after_loops\":\"0\",\"stop_at_slide\":\"2\",\"position\":\"center\",\"margin_top\":\"0\",\"margin_bottom\":\"0\",\"margin_left\":\"0\",\"margin_right\":\"0\",\"clear_both\":\"false\",\"shadow_type\":\"0\",\"show_timerbar\":\"false\",\"timebar_position\":\"top\",\"background_color\":\"#E9E9E9\",\"padding\":\"0\",\"show_background_image\":\"false\",\"background_image\":\"\",\"navigaion_type\":\"none\",\"navigation_arrows\":\"verticalcentered\",\"navigation_style\":\"round\",\"navigaion_align_hor\":\"center\",\"navigaion_align_vert\":\"bottom\",\"navigaion_offset_hor\":\"0\",\"navigaion_offset_vert\":\"20\",\"navigaion_always_on\":\"false\",\"hide_thumbs\":\"200\",\"thumb_width\":\"100\",\"thumb_height\":\"50\",\"thumb_amount\":\"5\",\"hide_slider_under\":\"0\",\"hide_defined_layers_under\":\"0\",\"hide_all_layers_under\":\"0\"}');

-- --------------------------------------------------------

--
-- Table structure for table `i0adu_uniterevolution_slides`
--

CREATE TABLE `i0adu_uniterevolution_slides` (
  `id` int UNSIGNED NOT NULL,
  `catid` int UNSIGNED NOT NULL DEFAULT '0',
  `sliderid` int UNSIGNED NOT NULL DEFAULT '0',
  `title` varchar(255) NOT NULL,
  `alias` varchar(255) NOT NULL DEFAULT '',
  `image` varchar(255) NOT NULL,
  `description` text NOT NULL,
  `published` tinyint(1) NOT NULL DEFAULT '0',
  `checked_out` int UNSIGNED NOT NULL DEFAULT '0',
  `checked_out_time` datetime NOT NULL DEFAULT '0000-00-00 00:00:00',
  `ordering` int NOT NULL DEFAULT '0',
  `params` text NOT NULL,
  `layers` text NOT NULL
) ENGINE=MyISAM DEFAULT CHARSET=utf8mb3;

--
-- Dumping data for table `i0adu_uniterevolution_slides`
--

INSERT INTO `i0adu_uniterevolution_slides` (`id`, `catid`, `sliderid`, `title`, `alias`, `image`, `description`, `published`, `checked_out`, `checked_out_time`, `ordering`, `params`, `layers`) VALUES
(1, 0, 1, 'Slide', '', 'images/office_wide.png', '', 1, 0, '0000-00-00 00:00:00', 1, '{\"title\":\"Slide\",\"published\":\"1\",\"slide_transition\":\"random\",\"slot_amount\":\"7\",\"transition_rotation\":\"0\",\"transition_duration\":\"300\",\"delay\":\"\",\"enable_link\":\"false\",\"link_type\":\"regular\",\"link\":\"\",\"link_open_in\":\"same\",\"slide_link\":\"nothing\",\"link_pos\":\"front\",\"enable_video\":\"false\",\"video_id\":\"\",\"video_autoplay\":\"false\",\"video_autoplay-input\":\"false\",\"slide_thumb\":\"\",\"image\":\"images\\/office_wide.png\"}', '[{\"text\":\"InsightFX - Nice, Clean, Poweful!\",\"type\":\"text\",\"order\":\"1\",\"left\":\"0\",\"top\":\"371\",\"animation\":\"lfl\",\"easing\":\"easeOutBack\",\"speed\":\"300\",\"hiddenunder\":\"false\",\"link\":\"\",\"link_open_in\":\"same\",\"link_slide\":\"nothing\",\"video_autoplay\":\"false\",\"style\":\"insightfx_dark\",\"time\":\"900\",\"endtime\":\"\",\"endspeed\":\"300\",\"endanimation\":\"auto\",\"endeasing\":\"nothing\",\"serial\":\"0\",\"endTimeFinal\":\"9700\",\"endSpeedFinal\":\"300\",\"realEndTime\":\"10000\",\"timeLast\":\"9100\"},{\"text\":\"A Stylish Multipurpose Joomla Template!\",\"type\":\"text\",\"order\":\"2\",\"left\":\"0\",\"top\":\"405\",\"animation\":\"lfl\",\"easing\":\"easeOutBack\",\"speed\":\"500\",\"hiddenunder\":\"false\",\"link\":\"\",\"link_open_in\":\"same\",\"link_slide\":\"nothing\",\"video_autoplay\":\"false\",\"style\":\"insightfx_color\",\"time\":\"1400\",\"endtime\":\"\",\"endspeed\":\"300\",\"endanimation\":\"auto\",\"endeasing\":\"nothing\",\"serial\":\"1\",\"endTimeFinal\":\"9500\",\"endSpeedFinal\":\"300\",\"realEndTime\":\"10000\",\"timeLast\":\"8600\"}]'),
(2, 0, 1, 'Slide', '', 'images/office6_wide.png', '', 1, 0, '0000-00-00 00:00:00', 2, '{\"title\":\"Slide\",\"published\":\"1\",\"slide_transition\":\"random\",\"slot_amount\":\"7\",\"transition_rotation\":\"0\",\"transition_duration\":\"300\",\"delay\":\"\",\"enable_link\":\"false\",\"link_type\":\"regular\",\"link\":\"\",\"link_open_in\":\"same\",\"slide_link\":\"nothing\",\"link_pos\":\"front\",\"enable_video\":\"false\",\"video_id\":\"\",\"video_autoplay\":\"false\",\"video_autoplay-input\":\"false\",\"slide_thumb\":\"\",\"image\":\"images\\/office6_wide.png\"}', '[{\"text\":\"Ultra Responsive\",\"type\":\"text\",\"order\":\"1\",\"left\":\"765\",\"top\":\"371\",\"animation\":\"lfr\",\"easing\":\"easeOutBack\",\"speed\":\"500\",\"hiddenunder\":\"false\",\"link\":\"\",\"link_open_in\":\"same\",\"link_slide\":\"nothing\",\"video_autoplay\":\"false\",\"style\":\"insightfx_light\",\"time\":\"900\",\"endtime\":\"\",\"endspeed\":\"300\",\"endanimation\":\"auto\",\"endeasing\":\"nothing\",\"serial\":\"0\",\"endTimeFinal\":\"9500\",\"endSpeedFinal\":\"300\",\"realEndTime\":\"10000\",\"timeLast\":\"9100\"},{\"text\":\"HTML5, CSS3, LESS\",\"type\":\"text\",\"order\":\"2\",\"left\":\"765\",\"top\":\"405\",\"animation\":\"lfr\",\"easing\":\"easeOutBack\",\"speed\":\"500\",\"hiddenunder\":\"false\",\"link\":\"\",\"link_open_in\":\"same\",\"link_slide\":\"nothing\",\"video_autoplay\":\"false\",\"style\":\"insightfx_color\",\"time\":\"1400\",\"endtime\":\"\",\"endspeed\":\"300\",\"endanimation\":\"auto\",\"endeasing\":\"nothing\",\"serial\":\"1\",\"endTimeFinal\":\"9500\",\"endSpeedFinal\":\"300\",\"realEndTime\":\"10000\",\"timeLast\":\"8600\"}]'),
(3, 0, 1, 'Slide', '', 'images/office7_wide.png', '', 1, 0, '0000-00-00 00:00:00', 3, '{\"title\":\"Slide\",\"published\":\"1\",\"slide_transition\":\"random\",\"slot_amount\":\"7\",\"transition_rotation\":\"0\",\"transition_duration\":\"300\",\"delay\":\"\",\"enable_link\":\"false\",\"link_type\":\"regular\",\"link\":\"\",\"link_open_in\":\"same\",\"slide_link\":\"nothing\",\"link_pos\":\"front\",\"enable_video\":\"false\",\"video_id\":\"\",\"video_autoplay\":\"false\",\"video_autoplay-input\":\"false\",\"slide_thumb\":\"\",\"image\":\"images\\/office7_wide.png\"}', '[{\"text\":\"Dark and Light Versions\\n<p>Lorem ipsum dolor sit amet, conse adipiscing elit.<br \\/> \\nPrae eget massatar vitae dolor corper non sit tortor.<\\/p>\\n<a class=\\\"btn btn-primary\\\">Read More...<\\/a>\",\"type\":\"text\",\"order\":\"3\",\"left\":\"634\",\"top\":\"295\",\"animation\":\"lft\",\"easing\":\"easeOutBack\",\"speed\":\"500\",\"hiddenunder\":\"false\",\"link\":\"\",\"link_open_in\":\"same\",\"link_slide\":\"nothing\",\"video_autoplay\":\"false\",\"style\":\"insightfx_light_box\",\"time\":\"900\",\"endtime\":\"\",\"endspeed\":\"300\",\"endanimation\":\"auto\",\"endeasing\":\"nothing\",\"serial\":\"0\",\"endTimeFinal\":\"9500\",\"endSpeedFinal\":\"300\",\"realEndTime\":\"10000\",\"timeLast\":\"9100\"}]'),
(4, 0, 1, 'Slide', '', 'images/office10_wide.png', '', 1, 0, '0000-00-00 00:00:00', 4, '{\"title\":\"Slide\",\"published\":\"1\",\"slide_transition\":\"random\",\"slot_amount\":\"7\",\"transition_rotation\":\"0\",\"transition_duration\":\"300\",\"delay\":\"\",\"enable_link\":\"false\",\"link_type\":\"regular\",\"link\":\"\",\"link_open_in\":\"same\",\"slide_link\":\"nothing\",\"link_pos\":\"front\",\"enable_video\":\"false\",\"video_id\":\"\",\"video_autoplay\":\"false\",\"video_autoplay-input\":\"false\",\"slide_thumb\":\"\",\"image\":\"images\\/office10_wide.png\"}', '[{\"text\":\"Revolution Slider\\n<p>You can have as much layers as you want, <br\\/>define custom styles, etc. The slider can load <br\\/>images, text, video or all at the same time!<\\/p>\\n\",\"type\":\"text\",\"order\":\"0\",\"left\":\"681\",\"top\":\"310\",\"animation\":\"lft\",\"easing\":\"easeOutBack\",\"speed\":\"500\",\"hiddenunder\":\"false\",\"link\":\"\",\"link_open_in\":\"same\",\"link_slide\":\"nothing\",\"video_autoplay\":\"false\",\"style\":\"insightfx_dark_box\",\"time\":\"900\",\"endtime\":\"\",\"endspeed\":\"300\",\"endanimation\":\"auto\",\"endeasing\":\"nothing\",\"serial\":\"0\",\"endTimeFinal\":\"9500\",\"endSpeedFinal\":\"300\",\"realEndTime\":\"10000\",\"timeLast\":\"9100\"}]'),
(5, 0, 2, 'Slide', '', 'images/office_normal.png', '', 1, 0, '0000-00-00 00:00:00', 1, '{\"title\":\"Slide\",\"published\":\"1\",\"slide_transition\":\"random\",\"slot_amount\":\"7\",\"transition_rotation\":\"0\",\"transition_duration\":\"300\",\"delay\":\"\",\"enable_link\":\"false\",\"link_type\":\"regular\",\"link\":\"\",\"link_open_in\":\"same\",\"slide_link\":\"nothing\",\"link_pos\":\"front\",\"enable_video\":\"false\",\"video_id\":\"\",\"video_autoplay\":\"false\",\"video_autoplay-input\":\"false\",\"slide_thumb\":\"\",\"image\":\"images\\/office_normal.png\"}', '[{\"text\":\"InsightFX - Nice, Clean, Poweful!\",\"type\":\"text\",\"order\":\"3\",\"left\":\"55\",\"top\":\"326\",\"animation\":\"lfl\",\"easing\":\"easeOutBack\",\"speed\":\"500\",\"hiddenunder\":\"false\",\"link\":\"\",\"link_open_in\":\"same\",\"link_slide\":\"nothing\",\"video_autoplay\":\"false\",\"style\":\"insightfx_dark\",\"time\":\"900\",\"endtime\":\"\",\"endspeed\":\"300\",\"endanimation\":\"auto\",\"endeasing\":\"nothing\",\"serial\":\"0\",\"endTimeFinal\":\"9500\",\"endSpeedFinal\":\"300\",\"realEndTime\":\"10000\",\"timeLast\":\"9100\"},{\"text\":\"A Stylish Multipurpose Joomla Template!\",\"type\":\"text\",\"order\":\"4\",\"left\":\"55\",\"top\":\"360\",\"animation\":\"lfl\",\"easing\":\"easeOutBack\",\"speed\":\"500\",\"hiddenunder\":\"false\",\"link\":\"\",\"link_open_in\":\"same\",\"link_slide\":\"nothing\",\"video_autoplay\":\"false\",\"style\":\"insightfx_color\",\"time\":\"1400\",\"endtime\":\"\",\"endspeed\":\"300\",\"endanimation\":\"auto\",\"endeasing\":\"nothing\",\"serial\":\"1\",\"endTimeFinal\":\"9500\",\"endSpeedFinal\":\"300\",\"realEndTime\":\"10000\",\"timeLast\":\"8600\"}]'),
(6, 0, 2, 'Slide', '', 'images/office6_normal.png', '', 1, 0, '0000-00-00 00:00:00', 3, '{\"title\":\"Slide\",\"published\":\"1\",\"slide_transition\":\"random\",\"slot_amount\":\"7\",\"transition_rotation\":\"0\",\"transition_duration\":\"300\",\"delay\":\"\",\"enable_link\":\"false\",\"link_type\":\"regular\",\"link\":\"\",\"link_open_in\":\"same\",\"slide_link\":\"nothing\",\"link_pos\":\"front\",\"enable_video\":\"false\",\"video_id\":\"\",\"video_autoplay\":\"false\",\"video_autoplay-input\":\"false\",\"slide_thumb\":\"\",\"image\":\"images\\/office6_normal.png\"}', '[{\"text\":\"Ultra Responsive\",\"type\":\"text\",\"order\":\"1\",\"left\":\"722\",\"top\":\"326\",\"animation\":\"lfr\",\"easing\":\"easeOutBack\",\"speed\":\"500\",\"hiddenunder\":\"false\",\"link\":\"\",\"link_open_in\":\"same\",\"link_slide\":\"nothing\",\"video_autoplay\":\"false\",\"style\":\"insightfx_light\",\"time\":\"900\",\"endtime\":\"\",\"endspeed\":\"300\",\"endanimation\":\"auto\",\"endeasing\":\"nothing\",\"serial\":\"0\",\"endTimeFinal\":\"9500\",\"endSpeedFinal\":\"300\",\"realEndTime\":\"10000\",\"timeLast\":\"9100\"},{\"text\":\"HTML5, CSS3, LESS\",\"type\":\"text\",\"order\":\"2\",\"left\":\"722\",\"top\":\"360\",\"animation\":\"lfr\",\"easing\":\"easeOutBack\",\"speed\":\"500\",\"hiddenunder\":\"false\",\"link\":\"\",\"link_open_in\":\"same\",\"link_slide\":\"nothing\",\"video_autoplay\":\"false\",\"style\":\"insightfx_color\",\"time\":\"1400\",\"endtime\":\"\",\"endspeed\":\"300\",\"endanimation\":\"auto\",\"endeasing\":\"nothing\",\"serial\":\"1\",\"endTimeFinal\":\"9500\",\"endSpeedFinal\":\"300\",\"realEndTime\":\"10000\",\"timeLast\":\"8600\"}]'),
(7, 0, 2, 'Slide', '', 'images/office7_normal.png', '', 1, 0, '0000-00-00 00:00:00', 4, '{\"title\":\"Slide\",\"published\":\"1\",\"slide_transition\":\"random\",\"slot_amount\":\"7\",\"transition_rotation\":\"0\",\"transition_duration\":\"300\",\"delay\":\"\",\"enable_link\":\"false\",\"link_type\":\"regular\",\"link\":\"\",\"link_open_in\":\"same\",\"slide_link\":\"nothing\",\"link_pos\":\"front\",\"enable_video\":\"false\",\"video_id\":\"\",\"video_autoplay\":\"false\",\"video_autoplay-input\":\"false\",\"slide_thumb\":\"\",\"image\":\"images\\/office7_normal.png\"}', '[{\"text\":\"Dark and Light Versions\\n<p>Lorem ipsum dolor sit amet, conse adipiscing elit.<br \\/> \\nPrae eget massatar vitae dolor corper non sit tortor.<\\/p>\\n<a class=\\\"btn btn-primary\\\">Read More...<\\/a>\",\"type\":\"text\",\"order\":\"4\",\"left\":\"570\",\"top\":\"250\",\"animation\":\"lft\",\"easing\":\"easeOutBack\",\"speed\":\"500\",\"hiddenunder\":\"false\",\"link\":\"\",\"link_open_in\":\"same\",\"link_slide\":\"nothing\",\"video_autoplay\":\"false\",\"style\":\"insightfx_light_box\",\"time\":\"900\",\"endtime\":\"\",\"endspeed\":\"300\",\"endanimation\":\"auto\",\"endeasing\":\"nothing\",\"serial\":\"0\",\"endTimeFinal\":\"9500\",\"endSpeedFinal\":\"300\",\"realEndTime\":\"10000\",\"timeLast\":\"9100\"}]'),
(8, 0, 2, 'Slide', '', 'images/office10_normal.png', '', 1, 0, '0000-00-00 00:00:00', 5, '{\"title\":\"Slide\",\"published\":\"1\",\"slide_transition\":\"random\",\"slot_amount\":\"7\",\"transition_rotation\":\"0\",\"transition_duration\":\"300\",\"delay\":\"\",\"enable_link\":\"false\",\"link_type\":\"regular\",\"link\":\"\",\"link_open_in\":\"same\",\"slide_link\":\"nothing\",\"link_pos\":\"front\",\"enable_video\":\"false\",\"video_id\":\"\",\"video_autoplay\":\"false\",\"video_autoplay-input\":\"false\",\"slide_thumb\":\"\",\"image\":\"images\\/office10_normal.png\"}', '[{\"text\":\"Revolution Slider\\n<p>You can have as much layers as you want, <br\\/>define custom styles, etc. The slider can load <br\\/>images, text, video or all at the same time!<\\/p>\\n\",\"type\":\"text\",\"order\":\"1\",\"left\":\"610\",\"top\":\"260\",\"animation\":\"lft\",\"easing\":\"easeOutBack\",\"speed\":\"500\",\"hiddenunder\":\"false\",\"link\":\"\",\"link_open_in\":\"same\",\"link_slide\":\"nothing\",\"video_autoplay\":\"false\",\"style\":\"insightfx_dark_box\",\"time\":\"900\",\"endtime\":\"\",\"endspeed\":\"300\",\"endanimation\":\"auto\",\"endeasing\":\"nothing\",\"serial\":\"0\",\"endTimeFinal\":\"9500\",\"endSpeedFinal\":\"300\",\"realEndTime\":\"10000\",\"timeLast\":\"9100\"}]');

-- --------------------------------------------------------

--
-- Table structure for table `i0adu_updates`
--

CREATE TABLE `i0adu_updates` (
  `update_id` int NOT NULL,
  `update_site_id` int DEFAULT '0',
  `extension_id` int DEFAULT '0',
  `name` varchar(100) COLLATE utf8mb4_unicode_ci DEFAULT '',
  `description` mediumtext COLLATE utf8mb4_unicode_ci NOT NULL,
  `element` varchar(100) COLLATE utf8mb4_unicode_ci DEFAULT '',
  `type` varchar(20) COLLATE utf8mb4_unicode_ci DEFAULT '',
  `folder` varchar(20) COLLATE utf8mb4_unicode_ci DEFAULT '',
  `client_id` tinyint DEFAULT '0',
  `version` varchar(32) COLLATE utf8mb4_unicode_ci DEFAULT '',
  `data` mediumtext COLLATE utf8mb4_unicode_ci NOT NULL,
  `detailsurl` mediumtext COLLATE utf8mb4_unicode_ci NOT NULL,
  `infourl` mediumtext COLLATE utf8mb4_unicode_ci NOT NULL,
  `extra_query` varchar(1000) COLLATE utf8mb4_unicode_ci DEFAULT ''
) ENGINE=InnoDB DEFAULT CHARSET=utf8mb4 COLLATE=utf8mb4_unicode_ci COMMENT='Available Updates';

--
-- Dumping data for table `i0adu_updates`
--

INSERT INTO `i0adu_updates` (`update_id`, `update_site_id`, `extension_id`, `name`, `description`, `element`, `type`, `folder`, `client_id`, `version`, `data`, `detailsurl`, `infourl`, `extra_query`) VALUES
(1, 27, 0, 'JA Erio Template for Joomla 2.5 & 3.x', '', 'ja_erio', 'template', '', 0, '2.5.5', '', 'http://update.joomlart.com/service/tracking/j16/ja_erio.xml', '', ''),
(2, 27, 0, 'Ja Events Template for Joomla 2.5', '', 'ja_events', 'template', '', 0, '2.5.6', '', 'http://update.joomlart.com/service/tracking/j16/ja_events.xml', '', ''),
(3, 27, 0, 'JA Fubix Template for J25 & J3x', '', 'ja_fubix', 'template', '', 0, '1.1.2', '', 'http://update.joomlart.com/service/tracking/j16/ja_fubix.xml', '', ''),
(4, 27, 0, 'JA Graphite Template for Joomla 3x', '', 'ja_graphite', 'template', '', 0, '2.5.7', '', 'http://update.joomlart.com/service/tracking/j16/ja_graphite.xml', '', ''),
(5, 27, 0, 'JA Hawkstore Template', '', 'ja_hawkstore', 'template', '', 0, '1.1.1', '', 'http://update.joomlart.com/service/tracking/j16/ja_hawkstore.xml', '', ''),
(6, 27, 0, 'JA Ironis Template for Joomla 2.5 & 3.x', '', 'ja_ironis', 'template', '', 0, '2.5.6', '', 'http://update.joomlart.com/service/tracking/j16/ja_ironis.xml', '', ''),
(7, 27, 0, 'JA Jason template', '', 'ja_jason', 'template', '', 0, '1.0.3', '', 'http://update.joomlart.com/service/tracking/j16/ja_jason.xml', '', ''),
(8, 27, 0, 'JA Kranos Template for J2.5 & J3.x', '', 'ja_kranos', 'template', '', 0, '2.5.7', '', 'http://update.joomlart.com/service/tracking/j16/ja_kranos.xml', '', ''),
(9, 27, 0, 'JA Lens Template for Joomla 2.5 & 3.x', '', 'ja_lens', 'template', '', 0, '1.0.7', '', 'http://update.joomlart.com/service/tracking/j16/ja_lens.xml', '', ''),
(10, 27, 0, 'Ja Lime Template for Joomla 3x', '', 'ja_lime', 'template', '', 0, '2.5.5', '', 'http://update.joomlart.com/service/tracking/j16/ja_lime.xml', '', ''),
(11, 27, 0, 'JA Magz Template for J25 & J34', '', 'ja_magz', 'template', '', 0, '1.1.2', '', 'http://update.joomlart.com/service/tracking/j16/ja_magz.xml', '', ''),
(12, 27, 0, 'JA Medicare Template', '', 'ja_medicare', 'template', '', 0, '1.1.7', '', 'http://update.joomlart.com/service/tracking/j16/ja_medicare.xml', '', ''),
(13, 27, 0, 'JA Mendozite Template for J25 & J32', '', 'ja_mendozite', 'template', '', 0, '1.0.8', '', 'http://update.joomlart.com/service/tracking/j16/ja_mendozite.xml', '', ''),
(14, 27, 0, 'JA Mero Template for J25 & J3x', '', 'ja_mero', 'template', '', 0, '1.1.2', '', 'http://update.joomlart.com/service/tracking/j16/ja_mero.xml', '', ''),
(15, 27, 0, 'JA Mers Template for J25 & J3x', '', 'ja_mers', 'template', '', 0, '1.0.8', '', 'http://update.joomlart.com/service/tracking/j16/ja_mers.xml', '', ''),
(16, 27, 0, 'JA Methys Template for Joomla 3x', '', 'ja_methys', 'template', '', 0, '2.5.7', '', 'http://update.joomlart.com/service/tracking/j16/ja_methys.xml', '', ''),
(17, 27, 0, 'Ja Minisite Template for Joomla 3.4', '', 'ja_minisite', 'template', '', 0, '2.5.5', '', 'http://update.joomlart.com/service/tracking/j16/ja_minisite.xml', '', ''),
(18, 27, 0, 'JA Mitius Template', '', 'ja_mitius', 'template', '', 0, '1.1.3', '', 'http://update.joomlart.com/service/tracking/j16/ja_mitius.xml', '', ''),
(19, 27, 0, 'JA Mixmaz Template', '', 'ja_mixmaz', 'template', '', 0, '1.0.4', '', 'http://update.joomlart.com/service/tracking/j16/ja_mixmaz.xml', '', ''),
(20, 27, 0, 'JA Nex Template for J25 & J30', '', 'ja_nex', 'template', '', 0, '2.5.9', '', 'http://update.joomlart.com/service/tracking/j16/ja_nex.xml', '', ''),
(21, 27, 0, 'JA Nex T3 Template', '', 'ja_nex_t3', 'template', '', 0, '1.1.3', '', 'http://update.joomlart.com/service/tracking/j16/ja_nex_t3.xml', '', ''),
(22, 27, 0, 'JA Norite Template for J2.5 & J31', '', 'ja_norite', 'template', '', 0, '2.5.5', '', 'http://update.joomlart.com/service/tracking/j16/ja_norite.xml', '', ''),
(23, 27, 0, 'JA Nuevo template', '', 'ja_nuevo', 'template', '', 0, '1.0.4', '', 'http://update.joomlart.com/service/tracking/j16/ja_nuevo.xml', '', ''),
(24, 27, 0, 'JA Obelisk Template', '', 'ja_obelisk', 'template', '', 0, '1.1.2', '', 'http://update.joomlart.com/service/tracking/j16/ja_obelisk.xml', '', ''),
(25, 27, 0, 'JA Onepage Template', '', 'ja_onepage', 'template', '', 0, '1.1.3', '', 'http://update.joomlart.com/service/tracking/j16/ja_onepage.xml', '', ''),
(26, 27, 0, 'JA ores template for Joomla 3.x', '', 'ja_ores', 'template', '', 0, '2.5.5', '', 'http://update.joomlart.com/service/tracking/j16/ja_ores.xml', '', ''),
(27, 27, 0, 'JA Orisite Template  for J25 & J3x', '', 'ja_orisite', 'template', '', 0, '1.1.7', '', 'http://update.joomlart.com/service/tracking/j16/ja_orisite.xml', '', ''),
(28, 27, 0, 'JA Playmag Template', '', 'ja_playmag', 'template', '', 0, '1.1.5', '', 'http://update.joomlart.com/service/tracking/j16/ja_playmag.xml', '', ''),
(29, 27, 0, 'JA Portfolio Real Estate template for Joomla 1.6.x', '', 'ja_portfolio', 'file', '', 0, '1.0.0 beta', '', 'http://update.joomlart.com/service/tracking/j16/ja_portfolio.xml', '', ''),
(30, 27, 0, 'JA Portfolio Template for Joomla 3.x', '', 'ja_portfolio_real_estate', 'template', '', 0, '2.5.6', '', 'http://update.joomlart.com/service/tracking/j16/ja_portfolio_real_estate.xml', '', ''),
(31, 27, 0, 'JA Puresite Template for J25 & J3x', '', 'ja_puresite', 'template', '', 0, '1.0.8', '', 'http://update.joomlart.com/service/tracking/j16/ja_puresite.xml', '', ''),
(32, 27, 0, 'JA Purity II template for Joomla 2.5 & 3.2', '', 'ja_purity_ii', 'template', '', 0, '2.5.5', '', 'http://update.joomlart.com/service/tracking/j16/ja_purity_ii.xml', '', ''),
(33, 27, 0, 'JA Pyro Template for Joomla 3.x', '', 'ja_pyro', 'template', '', 0, '2.5.5', '', 'http://update.joomlart.com/service/tracking/j16/ja_pyro.xml', '', ''),
(34, 27, 0, 'JA Rasite Template for J34', '', 'ja_rasite', 'template', '', 0, '2.5.5', '', 'http://update.joomlart.com/service/tracking/j16/ja_rasite.xml', '', ''),
(35, 27, 0, 'JA Rave Template for Joomla 3.x', '', 'ja_rave', 'template', '', 0, '2.5.5', '', 'http://update.joomlart.com/service/tracking/j16/ja_rave.xml', '', ''),
(36, 27, 0, 'JA Smashboard Template', '', 'ja_smashboard', 'template', '', 0, '1.1.3', '', 'http://update.joomlart.com/service/tracking/j16/ja_smashboard.xml', '', ''),
(37, 27, 0, 'JA Social Template for Joomla 2.5', '', 'ja_social', 'template', '', 0, '2.5.8', '', 'http://update.joomlart.com/service/tracking/j16/ja_social.xml', '', ''),
(38, 27, 0, 'JA Social T3 Template for J25 & J3x', '', 'ja_social_t3', 'template', '', 0, '1.1.3', '', 'http://update.joomlart.com/service/tracking/j16/ja_social_t3.xml', '', ''),
(39, 27, 0, 'JA Sugite Template', '', 'ja_sugite', 'template', '', 0, '1.1.6', '', 'http://update.joomlart.com/service/tracking/j16/ja_sugite.xml', '', ''),
(40, 27, 0, 'JA System Pager Plugin for J25 & J30', '', 'ja_system_japager', 'plugin', 'ja_system_japager', 0, '1.0.4', '', 'http://update.joomlart.com/service/tracking/j16/ja_system_japager.xml', '', ''),
(41, 27, 0, 'JA T3V2 Blank Template', '', 'ja_t3_blank', 'template', '', 0, '2.5.8', '', 'http://update.joomlart.com/service/tracking/j16/ja_t3_blank.xml', '', ''),
(42, 27, 0, 'JA T3 Blank template for joomla 1.6', '', 'ja_t3_blank_j16', 'template', '', 0, '1.0.0 Beta', '', 'http://update.joomlart.com/service/tracking/j16/ja_t3_blank_j16.xml', '', ''),
(43, 27, 0, 'JA Blank Template for T3v3', '', 'ja_t3v3_blank', 'template', '', 0, '1.0.1', '', 'http://update.joomlart.com/service/tracking/j16/ja_t3v3_blank.xml', '', ''),
(44, 27, 0, 'JA Teline III  Template for Joomla 1.6', '', 'ja_teline_iii', 'file', '', 0, '1.0.0 Beta', '', 'http://update.joomlart.com/service/tracking/j16/ja_teline_iii.xml', '', ''),
(45, 27, 0, 'JA Teline IV Template for J2.5 and J3.2', '', 'ja_teline_iv', 'template', '', 0, '2.5.4', '', 'http://update.joomlart.com/service/tracking/j16/ja_teline_iv.xml', '', ''),
(46, 27, 0, 'JA Teline IV T3 Template', '', 'ja_teline_iv_t3', 'template', '', 0, '1.1.3', '', 'http://update.joomlart.com/service/tracking/j16/ja_teline_iv_t3.xml', '', ''),
(47, 27, 0, 'JA Tiris Template for J25 & J3x', '', 'ja_tiris', 'template', '', 0, '2.5.9', '', 'http://update.joomlart.com/service/tracking/j16/ja_tiris.xml', '', ''),
(48, 27, 0, 'JA Travel Template for Joomla 3x', '', 'ja_travel', 'template', '', 0, '2.5.6', '', 'http://update.joomlart.com/service/tracking/j16/ja_travel.xml', '', ''),
(49, 27, 0, 'JA University Template for J25 & J32', '', 'ja_university', 'template', '', 0, '1.0.6', '', 'http://update.joomlart.com/service/tracking/j16/ja_university.xml', '', ''),
(50, 27, 0, 'JA University T3 template', '', 'ja_university_t3', 'template', '', 0, '1.0.0', '', 'http://update.joomlart.com/service/tracking/j16/ja_university_t3.xml', '', ''),
(51, 27, 0, 'JA Vintas Template for J25 & J31', '', 'ja_vintas', 'template', '', 0, '1.0.3', '', 'http://update.joomlart.com/service/tracking/j16/ja_vintas.xml', '', ''),
(52, 27, 0, 'JA Wall Template for J25 & J34', '', 'ja_wall', 'template', '', 0, '1.2.1', '', 'http://update.joomlart.com/service/tracking/j16/ja_wall.xml', '', ''),
(53, 27, 0, 'JA ZiteTemplate', '', 'ja_zite', 'template', '', 0, '1.0.6', '', 'http://update.joomlart.com/service/tracking/j16/ja_zite.xml', '', ''),
(54, 27, 0, 'JA Bookmark plugin for Joomla 1.6.x', '', 'jabookmark', 'file', '', 0, '1.0.0', '', 'http://update.joomlart.com/service/tracking/j16/jabookmark.xml', '', ''),
(55, 27, 0, 'JA Comment plugin for Joomla 1.6.x', '', 'jacomment', 'file', '', 0, '1.0.0', '', 'http://update.joomlart.com/service/tracking/j16/jacomment.xml', '', ''),
(56, 27, 0, 'JA Comment Off Plugin for Joomla 1.6', '', 'jacommentoff', 'file', '', 0, '1.0.1', '', 'http://update.joomlart.com/service/tracking/j16/jacommentoff.xml', '', ''),
(57, 27, 0, 'JA Comment On Plugin for Joomla 1.6', '', 'jacommenton', 'file', '', 0, '1.0.1', '', 'http://update.joomlart.com/service/tracking/j16/jacommenton.xml', '', ''),
(58, 27, 0, 'JA Content Extra Fields for Joomla 1.6', '', 'jacontentextrafields', 'file', '', 0, '1.0.0', '', 'http://update.joomlart.com/service/tracking/j16/jacontentextrafields.xml', '', ''),
(59, 27, 0, 'JA Disqus Debate Echo plugin for Joomla 1.6.x', '', 'jadisqus_debate_echo', 'file', '', 0, '1.0.0', '', 'http://update.joomlart.com/service/tracking/j16/jadisqus_debate_echo.xml', '', ''),
(60, 27, 0, 'JA System Google Map plugin for Joomla 1.6.x', '', 'jagooglemap', 'file', '', 0, '1.0.0', '', 'http://update.joomlart.com/service/tracking/j16/jagooglemap.xml', '', ''),
(61, 27, 0, 'JA Google Translate plugin for Joomla 1.6.x', '', 'jagoogletranslate', 'plugin', '', 0, '1.0.0', '', 'http://update.joomlart.com/service/tracking/j16/jagoogletranslate.xml', '', ''),
(62, 27, 0, 'JA Highslide plugin for Joomla 1.6.x', '', 'jahighslide', 'plugin', '', 0, '1.0.0', '', 'http://update.joomlart.com/service/tracking/j16/jahighslide.xml', '', ''),
(63, 27, 0, 'JA K2 Search Plugin for Joomla 2.5', '', 'jak2_filter', 'plugin', '', 0, '1.0.0 Alpha', '', 'http://update.joomlart.com/service/tracking/j16/jak2_filter.xml', '', ''),
(64, 27, 0, 'JA K2 Extra Fields Plugin for Joomla 2.5', '', 'jak2_indexing', 'plugin', '', 0, '1.0.0 Alpha', '', 'http://update.joomlart.com/service/tracking/j16/jak2_indexing.xml', '', ''),
(65, 27, 0, 'JA Load module Plugin for Joomla 2.5', '', 'jaloadmodule', 'plugin', 'jaloadmodule', 0, '2.5.1', '', 'http://update.joomlart.com/service/tracking/j16/jaloadmodule.xml', '', ''),
(66, 27, 0, 'JA System Nrain plugin for Joomla 1.6.x', '', 'janrain', 'file', '', 0, '1.0.0', '', 'http://update.joomlart.com/service/tracking/j16/janrain.xml', '', ''),
(67, 27, 0, 'JA Popup plugin for Joomla 1.6', '', 'japopup', 'file', '', 0, '1.0.1', '', 'http://update.joomlart.com/service/tracking/j16/japopup.xml', '', ''),
(68, 27, 0, 'JA System Social plugin for Joomla 1.7', '', 'jasocial', 'file', '', 0, '1.0.4', '', 'http://update.joomlart.com/service/tracking/j16/jasocial.xml', '', ''),
(69, 27, 0, 'JA T3 System plugin for Joomla 1.6', '', 'jat3', 'plugin', '', 0, '1.0.0 Beta', '', 'http://update.joomlart.com/service/tracking/j16/jat3.xml', '', ''),
(70, 27, 0, 'JA Tabs plugin for Joomla 1.6.x', '', 'jatabs', 'plugin', 'jatabs', 0, '2.5.6', '', 'http://update.joomlart.com/service/tracking/j16/jatabs.xml', '', ''),
(71, 27, 0, 'JA Typo plugin For Joomla 1.6', '', 'jatypo', 'plugin', 'jatypo', 0, '1.0.0', '', 'http://update.joomlart.com/service/tracking/j16/jatypo.xml', '', ''),
(72, 27, 0, 'Jomsocial Theme 3.x for JA Social', '', 'jomsocial_theme_social', 'custom', '', 0, '4.1.x', '', 'http://update.joomlart.com/service/tracking/j16/jomsocial_theme_social.xml', '', ''),
(73, 27, 0, 'JA Jomsocial theme for Joomla 2.5', '', 'jomsocial_theme_social_j16', 'file', '', 0, '2.5.1', '', 'http://update.joomlart.com/service/tracking/j16/jomsocial_theme_social_j16.xml', '', ''),
(74, 27, 0, 'JA Jomsocial theme for Joomla 2.5', '', 'jomsocial_theme_social_j16_26', 'custom', '', 0, '2.5.4', '', 'http://update.joomlart.com/service/tracking/j16/jomsocial_theme_social_j16_26.xml', '', ''),
(75, 27, 0, 'JShopping Template for Ja Orisite', '', 'jshopping_theme_orisite', 'file', '', 0, '1.0.0', '', 'http://update.joomlart.com/service/tracking/j16/jshopping_theme_orisite.xml', '', ''),
(76, 27, 0, 'JA Tiris Jshopping theme for J25 & J3x', '', 'jshopping_theme_tiris', 'custom', '', 0, '2.5.5', '', 'http://update.joomlart.com/service/tracking/j16/jshopping_theme_tiris.xml', '', ''),
(77, 27, 0, 'Theme for Jshopping j17', '', 'jshopping_theme_tiris_j17', 'file', '', 0, '1.0.0', '', 'http://update.joomlart.com/service/tracking/j16/jshopping_theme_tiris_j17.xml', '', ''),
(78, 27, 0, 'JA Kranos kunena theme for Joomla 3.x', '', 'kunena_theme_kranos_j17', 'custom', '', 0, '1.0.4', '', 'http://update.joomlart.com/service/tracking/j16/kunena_theme_kranos_j17.xml', '', ''),
(79, 27, 0, 'Kunena Template for JA Mendozite', '', 'kunena_theme_mendozite', 'custom', '', 0, '1.0.6', '', 'http://update.joomlart.com/service/tracking/j16/kunena_theme_mendozite.xml', '', ''),
(80, 27, 0, 'JA Mitius Kunena Theme for Joomla 25 ', '', 'kunena_theme_mitius', 'custom', '', 0, '1.0.0', '', 'http://update.joomlart.com/service/tracking/j16/kunena_theme_mitius.xml', '', ''),
(81, 27, 0, 'Kunena theme for JA Nex J2.5', '', 'kunena_theme_nex_j17', 'custom', '', 0, '1.0.1', '', 'http://update.joomlart.com/service/tracking/j16/kunena_theme_nex_j17.xml', '', ''),
(82, 27, 0, 'Kunena theme for JA Nex T3', '', 'kunena_theme_nex_t3', 'custom', '', 0, '1.0.7', '', 'http://update.joomlart.com/service/tracking/j16/kunena_theme_nex_t3.xml', '', ''),
(83, 27, 0, 'Kunena Template for Ja Orisite', '', 'kunena_theme_orisite', 'custom', '', 0, '1.0.4', '', 'http://update.joomlart.com/service/tracking/j16/kunena_theme_orisite.xml', '', ''),
(84, 27, 0, 'Kunena theme for ja PlayMag', '', 'kunena_theme_playmag', 'custom', '', 0, '1.1.6', '', 'http://update.joomlart.com/service/tracking/j16/kunena_theme_playmag.xml', '', ''),
(85, 27, 0, 'Kunena theme for JA Social T3', '', 'kunena_theme_social', 'custom', '', 0, '1.1.2', '', 'http://update.joomlart.com/service/tracking/j16/kunena_theme_social.xml', '', ''),
(86, 27, 0, 'Kunena theme for Joomla 2.5', '', 'kunena_theme_social_j16', 'custom', '', 0, '2.5.1', '', 'http://update.joomlart.com/service/tracking/j16/kunena_theme_social_j16.xml', '', ''),
(87, 27, 0, 'Kunena theme for ja Techzone', '', 'kunena_theme_techzone', 'custom', '', 0, '1.0.2', '', 'http://update.joomlart.com/service/tracking/j16/kunena_theme_techzone.xml', '', ''),
(88, 27, 0, 'JA Tiris kunena theme for Joomla 2.5', '', 'kunena_theme_tiris_j16', 'custom', '', 0, '2.5.3', '', 'http://update.joomlart.com/service/tracking/j16/kunena_theme_tiris_j16.xml', '', ''),
(89, 27, 0, 'JA Bookshop Theme for Mijoshop V2', '', 'mijoshop_theme_bookshop', 'custom', '', 0, '1.0.4', '', 'http://update.joomlart.com/service/tracking/j16/mijoshop_theme_bookshop.xml', '', ''),
(90, 27, 0, 'JA Decor Theme for Mijoshop', '', 'mijoshop_theme_decor', 'custom', '', 0, '1.0.4', '', 'http://update.joomlart.com/service/tracking/j16/mijoshop_theme_decor.xml', '', ''),
(91, 27, 0, 'JA Decor Theme for Mijoshop V3', '', 'mijoshop_theme_decor_v3', 'custom', '', 0, '1.0.1', '', 'http://update.joomlart.com/service/tracking/j16/mijoshop_theme_decor_v3.xml', '', ''),
(92, 27, 0, 'JA ACM Module', '', 'mod_ja_acm', 'module', '', 0, '2.1.1', '', 'http://update.joomlart.com/service/tracking/j16/mod_ja_acm.xml', '', ''),
(93, 27, 0, 'JA Jobs Tags module for Joomla 2.5', '', 'mod_ja_jobs_tags', 'module', '', 0, '1.0.3', '', 'http://update.joomlart.com/service/tracking/j16/mod_ja_jobs_tags.xml', '', ''),
(94, 27, 0, 'JA Accordion Module for J25 & J34', '', 'mod_jaaccordion', 'module', '', 0, '2.6.0', '', 'http://update.joomlart.com/service/tracking/j16/mod_jaaccordion.xml', '', ''),
(95, 27, 0, 'JA Animation module for Joomla 2.5 & 3.2', '', 'mod_jaanimation', 'module', '', 0, '2.5.3', '', 'http://update.joomlart.com/service/tracking/j16/mod_jaanimation.xml', '', ''),
(96, 27, 0, 'JA Bulletin Module for J3.x', '', 'mod_jabulletin', 'module', '', 0, '2.6.0', '', 'http://update.joomlart.com/service/tracking/j16/mod_jabulletin.xml', '', ''),
(97, 27, 0, 'JA Latest Comment Module for Joomla 2.5 & 3.3', '', 'mod_jaclatest_comments', 'module', '', 0, '2.5.5', '', 'http://update.joomlart.com/service/tracking/j16/mod_jaclatest_comments.xml', '', ''),
(98, 27, 0, 'JA Content Popup Module for J25 & J34', '', 'mod_jacontentpopup', 'module', '', 0, '1.1.2', '', 'http://update.joomlart.com/service/tracking/j16/mod_jacontentpopup.xml', '', ''),
(99, 27, 0, 'JA Content Scroll module for Joomla 1.6', '', 'mod_jacontentscroll', 'file', '', 0, '1.0.0', '', 'http://update.joomlart.com/service/tracking/j16/mod_jacontentscroll.xml', '', ''),
(100, 27, 0, 'JA Contenslider module for Joomla 1.6', '', 'mod_jacontentslide', 'file', '', 0, '1.0.0', '', 'http://update.joomlart.com/service/tracking/j16/mod_jacontentslide.xml', '', ''),
(101, 27, 10122, 'JA Content Slider Module for J25 & J34', '', 'mod_jacontentslider', 'module', '', 0, '2.7.2', '', 'http://update.joomlart.com/service/tracking/j16/mod_jacontentslider.xml', '', ''),
(102, 27, 0, 'JA CountDown Module for Joomla 2.5 & 3.4', '', 'mod_jacountdown', 'module', '', 0, '1.0.7', '', 'http://update.joomlart.com/service/tracking/j16/mod_jacountdown.xml', '', ''),
(103, 27, 0, 'JA Facebook Activity Module for J25 & J30', '', 'mod_jafacebookactivity', 'module', '', 0, '2.5.5', '', 'http://update.joomlart.com/service/tracking/j16/mod_jafacebookactivity.xml', '', ''),
(104, 27, 0, 'JA Facebook Like Box Module for Joonla 25 & 34', '', 'mod_jafacebooklikebox', 'module', '', 0, '2.6.1', '', 'http://update.joomlart.com/service/tracking/j16/mod_jafacebooklikebox.xml', '', ''),
(105, 27, 0, 'JA Featured Employer module for Joomla 2.5', '', 'mod_jafeatured_employer', 'module', '', 0, '1.0.3', '', 'http://update.joomlart.com/service/tracking/j16/mod_jafeatured_employer.xml', '', ''),
(106, 27, 0, 'JA Filter Jobs module for Joomla 2.5', '', 'mod_jafilter_jobs', 'module', '', 0, '1.0.4', '', 'http://update.joomlart.com/service/tracking/j16/mod_jafilter_jobs.xml', '', ''),
(107, 27, 0, 'JA flowlist module for Joomla 2.5 & 3.0', '', 'mod_jaflowlist', 'module', '', 0, '1.0.1', '', 'http://update.joomlart.com/service/tracking/j16/mod_jaflowlist.xml', '', ''),
(108, 27, 0, 'JA Google chart 2', '', 'mod_jagooglechart_2', 'module', '', 0, '1.0.0', '', 'http://update.joomlart.com/service/tracking/j16/mod_jagooglechart_2.xml', '', ''),
(109, 27, 0, 'JAEC Halloween Module for Joomla 2.5 & 3', '', 'mod_jahalloween', 'module', '', 0, '1.0.1', '', 'http://update.joomlart.com/service/tracking/j16/mod_jahalloween.xml', '', ''),
(110, 27, 0, 'JA Image Hotspot Module for Joomla 2.5 & 3.4', '', 'mod_jaimagehotspot', 'module', '', 0, '1.1.0', '', 'http://update.joomlart.com/service/tracking/j16/mod_jaimagehotspot.xml', '', ''),
(111, 27, 0, 'JA static module for Joomla 2.5', '', 'mod_jajb_statistic', 'module', '', 0, '1.0.1', '', 'http://update.joomlart.com/service/tracking/j16/mod_jajb_statistic.xml', '', ''),
(112, 27, 0, 'JA Jobboard Menu module for Joomla 2.5', '', 'mod_jajobboard_menu', 'module', '', 0, '1.0.5', '', 'http://update.joomlart.com/service/tracking/j16/mod_jajobboard_menu.xml', '', ''),
(113, 27, 0, 'JA Jobs Counter module for Joomla 2.5', '', 'mod_jajobs_counter', 'module', '', 0, '1.0.4', '', 'http://update.joomlart.com/service/tracking/j16/mod_jajobs_counter.xml', '', ''),
(114, 27, 0, 'JA Jobs Map module for Joomla 2.5', '', 'mod_jajobs_map', 'module', '', 0, '1.0.5', '', 'http://update.joomlart.com/service/tracking/j16/mod_jajobs_map.xml', '', ''),
(115, 27, 0, 'JA K2 Fillter Module for Joomla 2.5', '', 'mod_jak2_filter', 'module', '', 0, '1.0.0 Alpha', '', 'http://update.joomlart.com/service/tracking/j16/mod_jak2_filter.xml', '', ''),
(116, 27, 0, 'JA K2 Filter Module for J25 & J3.x', '', 'mod_jak2filter', 'module', '', 0, '1.2.6', '', 'http://update.joomlart.com/service/tracking/j16/mod_jak2filter.xml', '', ''),
(117, 27, 0, 'JA K2 Timeline', '', 'mod_jak2timeline', 'module', '', 0, '1.0.2', '', 'http://update.joomlart.com/service/tracking/j16/mod_jak2timeline.xml', '', ''),
(118, 27, 0, 'JA Latest Resumes module for Joomla 2.5', '', 'mod_jalatest_resumes', 'module', '', 0, '1.0.3', '', 'http://update.joomlart.com/service/tracking/j16/mod_jalatest_resumes.xml', '', ''),
(119, 27, 0, 'JA List Employer module for Joomla 2.5', '', 'mod_jalist_employers', 'module', '', 0, '1.0.3', '', 'http://update.joomlart.com/service/tracking/j16/mod_jalist_employers.xml', '', ''),
(120, 27, 0, 'JA List Jobs module for Joomla 2.5', '', 'mod_jalist_jobs', 'module', '', 0, '1.0.2', '', 'http://update.joomlart.com/service/tracking/j16/mod_jalist_jobs.xml', '', ''),
(121, 27, 0, 'JA List Resumes module for Joomla 2.5', '', 'mod_jalist_resumes', 'module', '', 0, '1.0.2', '', 'http://update.joomlart.com/service/tracking/j16/mod_jalist_resumes.xml', '', ''),
(122, 27, 0, 'JA Login module for J25 & J3x', '', 'mod_jalogin', 'module', '', 0, '2.6.6', '', 'http://update.joomlart.com/service/tracking/j16/mod_jalogin.xml', '', ''),
(123, 27, 0, 'JA Masshead Module for J25 & J34', '', 'mod_jamasshead', 'module', '', 0, '2.6.1', '', 'http://update.joomlart.com/service/tracking/j16/mod_jamasshead.xml', '', ''),
(124, 27, 0, 'JA News Featured Module for J25 & J34', '', 'mod_janews_featured', 'module', '', 0, '2.6.1', '', 'http://update.joomlart.com/service/tracking/j16/mod_janews_featured.xml', '', ''),
(125, 27, 0, 'JA Newsflash module for Joomla 1.6.x', '', 'mod_janewsflash', 'module', '', 0, '1.0.0', '', 'http://update.joomlart.com/service/tracking/j16/mod_janewsflash.xml', '', ''),
(126, 27, 0, 'JA Newsmoo module for Joomla 1.6.x', '', 'mod_janewsmoo', 'module', '', 0, '1.0.0', '', 'http://update.joomlart.com/service/tracking/j16/mod_janewsmoo.xml', '', ''),
(127, 27, 0, 'JA News Pro Module for J25 & J3x', '', 'mod_janewspro', 'module', '', 0, '2.6.2', '', 'http://update.joomlart.com/service/tracking/j16/mod_janewspro.xml', '', ''),
(128, 27, 0, 'JA Newsticker Module for J3x', '', 'mod_janewsticker', 'module', '', 0, '2.6.2', '', 'http://update.joomlart.com/service/tracking/j16/mod_janewsticker.xml', '', ''),
(129, 27, 0, 'JA Quick Contact Module for J3.x', '', 'mod_jaquickcontact', 'module', '', 0, '2.6.1', '', 'http://update.joomlart.com/service/tracking/j16/mod_jaquickcontact.xml', '', ''),
(130, 27, 0, 'JA Recent Viewed Jobs module for Joomla 2.5', '', 'mod_jarecent_viewed_jobs', 'module', '', 0, '1.0.1', '', 'http://update.joomlart.com/service/tracking/j16/mod_jarecent_viewed_jobs.xml', '', ''),
(131, 27, 0, 'JA SideNews Module for J25 & J34', '', 'mod_jasidenews', 'module', '', 0, '2.6.7', '', 'http://update.joomlart.com/service/tracking/j16/mod_jasidenews.xml', '', ''),
(132, 27, 0, 'JA Slideshow Module for Joomla 2.5 & 3.x', '', 'mod_jaslideshow', 'module', '', 0, '2.7.5', '', 'http://update.joomlart.com/service/tracking/j16/mod_jaslideshow.xml', '', ''),
(133, 27, 10157, 'JA Slideshow Lite Module for J25 & J3.4', '', 'mod_jaslideshowlite', 'module', '', 0, '1.2.3', '', 'http://update.joomlart.com/service/tracking/j16/mod_jaslideshowlite.xml', '', ''),
(134, 27, 0, 'JA Soccerway Module for J25 & J33', '', 'mod_jasoccerway', 'module', '', 0, '1.0.4', '', 'http://update.joomlart.com/service/tracking/j16/mod_jasoccerway.xml', '', ''),
(135, 27, 0, 'JA Social Locker module', '', 'mod_jasocial_locker', 'module', '', 0, '1.0.2', '', 'http://update.joomlart.com/service/tracking/j16/mod_jasocial_locker.xml', '', ''),
(136, 27, 0, 'JA Tab module for Joomla 2.5', '', 'mod_jatabs', 'module', '', 0, '1.0.2', '', 'http://update.joomlart.com/service/tracking/j16/mod_jatabs.xml', '', ''),
(137, 27, 0, 'JA Toppanel Module for Joomla 2.5 & Joomla 3.4', '', 'mod_jatoppanel', 'module', '', 0, '2.5.8', '', 'http://update.joomlart.com/service/tracking/j16/mod_jatoppanel.xml', '', ''),
(138, 27, 0, 'JA Twitter Module for J25 & J3.4', '', 'mod_jatwitter', 'module', '', 0, '2.6.5', '', 'http://update.joomlart.com/service/tracking/j16/mod_jatwitter.xml', '', ''),
(139, 27, 0, 'JA List of Voices Module for J2.5 & J3.x', '', 'mod_javlist_voices', 'module', '', 0, '1.1.0', '', 'http://update.joomlart.com/service/tracking/j16/mod_javlist_voices.xml', '', ''),
(140, 27, 0, 'JA VMProducts Module', '', 'mod_javmproducts', 'module', '', 0, '1.0.5', '', 'http://update.joomlart.com/service/tracking/j16/mod_javmproducts.xml', '', ''),
(141, 27, 0, 'JA Voice  Work Flow Module for J2.5 & J3.x', '', 'mod_javwork_flow', 'module', '', 0, '1.1.0', '', 'http://update.joomlart.com/service/tracking/j16/mod_javwork_flow.xml', '', ''),
(142, 27, 0, 'JA Amazon S3 Button Plugin for joomla 2.5 & 3.x', '', 'jaamazons3', 'plugin', 'button', 0, '1.0.1', '', 'http://update.joomlart.com/service/tracking/j16/plg_button_jaamazons3.xml', '', ''),
(143, 27, 0, 'JA AVTracklist Button plugin for J2.5 & J3.3', '', 'jaavtracklist', 'plugin', 'button', 0, '1.0.1', '', 'http://update.joomlart.com/service/tracking/j16/plg_button_jaavtracklist.xml', '', ''),
(144, 27, 0, 'JA Comment Off Plugin for Joomla 2.5 & 3.3', '', 'jacommentoff', 'plugin', 'button', 0, '2.5.3', '', 'http://update.joomlart.com/service/tracking/j16/plg_button_jacommentoff.xml', '', ''),
(145, 27, 0, 'JA Comment On Plugin for Joomla 2.5 & 3.3', '', 'jacommenton', 'plugin', 'button', 0, '2.5.2', '', 'http://update.joomlart.com/service/tracking/j16/plg_button_jacommenton.xml', '', ''),
(146, 27, 0, 'JA Amazon S3 System plugin for joomla 2.5 & 3.x', '', 'plg_jaamazons3', 'plugin', 'plg_jaamazons3', 0, '2.5.7', '', 'http://update.joomlart.com/service/tracking/j16/plg_jaamazons3.xml', '', ''),
(147, 1, 700, 'Joomla', '', 'joomla', 'file', '', 0, '3.6.4', '', 'https://update.joomla.org/core/sts/extension_sts.xml', '', ''),
(148, 27, 0, 'JA AVTracklist plugin for J2.5 & J3.x', '', 'plg_jaavtracklist', 'plugin', 'plg_jaavtracklist', 0, '1.0.4', '', 'http://update.joomlart.com/service/tracking/j16/plg_jaavtracklist.xml', '', ''),
(149, 27, 0, 'JA Bookmark plugin for J3.x', '', 'plg_jabookmark', 'plugin', 'plg_jabookmark', 0, '2.6.1', '', 'http://update.joomlart.com/service/tracking/j16/plg_jabookmark.xml', '', ''),
(150, 27, 0, 'JA Comment Plugin for Joomla 2.5 & 3.3', '', 'plg_jacomment', 'plugin', 'plg_jacomment', 0, '2.5.5', '', 'http://update.joomlart.com/service/tracking/j16/plg_jacomment.xml', '', ''),
(151, 27, 0, 'JA Disqus Debate Echo plugin for J3x', '', 'debate_echo', 'plugin', 'jadisqus', 0, '2.6.3', '', 'http://update.joomlart.com/service/tracking/j16/plg_jadisqus_debate_echo.xml', '', ''),
(152, 27, 0, 'JA Google Storage Plugin for j25 & j30', '', 'plg_jagooglestorage', 'plugin', 'plg_jagooglestorage', 0, '1.0.0', '', 'http://update.joomlart.com/service/tracking/j16/plg_jagooglestorage.xml', '', ''),
(153, 27, 0, 'JA Translate plugin for Joomla 1.6.x', '', 'plg_jagoogletranslate', 'file', '', 0, '1.0.0', '', 'http://update.joomlart.com/service/tracking/j16/plg_jagoogletranslate.xml', '', ''),
(154, 27, 0, 'JA Megafilter Virturemart Plugin', '', 'virtuemart', 'plugin', 'jamegafilter', 0, '1.0.0 Beta 1', '', 'http://update.joomlart.com/service/tracking/j16/plg_jamegafilter_virtuemart.xml', '', ''),
(155, 27, 0, 'JA Thumbnail Plugin for J25 & J3', '', 'plg_jathumbnail', 'plugin', 'plg_jathumbnail', 0, '2.5.9', '', 'http://update.joomlart.com/service/tracking/j16/plg_jathumbnail.xml', '', ''),
(156, 27, 0, 'JA Tooltips plugin for Joomla 1.6.x', '', 'plg_jatooltips', 'plugin', '', 0, '1.0.0', '', 'http://update.joomlart.com/service/tracking/j16/plg_jatooltips.xml', '', ''),
(157, 27, 0, 'JA Typo Button Plugin for J25 & J3x', '', 'plg_jatypobutton', 'plugin', 'plg_jatypobutton', 0, '2.6.0', '', 'http://update.joomlart.com/service/tracking/j16/plg_jatypobutton.xml', '', ''),
(158, 27, 0, 'JA K2 Filter Plg for J25 & J3.x', '', 'jak2filter', 'plugin', 'k2', 0, '1.2.0', '', 'http://update.joomlart.com/service/tracking/j16/plg_k2_jak2filter.xml', '', ''),
(159, 27, 0, 'JA K2 Timeline Plugin', '', 'jak2timeline', 'plugin', 'k2', 0, '1.0.0', '', 'http://update.joomlart.com/service/tracking/j16/plg_k2_jak2timeline.xml', '', ''),
(160, 27, 0, 'Multi Captcha Engine Plugin for J3.x', '', 'captcha_engine', 'plugin', 'multiple', 0, '2.5.3', '', 'http://update.joomlart.com/service/tracking/j16/plg_multiple_captcha_engine.xml', '', ''),
(161, 27, 0, 'JA JobBoard Payment Plugin Authorize for Joomla 2.5', '', 'plg_payment_jajb_authorize_25', 'custom', '', 0, '1.0.0', '', 'http://update.joomlart.com/service/tracking/j16/plg_payment_jajb_authorize_25.xml', '', ''),
(162, 27, 0, 'JA JobBoard Payment Plugin MoneyBooker for Joomla 2.5', '', 'plg_payment_jajb_moneybooker_25', 'custom', '', 0, '1.0.0', '', 'http://update.joomlart.com/service/tracking/j16/plg_payment_jajb_moneybooker_25.xml', '', ''),
(163, 27, 0, 'JA JobBoard Payment Plugin Paypal for Joomla 2.5', '', 'plg_payment_jajb_paypal_25', 'custom', '', 0, '1.0.0', '', 'http://update.joomlart.com/service/tracking/j16/plg_payment_jajb_paypal_25.xml', '', ''),
(164, 27, 0, 'JA JobBoard Payment Plugin BankWire for Joomla 2.5', '', 'plg_payment_jajb_wirebank_25', 'custom', '', 0, '1.0.0', '', 'http://update.joomlart.com/service/tracking/j16/plg_payment_jajb_wirebank_25.xml', '', ''),
(165, 27, 0, 'JA Search Comment Plugin for Joomla J2.5 & 3.x', '', 'jacomment', 'plugin', 'search', 0, '2.5.2', '', 'http://update.joomlart.com/service/tracking/j16/plg_search_jacomment.xml', '', ''),
(166, 27, 0, 'JA Search Jobs plugin for Joomla 2.5', '', 'jajob', 'plugin', 'search', 0, '1.0.0 stable', '', 'http://update.joomlart.com/service/tracking/j16/plg_search_jajob.xml', '', ''),
(167, 27, 0, 'JA System Comment Plugin for Joomla 2.5 & 3.3', '', 'jacomment', 'plugin', 'system', 0, '2.5.5', '', 'http://update.joomlart.com/service/tracking/j16/plg_system_jacomment.xml', '', ''),
(168, 27, 0, 'JA Content Extra Fields for Joomla 2.5', '', 'jacontentextrafields', 'plugin', 'system', 0, '2.5.1', '', 'http://update.joomlart.com/service/tracking/j16/plg_system_jacontentextrafields.xml', '', ''),
(169, 27, 0, 'JA System Google Map plugin for Joomla 2.5 & J3.x', '', 'jagooglemap', 'plugin', 'system', 0, '2.6.3', '', 'http://update.joomlart.com/service/tracking/j16/plg_system_jagooglemap.xml', '', ''),
(170, 27, 0, 'JAEC PLG System Jobboad Jomsocial Synchonization', '', 'jajb_jomsocial', 'plugin', 'system', 0, '1.0.0', '', 'http://update.joomlart.com/service/tracking/j16/plg_system_jajb_jomsocial.xml', '', ''),
(171, 27, 0, 'JA System Lazyload Plugin for J25 & J3x', '', 'jalazyload', 'plugin', 'system', 0, '1.0.6', '', 'http://update.joomlart.com/service/tracking/j16/plg_system_jalazyload.xml', '', ''),
(172, 27, 0, 'JA Megafilter Plugin', '', 'jamegafilter', 'plugin', 'system', 0, '1.0.0 Beta 1', '', 'http://update.joomlart.com/service/tracking/j16/plg_system_jamegafilter.xml', '', ''),
(173, 27, 0, 'JA System Nrain Plugin for Joomla 2.5 & 3.3', '', 'janrain', 'plugin', 'system', 0, '2.5.4', '', 'http://update.joomlart.com/service/tracking/j16/plg_system_janrain.xml', '', ''),
(174, 27, 0, 'JA Popup Plugin for Joomla 25 & 34', '', 'japopup', 'plugin', 'system', 0, '2.6.3', '', 'http://update.joomlart.com/service/tracking/j16/plg_system_japopup.xml', '', ''),
(175, 27, 0, 'JA System Social Plugin for Joomla 3.x', '', 'jasocial', 'plugin', 'system', 0, '2.5.5', '', 'http://update.joomlart.com/service/tracking/j16/plg_system_jasocial.xml', '', ''),
(176, 27, 0, 'JA System Social Feed Plugin for Joomla 2.5 & 3.4', '', 'jasocial_feed', 'plugin', 'system', 0, '1.2.8', '', 'http://update.joomlart.com/service/tracking/j16/plg_system_jasocial_feed.xml', '', ''),
(177, 27, 0, 'JA T3v2 System Plugin for J3.x', '', 'jat3', 'plugin', 'system', 0, '2.7.3', '', 'http://update.joomlart.com/service/tracking/j16/plg_system_jat3.xml', '', ''),
(178, 27, 0, 'JA T3v3 System Plugin', '', 'jat3v3', 'plugin', 'system', 0, '1.0.3', '', 'http://update.joomlart.com/service/tracking/j16/plg_system_jat3v3.xml', '', ''),
(179, 27, 0, 'JA Tabs Plugin for J3.x', '', 'jatabs', 'plugin', 'system', 0, '2.6.6', '', 'http://update.joomlart.com/service/tracking/j16/plg_system_jatabs.xml', '', ''),
(180, 27, 0, 'JA Typo Plugin for Joomla 2.5 & J34', '', 'jatypo', 'plugin', 'system', 0, '2.5.7', '', 'http://update.joomlart.com/service/tracking/j16/plg_system_jatypo.xml', '', ''),
(181, 27, 0, 'T3 System Plugin', '', 't3', 'plugin', 'system', 0, '2.6.1', '', 'http://update.joomlart.com/service/tracking/j16/plg_system_t3.xml', '', ''),
(182, 27, 0, 'JA Teline III Template for Joomla 2.5', '', 'teline_iii', 'template', '', 0, '2.5.3', '', 'http://update.joomlart.com/service/tracking/j16/teline_iii.xml', '', ''),
(183, 27, 0, 'Thirdparty Extensions Compatibility Bundle', '', 'thirdparty_exts_compatibility', 'custom', '', 0, '1.0.0', '', 'http://update.joomlart.com/service/tracking/j16/thirdparty_exts_compatibility.xml', '', ''),
(184, 27, 0, 'T3 Blank Template', '', 't3_blank', 'template', '', 0, '2.2.1', '', 'http://update.joomlart.com/service/tracking/j16/tpl_t3_blank.xml', '', ''),
(185, 27, 0, 'Uber Template', '', 'uber', 'template', '', 0, '2.1.4', '', 'http://update.joomlart.com/service/tracking/j16/uber.xml', '', ''),
(186, 27, 0, 'Backend Template', '', 'backend_template_package', 'template', '', 0, '1.0.4', '', 'http://update.joomlart.com/service/tracking/j30/backend_template_package.xml', '', ''),
(187, 27, 0, 'Backend Template', '', 'backend_template_pkg', 'template', '', 0, '1.0.4', '', 'http://update.joomlart.com/service/tracking/j30/backend_template_pkg.xml', '', ''),
(188, 27, 0, 'JA Restaurant Template', '', 'ja_restaurant', 'template', '', 0, '1.0.0', '', 'http://update.joomlart.com/service/tracking/j30/ja_restaurant.xml', '', ''),
(189, 27, 0, 'T3 BS3 Blank Template', '', 't3_bs3_blank', 'template', '', 0, '2.2.1', '', 'http://update.joomlart.com/service/tracking/j30/tpl_t3_bs3_blank.xml', '', ''),
(190, 27, 0, 'JA K2 v3 Filter package for J33', '', 'com_jak2v3filter', 'component', '', 1, '3.0.0 preview ', '', 'http://update.joomlart.com/service/tracking/j31/com_jak2v3filter.xml', '', ''),
(191, 27, 0, 'JA Multilingual Component for Joomla 2.5 & 3.4', '', 'com_jalang', 'component', '', 1, '1.0.9', '', 'http://update.joomlart.com/service/tracking/j31/com_jalang.xml', '', ''),
(192, 27, 0, 'JA Intranet Theme for EasyBlog', '', 'easyblog_theme_intranet', 'custom', '', 0, '1.0.0', '', 'http://update.joomlart.com/service/tracking/j31/easyblog_theme_intranet.xml', '', ''),
(193, 27, 0, 'JA Resume Theme for EasyBlog', '', 'easyblog_theme_resume', 'custom', '', 0, '1.0.2', '', 'http://update.joomlart.com/service/tracking/j31/easyblog_theme_resume.xml', '', ''),
(194, 27, 0, 'JA Sugite Theme for EasyBlog', '', 'easyblog_theme_sugite', 'custom', '', 0, '1.1.1', '', 'http://update.joomlart.com/service/tracking/j31/easyblog_theme_sugite.xml', '', ''),
(195, 27, 0, 'JA Biz Template', '', 'ja_biz', 'template', '', 0, '1.1.6', '', 'http://update.joomlart.com/service/tracking/j31/ja_biz.xml', '', ''),
(196, 27, 0, 'JA Brickstore Template', '', 'ja_brickstore', 'template', '', 0, '1.0.1', '', 'http://update.joomlart.com/service/tracking/j31/ja_brickstore.xml', '', ''),
(197, 27, 0, 'JA Cago template', '', 'ja_cago', 'template', '', 0, '1.0.0', '', 'http://update.joomlart.com/service/tracking/j31/ja_cago.xml', '', ''),
(198, 27, 0, 'JA Cagox template', '', 'ja_cagox', 'template', '', 0, '1.0.5', '', 'http://update.joomlart.com/service/tracking/j31/ja_cagox.xml', '', ''),
(199, 27, 0, 'JA Charity template', '', 'ja_charity', 'template', '', 0, '1.0.5', '', 'http://update.joomlart.com/service/tracking/j31/ja_charity.xml', '', ''),
(200, 27, 0, 'JA Directory Template', '', 'ja_directory', 'template', '', 0, '1.0.3', '', 'http://update.joomlart.com/service/tracking/j31/ja_directory.xml', '', ''),
(201, 27, 0, 'JA Edenite Template for J25 & J34', '', 'ja_edenite', 'template', '', 0, '2.5.5', '', 'http://update.joomlart.com/service/tracking/j31/ja_edenite.xml', '', ''),
(202, 27, 0, 'JA Elicyon Template', '', 'ja_elicyon', 'template', '', 0, '1.0.2', '', 'http://update.joomlart.com/service/tracking/j31/ja_elicyon.xml', '', ''),
(203, 27, 0, 'JA Events II template', '', 'ja_events_ii', 'template', '', 0, '1.0.3', '', 'http://update.joomlart.com/service/tracking/j31/ja_events_ii.xml', '', ''),
(204, 27, 0, 'JA Fixel Template', '', 'ja_fixel', 'template', '', 0, '1.1.5', '', 'http://update.joomlart.com/service/tracking/j31/ja_fixel.xml', '', ''),
(205, 27, 0, 'JA Healthcare Template', '', 'ja_healthcare', 'template', '', 0, '1.0.2', '', 'http://update.joomlart.com/service/tracking/j31/ja_healthcare.xml', '', ''),
(206, 27, 0, 'JA Hotel Template', '', 'ja_hotel', 'template', '', 0, '1.0.3', '', 'http://update.joomlart.com/service/tracking/j31/ja_hotel.xml', '', ''),
(207, 27, 0, 'JA Intranet Template', '', 'ja_intranet', 'template', '', 0, '1.0.1', '', 'http://update.joomlart.com/service/tracking/j31/ja_intranet.xml', '', ''),
(208, 27, 0, 'JA Magz II Template', '', 'ja_magz_ii', 'template', '', 0, '1.0.2', '', 'http://update.joomlart.com/service/tracking/j31/ja_magz_ii.xml', '', ''),
(209, 27, 0, 'JA Megastore Template', '', 'ja_megastore', 'template', '', 0, '1.0.1', '', 'http://update.joomlart.com/service/tracking/j31/ja_megastore.xml', '', ''),
(210, 27, 0, 'JA Mono Template', '', 'ja_mono', 'template', '', 0, '1.0.4', '', 'http://update.joomlart.com/service/tracking/j31/ja_mono.xml', '', ''),
(211, 27, 0, 'JA Moviemax Template', '', 'ja_moviemax', 'template', '', 0, '1.1.2', '', 'http://update.joomlart.com/service/tracking/j31/ja_moviemax.xml', '', ''),
(212, 27, 0, 'JA Muzic Template for J25 & J3x', '', 'ja_muzic', 'template', '', 0, '1.1.3', '', 'http://update.joomlart.com/service/tracking/j31/ja_muzic.xml', '', ''),
(213, 27, 0, 'JA Platon Template', '', 'ja_platon', 'template', '', 0, '1.0.3', '', 'http://update.joomlart.com/service/tracking/j31/ja_platon.xml', '', ''),
(214, 27, 0, 'JA Playstore Template', '', 'ja_playstore', 'template', '', 0, '1.0.3', '', 'http://update.joomlart.com/service/tracking/j31/ja_playstore.xml', '', ''),
(215, 27, 0, 'JA Rave Template for Joomla 3.x', '', 'ja_rave', 'template', '', 0, '2.5.5', '', 'http://update.joomlart.com/service/tracking/j31/ja_rave.xml', '', ''),
(216, 27, 0, 'JA Rent template', '', 'ja_rent', 'template', '', 0, '1.0.2', '', 'http://update.joomlart.com/service/tracking/j31/ja_rent.xml', '', ''),
(217, 27, 0, 'JA Resume Template', '', 'ja_resume', 'template', '', 0, '1.0.2', '', 'http://update.joomlart.com/service/tracking/j31/ja_resume.xml', '', ''),
(218, 27, 0, 'JA Simpli Template', '', 'ja_simpli', 'template', '', 0, '1.0.0', '', 'http://update.joomlart.com/service/tracking/j31/ja_simpli.xml', '', ''),
(219, 27, 0, 'JA Social II template', '', 'ja_social_ii', 'template', '', 0, '1.0.5', '', 'http://update.joomlart.com/service/tracking/j31/ja_social_ii.xml', '', ''),
(220, 27, 0, 'JA Techzone Template', '', 'ja_techzone', 'template', '', 0, '1.0.2', '', 'http://update.joomlart.com/service/tracking/j31/ja_techzone.xml', '', ''),
(221, 27, 0, 'JA Teline V Template', '', 'ja_teline_v', 'template', '', 0, '1.1.0', '', 'http://update.joomlart.com/service/tracking/j31/ja_teline_v.xml', '', ''),
(222, 27, 0, 'JA University Template for J25 & J32', '', 'ja_university', 'template', '', 0, '1.0.7', '', 'http://update.joomlart.com/service/tracking/j31/ja_university.xml', '', ''),
(223, 27, 0, 'JA University T3 template', '', 'ja_university_t3', 'template', '', 0, '1.1.5', '', 'http://update.joomlart.com/service/tracking/j31/ja_university_t3.xml', '', ''),
(224, 27, 0, 'JA Vintas Template for J25 & J3x', '', 'ja_vintas', 'template', '', 0, '1.0.5', '', 'http://update.joomlart.com/service/tracking/j31/ja_vintas.xml', '', ''),
(225, 27, 0, 'JA Wall Template for J25 & J34', '', 'ja_wall', 'template', '', 0, '1.2.1', '', 'http://update.joomlart.com/service/tracking/j31/ja_wall.xml', '', ''),
(226, 27, 0, 'Jomsocial theme for Platon', '', 'jomsocial_theme_platon', 'custom', '', 0, '1.0.1', '', 'http://update.joomlart.com/service/tracking/j31/jomsocial_theme_platon.xml', '', ''),
(227, 27, 0, 'Theme Fixel for JShopping J25 & J3x', '', 'jshopping_theme_fixel', 'custom', '', 0, '1.0.6', '', 'http://update.joomlart.com/service/tracking/j31/jshopping_theme_fixel.xml', '', ''),
(228, 27, 0, 'JA Tiris Jshopping theme for J3x', '', 'jshopping_theme_tiris_j3x', 'custom', '', 0, '2.5.6', '', 'http://update.joomlart.com/service/tracking/j31/jshopping_theme_tiris_j3x.xml', '', ''),
(229, 27, 0, 'JA Mitius Kunena Theme for Joomla 3x', '', 'kunena_theme_mitius', 'custom', '', 0, '1.0.5', '', 'http://update.joomlart.com/service/tracking/j31/kunena_theme_mitius.xml', '', ''),
(230, 27, 0, 'JA Tiris Kunena Theme for Joomla 3x', '', 'kunena_theme_mitius_j31', 'custom', '', 0, '2.5.4', '', 'http://update.joomlart.com/service/tracking/j31/kunena_theme_mitius_j31.xml', '', ''),
(231, 27, 0, 'Kunena Theme MovieMax', '', 'kunena_theme_moviemax', 'custom', '', 0, '1.0.0', '', 'http://update.joomlart.com/service/tracking/j31/kunena_theme_moviemax.xml', '', ''),
(232, 27, 0, 'Kunena Theme Platon', '', 'kunena_theme_platon', 'custom', '', 0, '1.0.1', '', 'http://update.joomlart.com/service/tracking/j31/kunena_theme_platon.xml', '', ''),
(233, 27, 0, 'Kunena Theme Playstore', '', 'kunena_theme_playstore', 'custom', '', 0, '1.0.1', '', 'http://update.joomlart.com/service/tracking/j31/kunena_theme_playstore.xml', '', ''),
(234, 27, 0, 'JA Tiris Kunena Theme for Joomla 3x', '', 'kunena_theme_tiris_j3x', 'custom', '', 0, '2.5.5', '', 'http://update.joomlart.com/service/tracking/j31/kunena_theme_tiris_j3x.xml', '', ''),
(235, 27, 0, 'Mijoshop Modules Accordion', '', 'mijoshop_mod_accordion', 'custom', '', 0, '1.0.2', '', 'http://update.joomlart.com/service/tracking/j31/mijoshop_mod_accordion.xml', '', ''),
(236, 27, 0, 'Mijoshop V3 Modules Accordion', '', 'mijoshop_mod_accordion_v3', 'custom', '', 0, '1.0.0', '', 'http://update.joomlart.com/service/tracking/j31/mijoshop_mod_accordion_v3.xml', '', ''),
(237, 27, 0, 'Mijoshop Modules Slider', '', 'mijoshop_mod_slider', 'custom', '', 0, '1.0.2', '', 'http://update.joomlart.com/service/tracking/j31/mijoshop_mod_slider.xml', '', ''),
(238, 27, 0, 'Mijoshop V3 Modules Slider', '', 'mijoshop_mod_slider_v3', 'custom', '', 0, '1.0.0', '', 'http://update.joomlart.com/service/tracking/j31/mijoshop_mod_slider_v3.xml', '', ''),
(239, 27, 0, 'JA Bookshop Theme for Mijoshop V3', '', 'mijoshop_theme_bookshop_v3', 'custom', '', 0, '1.0.2', '', 'http://update.joomlart.com/service/tracking/j31/mijoshop_theme_bookshop_v3.xml', '', ''),
(240, 27, 0, 'JA Google Analytics', '', 'mod_jagoogle_analytics', 'module', '', 0, '1.0.3', '', 'http://update.joomlart.com/service/tracking/j31/mod_jagoogle_analytics.xml', '', ''),
(241, 27, 0, 'JA Google Chart Module', '', 'mod_jagooglechart', 'module', '', 0, '1.0.2', '', 'http://update.joomlart.com/service/tracking/j31/mod_jagooglechart.xml', '', ''),
(242, 27, 0, 'JA Halloween Game for Joomla 3.x', '', 'mod_jahalloweengame', 'module', '', 0, '1.0.0', '', 'http://update.joomlart.com/service/tracking/j31/mod_jahalloweengame.xml', '', ''),
(243, 27, 0, 'JA K2 v3 Filter Module for J33', '', 'mod_jak2v3filter', 'module', '', 0, '3.0.0 preview ', '', 'http://update.joomlart.com/service/tracking/j31/mod_jak2v3filter.xml', '', ''),
(244, 27, 0, 'JA Masthead Module ', '', 'mod_jamasthead', 'module', '', 0, '1.0.2', '', 'http://update.joomlart.com/service/tracking/j31/mod_jamasthead.xml', '', ''),
(245, 27, 0, 'JA Promo Bar module', '', 'mod_japromobar', 'module', '', 0, '1.0.4', '', 'http://update.joomlart.com/service/tracking/j31/mod_japromobar.xml', '', ''),
(246, 27, 0, 'Ja Yahoo Finance', '', 'mod_jayahoo_finance', 'module', '', 0, '1.0.0', '', 'http://update.joomlart.com/service/tracking/j31/mod_jayahoo_finance.xml', '', ''),
(247, 27, 0, 'Ja Yahoo Weather', '', 'mod_jayahoo_weather', 'module', '', 0, '1.0.1', '', 'http://update.joomlart.com/service/tracking/j31/mod_jayahoo_weather.xml', '', ''),
(248, 27, 0, 'Plugin Ajax JA Content Type', '', 'jacontenttype', 'plugin', 'ajax', 0, '1.0.0', '', 'http://update.joomlart.com/service/tracking/j31/plg_ajax_jacontenttype.xml', '', ''),
(249, 27, 0, 'JA K2 Data Migration plugin', '', 'plg_jak2tocomcontentmigration', 'plugin', 'plg_jak2tocomcontent', 0, '1.0.3', '', 'http://update.joomlart.com/service/tracking/j31/plg_jak2tocomcontentmigration.xml', '', ''),
(250, 27, 0, 'Plgin JA K2 import to Joomla Content', '', 'plg_jak2tocontent', 'plugin', 'plg_jak2tocontent', 0, '1.0.0 beta', '', 'http://update.joomlart.com/service/tracking/j31/plg_jak2tocontent.xml', '', ''),
(251, 27, 0, 'JA K2 Extrafields', '', 'jak2extrafields', 'plugin', 'k2', 0, '1.0.0', '', 'http://update.joomlart.com/service/tracking/j31/plg_k2_jak2extrafields.xml', '', ''),
(252, 27, 0, 'JA K2 v3 Filter Plugin for J33', '', 'jak2v3filter', 'plugin', 'k2', 0, '3.0.0 preview ', '', 'http://update.joomlart.com/service/tracking/j31/plg_k2_jak2v3filter.xml', '', ''),
(253, 27, 0, 'JA System Designit Plugin', '', 'designit', 'plugin', 'system', 0, '1.0.0', '', 'http://update.joomlart.com/service/tracking/j31/plg_system_designit.xml', '', ''),
(254, 27, 0, 'Plugin JA Content Type', '', 'jacontenttype', 'plugin', 'system', 0, '1.0.4', '', 'http://update.joomlart.com/service/tracking/j31/plg_system_jacontenttype.xml', '', ''),
(255, 27, 0, 'Purity III Template', '', 'purity_iii', 'template', '', 0, '1.1.7', '', 'http://update.joomlart.com/service/tracking/j31/purity_iii.xml', '', ''),
(256, 27, 0, 'Sample package for Uber App', '', 'uber_app', 'sample_package', '', 0, '2.0.2', '', 'http://update.joomlart.com/service/tracking/j31/uber_app.xml', '', ''),
(257, 27, 0, 'Sample package for Bookstore', '', 'uber_bookstore', 'sample_package', '', 0, '2.1.2', '', 'http://update.joomlart.com/service/tracking/j31/uber_bookstore.xml', '', ''),
(258, 27, 0, 'Sample package for Uber Business', '', 'uber_business', 'sample_package', '', 0, '2.0.2', '', 'http://update.joomlart.com/service/tracking/j31/uber_business.xml', '', ''),
(259, 27, 0, 'Sample package for Uber Charity', '', 'uber_charity', 'sample_package', '', 0, '2.0.2', '', 'http://update.joomlart.com/service/tracking/j31/uber_charity.xml', '', ''),
(260, 27, 0, 'Sample package for Uber Church', '', 'uber_church', 'sample_package', '', 0, '2.0.2', '', 'http://update.joomlart.com/service/tracking/j31/uber_church.xml', '', ''),
(261, 27, 0, 'Sample package for Uber Construction', '', 'uber_construction', 'sample_package', '', 0, '2.0.2', '', 'http://update.joomlart.com/service/tracking/j31/uber_construction.xml', '', ''),
(262, 27, 0, 'Sample package for Uber Corporate', '', 'uber_corporate', 'sample_package', '', 0, '2.0.2', '', 'http://update.joomlart.com/service/tracking/j31/uber_corporate.xml', '', ''),
(263, 27, 0, 'Sample package for Uber Gym', '', 'uber_gym', 'sample_package', '', 0, '2.0.2', '', 'http://update.joomlart.com/service/tracking/j31/uber_gym.xml', '', ''),
(264, 27, 0, 'Sample package for Uber Home', '', 'uber_home', 'sample_package', '', 0, '2.0.2', '', 'http://update.joomlart.com/service/tracking/j31/uber_home.xml', '', ''),
(265, 27, 0, 'Sample package for Landing page', '', 'uber_landing', 'sample_package', '', 0, '2.1.0', '', 'http://update.joomlart.com/service/tracking/j31/uber_landing.xml', '', ''),
(266, 27, 0, 'Sample package for Uber Lawyer', '', 'uber_lawyer', 'sample_package', '', 0, '2.0.2', '', 'http://update.joomlart.com/service/tracking/j31/uber_lawyer.xml', '', ''),
(267, 27, 0, 'Sample package for Uber Medicare', '', 'uber_medicare', 'sample_package', '', 0, '2.1.0', '', 'http://update.joomlart.com/service/tracking/j31/uber_medicare.xml', '', ''),
(268, 27, 0, 'Sample package for Uber Music', '', 'uber_music', 'sample_package', '', 0, '2.0.2', '', 'http://update.joomlart.com/service/tracking/j31/uber_music.xml', '', ''),
(269, 27, 0, 'Sample package for Uber Restaurant', '', 'uber_restaurant', 'sample_package', '', 0, '2.0.3', '', 'http://update.joomlart.com/service/tracking/j31/uber_restaurant.xml', '', ''),
(270, 27, 0, 'Sample package for Uber Spa', '', 'uber_spa', 'sample_package', '', 0, '2.0.2', '', 'http://update.joomlart.com/service/tracking/j31/uber_spa.xml', '', ''),
(271, 27, 0, 'Sample package for Uber University', '', 'uber_university', 'sample_package', '', 0, '2.0.2', '', 'http://update.joomlart.com/service/tracking/j31/uber_university.xml', '', ''),
(272, 27, 0, 'Sample package for Uber Wedding', '', 'uber_wedding', 'sample_package', '', 0, '2.0.2', '', 'http://update.joomlart.com/service/tracking/j31/uber_wedding.xml', '', ''),
(273, 29, 10165, 'RSForm! Pro 1.52.4', '', 'com_rsform', 'component', '', 1, '1.52.4', '', 'https://www.rsjoomla.com/updates/com_rsform/Component/com_rsform.xml', 'https://www.rsjoomla.com/support/documentation/rsform-pro/changelog/rsform-pro-changelog.html', ''),
(274, 1, 0, 'Joomla', '', 'joomla', 'file', '', 0, '3.6.5', '', 'https://update.joomla.org/core/sts/extension_sts.xml', '', ''),
(275, 1, 0, 'Joomla', '', 'joomla', 'file', '', 0, '3.6.5', '', 'https://update.joomla.org/core/sts/extension_sts.xml', '', ''),
(276, 1, 0, 'Joomla', '', 'joomla', 'file', '', 0, '3.6.5', '', 'https://update.joomla.org/core/sts/extension_sts.xml', '', '');

-- --------------------------------------------------------

--
-- Table structure for table `i0adu_update_sites`
--

CREATE TABLE `i0adu_update_sites` (
  `update_site_id` int NOT NULL,
  `name` varchar(100) COLLATE utf8mb4_unicode_ci DEFAULT '',
  `type` varchar(20) COLLATE utf8mb4_unicode_ci DEFAULT '',
  `location` mediumtext COLLATE utf8mb4_unicode_ci NOT NULL,
  `enabled` int DEFAULT '0',
  `last_check_timestamp` bigint DEFAULT '0',
  `extra_query` varchar(1000) COLLATE utf8mb4_unicode_ci DEFAULT ''
) ENGINE=InnoDB DEFAULT CHARSET=utf8mb4 COLLATE=utf8mb4_unicode_ci;

--
-- Dumping data for table `i0adu_update_sites`
--

INSERT INTO `i0adu_update_sites` (`update_site_id`, `name`, `type`, `location`, `enabled`, `last_check_timestamp`, `extra_query`) VALUES
(1, 'Joomla! Core', 'collection', 'https://update.joomla.org/core/list.xml', 1, 1491429430, ''),
(2, 'Joomla! Extension Directory', 'collection', 'https://update.joomla.org/jed/list.xml', 0, 0, ''),
(3, 'Accredited Joomla! Translations', 'collection', 'https://update.joomla.org/language/translationlist_3.xml', 1, 0, ''),
(6, 'RocketTheme Update Directory', 'collection', 'http://updates.rockettheme.com/joomla/updates.xml', 1, 0, ''),
(8, 'K2 Updates', 'extension', 'http://getk2.org/update.xml', 0, 0, ''),
(13, 'Plugin Googlemap Update Site', 'extension', 'http://tech.reumer.net/update/plugin_googlemap2/extension.xml', 0, 0, ''),
(14, 'Tabs GK5 Updates', 'extension', 'https://www.gavick.com/update_server/joomla30/tabs_gk5.xml', 1, 0, ''),
(20, 'JCE Editor Updates', 'extension', 'https://www.joomlacontenteditor.net/index.php?option=com_updates&view=update&format=xml&id=1&file=extension.xml', 1, 0, ''),
(21, 'Joomla! Update Component Update Site', 'extension', 'https://update.joomla.org/core/extensions/com_joomlaupdate.xml', 1, 0, ''),
(23, 'Weblinks Update Site', 'extension', 'https://raw.githubusercontent.com/joomla-extensions/weblinks/master/manifest.xml', 1, 0, ''),
(24, 'YOOtheme Installer', 'extension', 'http://yootheme.com/api/update/installer_yootheme_j33.xml', 1, 0, ''),
(25, 'Simple Image Gallery Pro', 'extension', 'http://www.joomlaworks.net/updates/jw_sigpro.xml', 1, 0, ''),
(27, '', 'collection', 'http://update.joomlart.com/service/tracking/list.xml', 1, 1479236371, ''),
(29, 'RSForm! Pro', 'extension', 'https://www.rsjoomla.com/updates/com_rsform/Component/com_rsform.xml', 1, 1479236371, ''),
(30, 'Gantry Framework Update Site', 'extension', 'http://www.gantry-framework.org/updates/joomla16/gantry.xml', 1, 1479236371, '');

-- --------------------------------------------------------

--
-- Table structure for table `i0adu_update_sites_extensions`
--

CREATE TABLE `i0adu_update_sites_extensions` (
  `update_site_id` int NOT NULL DEFAULT '0',
  `extension_id` int NOT NULL DEFAULT '0'
) ENGINE=InnoDB DEFAULT CHARSET=utf8mb4 COLLATE=utf8mb4_unicode_ci;

--
-- Dumping data for table `i0adu_update_sites_extensions`
--

INSERT INTO `i0adu_update_sites_extensions` (`update_site_id`, `extension_id`) VALUES
(1, 700),
(2, 700),
(3, 802),
(3, 10117),
(6, 10010),
(6, 10012),
(6, 10014),
(6, 10069),
(6, 10071),
(6, 10112),
(8, 10028),
(13, 10077),
(14, 10078),
(20, 10120),
(21, 28),
(23, 801),
(24, 10144),
(25, 10133),
(27, 10157),
(29, 10165),
(30, 10176);

-- --------------------------------------------------------

--
-- Table structure for table `i0adu_usergroups`
--

CREATE TABLE `i0adu_usergroups` (
  `id` int UNSIGNED NOT NULL COMMENT 'Primary Key',
  `parent_id` int UNSIGNED NOT NULL DEFAULT '0' COMMENT 'Adjacency List Reference Id',
  `lft` int NOT NULL DEFAULT '0' COMMENT 'Nested set lft.',
  `rgt` int NOT NULL DEFAULT '0' COMMENT 'Nested set rgt.',
  `title` varchar(100) COLLATE utf8mb4_unicode_ci NOT NULL DEFAULT ''
) ENGINE=InnoDB DEFAULT CHARSET=utf8mb4 COLLATE=utf8mb4_unicode_ci;

--
-- Dumping data for table `i0adu_usergroups`
--

INSERT INTO `i0adu_usergroups` (`id`, `parent_id`, `lft`, `rgt`, `title`) VALUES
(1, 0, 1, 18, 'Public'),
(2, 1, 8, 15, 'Registered'),
(3, 2, 9, 14, 'Author'),
(4, 3, 10, 13, 'Editor'),
(5, 4, 11, 12, 'Publisher'),
(6, 1, 4, 7, 'Manager'),
(7, 6, 5, 6, 'Administrator'),
(8, 1, 16, 17, 'Super Users'),
(9, 1, 2, 3, 'Guest');

-- --------------------------------------------------------

--
-- Table structure for table `i0adu_user_keys`
--

CREATE TABLE `i0adu_user_keys` (
  `id` int UNSIGNED NOT NULL,
  `user_id` varchar(150) COLLATE utf8mb4_unicode_ci NOT NULL,
  `token` varchar(255) COLLATE utf8mb4_unicode_ci NOT NULL,
  `series` varchar(191) COLLATE utf8mb4_unicode_ci NOT NULL,
  `invalid` tinyint NOT NULL,
  `time` varchar(200) COLLATE utf8mb4_unicode_ci NOT NULL,
  `uastring` varchar(255) COLLATE utf8mb4_unicode_ci NOT NULL
) ENGINE=InnoDB DEFAULT CHARSET=utf8mb4 COLLATE=utf8mb4_unicode_ci;

-- --------------------------------------------------------

--
-- Table structure for table `i0adu_user_notes`
--

CREATE TABLE `i0adu_user_notes` (
  `id` int UNSIGNED NOT NULL,
  `user_id` int UNSIGNED NOT NULL DEFAULT '0',
  `catid` int UNSIGNED NOT NULL DEFAULT '0',
  `subject` varchar(100) COLLATE utf8mb4_unicode_ci NOT NULL DEFAULT '',
  `body` mediumtext COLLATE utf8mb4_unicode_ci NOT NULL,
  `state` tinyint NOT NULL DEFAULT '0',
  `checked_out` int UNSIGNED NOT NULL DEFAULT '0',
  `checked_out_time` datetime NOT NULL DEFAULT '0000-00-00 00:00:00',
  `created_user_id` int UNSIGNED NOT NULL DEFAULT '0',
  `created_time` datetime NOT NULL DEFAULT '0000-00-00 00:00:00',
  `modified_user_id` int UNSIGNED NOT NULL,
  `modified_time` datetime NOT NULL DEFAULT '0000-00-00 00:00:00',
  `review_time` datetime NOT NULL DEFAULT '0000-00-00 00:00:00',
  `publish_up` datetime NOT NULL DEFAULT '0000-00-00 00:00:00',
  `publish_down` datetime NOT NULL DEFAULT '0000-00-00 00:00:00'
) ENGINE=InnoDB DEFAULT CHARSET=utf8mb4 COLLATE=utf8mb4_unicode_ci;

-- --------------------------------------------------------

--
-- Table structure for table `i0adu_user_profiles`
--

CREATE TABLE `i0adu_user_profiles` (
  `user_id` int NOT NULL,
  `profile_key` varchar(100) COLLATE utf8mb4_unicode_ci NOT NULL,
  `profile_value` mediumtext COLLATE utf8mb4_unicode_ci NOT NULL,
  `ordering` int NOT NULL DEFAULT '0'
) ENGINE=InnoDB DEFAULT CHARSET=utf8mb4 COLLATE=utf8mb4_unicode_ci COMMENT='Simple user profile storage table';

-- --------------------------------------------------------

--
-- Table structure for table `i0adu_user_usergroup_map`
--

CREATE TABLE `i0adu_user_usergroup_map` (
  `user_id` int UNSIGNED NOT NULL DEFAULT '0' COMMENT 'Foreign Key to #__users.id',
  `group_id` int UNSIGNED NOT NULL DEFAULT '0' COMMENT 'Foreign Key to #__usergroups.id'
) ENGINE=InnoDB DEFAULT CHARSET=utf8mb4 COLLATE=utf8mb4_unicode_ci;

--
-- Dumping data for table `i0adu_user_usergroup_map`
--

INSERT INTO `i0adu_user_usergroup_map` (`user_id`, `group_id`) VALUES
(291, 8),
(910, 8);

-- --------------------------------------------------------

--
-- Table structure for table `i0adu_utf8_conversion`
--

CREATE TABLE `i0adu_utf8_conversion` (
  `converted` tinyint NOT NULL DEFAULT '0'
) ENGINE=InnoDB DEFAULT CHARSET=utf8mb4 COLLATE=utf8mb4_unicode_ci;

--
-- Dumping data for table `i0adu_utf8_conversion`
--

INSERT INTO `i0adu_utf8_conversion` (`converted`) VALUES
(2);

-- --------------------------------------------------------

--
-- Table structure for table `i0adu_viewlevels`
--

CREATE TABLE `i0adu_viewlevels` (
  `id` int UNSIGNED NOT NULL COMMENT 'Primary Key',
  `title` varchar(100) COLLATE utf8mb4_unicode_ci NOT NULL DEFAULT '',
  `ordering` int NOT NULL DEFAULT '0',
  `rules` varchar(5120) COLLATE utf8mb4_unicode_ci NOT NULL COMMENT 'JSON encoded access control.'
) ENGINE=InnoDB DEFAULT CHARSET=utf8mb4 COLLATE=utf8mb4_unicode_ci;

--
-- Dumping data for table `i0adu_viewlevels`
--

INSERT INTO `i0adu_viewlevels` (`id`, `title`, `ordering`, `rules`) VALUES
(1, 'Public', 0, '[1]'),
(2, 'Registered', 1, '[6,2,8]'),
(3, 'Special', 2, '[6,3,8]'),
(5, 'Guest', 0, '[9]');

-- --------------------------------------------------------

--
-- Table structure for table `i0adu_weblinks`
--

CREATE TABLE `i0adu_weblinks` (
  `id` int UNSIGNED NOT NULL,
  `catid` int NOT NULL DEFAULT '0',
  `title` varchar(250) NOT NULL DEFAULT '',
  `alias` varchar(255) CHARACTER SET utf8mb3 COLLATE utf8mb3_bin NOT NULL DEFAULT '',
  `url` varchar(250) NOT NULL DEFAULT '',
  `description` text NOT NULL,
  `hits` int NOT NULL DEFAULT '0',
  `state` tinyint(1) NOT NULL DEFAULT '0',
  `checked_out` int NOT NULL DEFAULT '0',
  `checked_out_time` datetime NOT NULL DEFAULT '0000-00-00 00:00:00',
  `ordering` int NOT NULL DEFAULT '0',
  `access` int NOT NULL DEFAULT '1',
  `params` text NOT NULL,
  `language` char(7) NOT NULL DEFAULT '',
  `created` datetime NOT NULL DEFAULT '0000-00-00 00:00:00',
  `created_by` int UNSIGNED NOT NULL DEFAULT '0',
  `created_by_alias` varchar(255) NOT NULL DEFAULT '',
  `modified` datetime NOT NULL DEFAULT '0000-00-00 00:00:00',
  `modified_by` int UNSIGNED NOT NULL DEFAULT '0',
  `metakey` text NOT NULL,
  `metadesc` text NOT NULL,
  `metadata` text NOT NULL,
  `featured` tinyint UNSIGNED NOT NULL DEFAULT '0' COMMENT 'Set if link is featured.',
  `xreference` varchar(50) NOT NULL COMMENT 'A reference to enable linkages to external data sets.',
  `publish_up` datetime NOT NULL DEFAULT '0000-00-00 00:00:00',
  `publish_down` datetime NOT NULL DEFAULT '0000-00-00 00:00:00',
  `version` int UNSIGNED NOT NULL DEFAULT '1',
  `images` text NOT NULL
) ENGINE=InnoDB DEFAULT CHARSET=utf8mb3;

--
-- Dumping data for table `i0adu_weblinks`
--

INSERT INTO `i0adu_weblinks` (`id`, `catid`, `title`, `alias`, `url`, `description`, `hits`, `state`, `checked_out`, `checked_out_time`, `ordering`, `access`, `params`, `language`, `created`, `created_by`, `created_by_alias`, `modified`, `modified_by`, `metakey`, `metadesc`, `metadata`, `featured`, `xreference`, `publish_up`, `publish_down`, `version`, `images`) VALUES
(1, 10, 'Joomla Templates', 'joomla-templates', 'http://www.rockettheme.com/joomla', 'Club templates and extensions for the powerful and user friendly Joomla CMS.', 0, 1, 0, '0000-00-00 00:00:00', 1, 1, '{\"target\":\"\",\"width\":\"\",\"height\":\"\",\"count_clicks\":\"\"}', '*', '2012-10-26 20:15:10', 291, '', '0000-00-00 00:00:00', 0, '', '', '{\"robots\":\"\",\"rights\":\"\"}', 0, '', '0000-00-00 00:00:00', '0000-00-00 00:00:00', 1, '{\"image_first\":\"\",\"float_first\":\"\",\"image_first_alt\":\"\",\"image_first_caption\":\"\",\"image_second\":\"\",\"float_second\":\"\",\"image_second_alt\":\"\",\"image_second_caption\":\"\"}'),
(2, 10, 'phpBB3 Styles', 'phpbb3-styles', 'http://www.rockettheme.com/phpBB3', 'Club styles for the versatile form platform, phpBB3, with custom addons.', 0, 1, 0, '0000-00-00 00:00:00', 2, 1, '{\"target\":\"\",\"width\":\"\",\"height\":\"\",\"count_clicks\":\"\"}', '*', '2012-10-26 20:15:20', 291, '', '0000-00-00 00:00:00', 0, '', '', '{\"robots\":\"\",\"rights\":\"\"}', 0, '', '0000-00-00 00:00:00', '0000-00-00 00:00:00', 1, '{\"image_first\":\"\",\"float_first\":\"\",\"image_first_alt\":\"\",\"image_first_caption\":\"\",\"image_second\":\"\",\"float_second\":\"\",\"image_second_alt\":\"\",\"image_second_caption\":\"\"}'),
(3, 10, 'WordPress Themes', 'wordpress-themes', 'http://www.rockettheme.com/wordpress', 'Subscribe to access beauitful templates and widgets for WordPress.', 0, 1, 0, '0000-00-00 00:00:00', 3, 1, '{\"target\":\"\",\"width\":\"\",\"height\":\"\",\"count_clicks\":\"\"}', '*', '2012-10-26 20:15:31', 291, '', '0000-00-00 00:00:00', 0, '', '', '{\"robots\":\"\",\"rights\":\"\"}', 0, '', '0000-00-00 00:00:00', '0000-00-00 00:00:00', 1, '{\"image_first\":\"\",\"float_first\":\"\",\"image_first_alt\":\"\",\"image_first_caption\":\"\",\"image_second\":\"\",\"float_second\":\"\",\"image_second_alt\":\"\",\"image_second_caption\":\"\"}'),
(4, 10, 'Magento Templates', 'magento-templates', 'http://www.rockettheme.com/magento', 'Create a stunning ecommerce front for your organization with our Magento templates.', 0, 1, 0, '0000-00-00 00:00:00', 4, 1, '{\"target\":\"\",\"width\":\"\",\"height\":\"\",\"count_clicks\":\"\"}', '*', '2012-10-26 20:15:41', 291, '', '0000-00-00 00:00:00', 0, '', '', '{\"robots\":\"\",\"rights\":\"\"}', 0, '', '0000-00-00 00:00:00', '0000-00-00 00:00:00', 1, '{\"image_first\":\"\",\"float_first\":\"\",\"image_first_alt\":\"\",\"image_first_caption\":\"\",\"image_second\":\"\",\"float_second\":\"\",\"image_second_alt\":\"\",\"image_second_caption\":\"\"}');

-- --------------------------------------------------------

--
-- Table structure for table `i0adu_wf_profiles`
--

CREATE TABLE `i0adu_wf_profiles` (
  `id` int NOT NULL,
  `name` varchar(255) NOT NULL,
  `description` text NOT NULL,
  `users` text NOT NULL,
  `types` text NOT NULL,
  `components` text NOT NULL,
  `area` tinyint NOT NULL,
  `device` varchar(255) NOT NULL,
  `rows` text NOT NULL,
  `plugins` text NOT NULL,
  `published` tinyint NOT NULL,
  `ordering` int NOT NULL,
  `checked_out` tinyint NOT NULL,
  `checked_out_time` datetime NOT NULL,
  `params` text NOT NULL
) ENGINE=InnoDB DEFAULT CHARSET=utf8mb3;

--
-- Dumping data for table `i0adu_wf_profiles`
--

INSERT INTO `i0adu_wf_profiles` (`id`, `name`, `description`, `users`, `types`, `components`, `area`, `device`, `rows`, `plugins`, `published`, `ordering`, `checked_out`, `checked_out_time`, `params`) VALUES
(1, 'Default', 'Default Profile for all users', '', '6,7,3,4,5,8', '', 0, 'desktop,tablet,phone', 'help,newdocument,undo,redo,spacer,bold,italic,underline,strikethrough,justifyfull,justifycenter,justifyleft,justifyright,spacer,blockquote,formatselect,styleselect,removeformat,cleanup;fontselect,fontsizeselect,forecolor,backcolor,spacer,clipboard,indent,outdent,lists,sub,sup,textcase,charmap,hr;directionality,fullscreen,preview,source,print,searchreplace,spacer,table;visualaid,visualchars,visualblocks,nonbreaking,style,xhtmlxtras,anchor,unlink,link,imgmanager,spellchecker,article', 'charmap,contextmenu,browser,inlinepopups,media,help,clipboard,searchreplace,directionality,fullscreen,preview,source,table,textcase,print,style,nonbreaking,visualchars,visualblocks,xhtmlxtras,imgmanager,anchor,link,spellchecker,article,lists,formatselect,styleselect,fontselect,fontsizeselect,fontcolor,hr', 1, 1, 127, '2015-07-29 16:11:34', '{\"media\":{\"iframes\":\"1\"}}'),
(2, 'Front End', 'Sample Front-end Profile', '', '3,4,5', '', 1, 'desktop,tablet,phone', 'help,newdocument,undo,redo,spacer,bold,italic,underline,strikethrough,justifyfull,justifycenter,justifyleft,justifyright,spacer,formatselect,styleselect;clipboard,searchreplace,indent,outdent,lists,cleanup,charmap,removeformat,hr,sub,sup,textcase,nonbreaking,visualchars,visualblocks;fullscreen,preview,print,visualaid,style,xhtmlxtras,anchor,unlink,link,imgmanager,spellchecker,article', 'charmap,contextmenu,inlinepopups,help,clipboard,searchreplace,fullscreen,preview,print,style,textcase,nonbreaking,visualchars,visualblocks,xhtmlxtras,imgmanager,anchor,link,spellchecker,article,lists,formatselect,styleselect,hr', 0, 2, 0, '0000-00-00 00:00:00', ''),
(3, 'Blogger', 'Simple Blogging Profile', '', '3,4,5,6,8,7', '', 0, 'desktop,tablet,phone', 'bold,italic,strikethrough,lists,blockquote,spacer,justifyleft,justifycenter,justifyright,spacer,link,unlink,imgmanager,article,spellchecker,fullscreen,kitchensink;formatselect,styleselect,underline,justifyfull,clipboard,removeformat,charmap,indent,outdent,undo,redo,help', 'link,imgmanager,article,spellchecker,fullscreen,kitchensink,clipboard,contextmenu,inlinepopups,lists,formatselect,styleselect,hr', 0, 3, 0, '0000-00-00 00:00:00', '{\"editor\":{\"toggle\":\"0\"}}'),
(4, 'Mobile', 'Sample Mobile Profile', '', '3,4,5,6,8,7', '', 0, 'tablet,phone', 'undo,redo,spacer,bold,italic,underline,formatselect,spacer,justifyleft,justifycenter,justifyfull,justifyright,spacer,fullscreen,kitchensink;styleselect,lists,spellchecker,article,link,unlink', 'fullscreen,kitchensink,spellchecker,article,link,inlinepopups,lists,formatselect,styleselect', 0, 4, 0, '0000-00-00 00:00:00', '{\"editor\":{\"toolbar_theme\":\"mobile\",\"resizing\":\"0\",\"resize_horizontal\":\"0\",\"resizing_use_cookie\":\"0\",\"toggle\":\"0\",\"links\":{\"popups\":{\"default\":\"\",\"jcemediabox\":{\"enable\":\"0\"},\"window\":{\"enable\":\"0\"}}}}}');

-- --------------------------------------------------------

--
-- Table structure for table `i0adu_widgetkit`
--

CREATE TABLE `i0adu_widgetkit` (
  `id` int NOT NULL,
  `name` varchar(255) NOT NULL,
  `type` varchar(255) NOT NULL,
  `data` longtext NOT NULL
) ENGINE=InnoDB DEFAULT CHARSET=utf8mb3;

--
-- Dumping data for table `i0adu_widgetkit`
--

INSERT INTO `i0adu_widgetkit` (`id`, `name`, `type`, `data`) VALUES
(3, 'Home', 'custom', '{\"_widget\":{\"name\":\"grid-stack\",\"data\":{\"width\":\"1-2\",\"align\":\"left\",\"breakpoint\":\"medium\",\"alternate\":true,\"gutter\":false,\"gutter_vertical\":\"default\",\"divider\":false,\"panel\":true,\"content_align\":true,\"animation_media\":\"fade\",\"animation_content\":\"fade\",\"media\":true,\"image_width\":\"auto\",\"image_height\":\"auto\",\"media_border\":\"none\",\"media_overlay\":\"icon\",\"overlay_animation\":\"fade\",\"media_animation\":\"scale\",\"title\":true,\"content\":true,\"social_buttons\":true,\"title_size\":\"large\",\"text_align\":\"media\",\"link\":false,\"link_style\":\"button\",\"link_text\":\"Ver M\\u00e1s\",\"badge\":true,\"badge_style\":\"badge\",\"badge_position\":\"panel\",\"link_target\":false,\"class\":\"\"}},\"items\":[{\"media\":\"images\\/--inside-bluemall\\/HOME_PAGE_CALENDARIO-agosto.jpg\",\"options\":{\"media\":{\"width\":528,\"height\":450}},\"title\":\"Inside BlueMall\",\"content\":\"<p style=\\\"text-align: justify;\\\">Lo pr\\u00f3ximo en BlueMall. Ent\\u00e9rate de nuestro programa de eventos para este mes y no te pierdas de las actividades que har\\u00e1n de tu visita a BlueMall una experiencia inolvidable.  Cuando visitas BlueMall hay algo siempre sucediendo:  shows y talleres infantiles, m\\u00fasica en vivo y brindis en nuestro Atrio Central, interesant\\u00edsimas exhibiciones de arte y de los m\\u00e1s lujosos veh\\u00edculos, promociones de temporada, obras de teatro y musicales, entre otros. Conoce adem\\u00e1s los art\\u00edculos m\\u00e1s recomendados de la temporada que solo podr\\u00e1s encontrar en nuestras exclusivas tiendas.<\\/p>\",\"link\":\"index.php\\/calendario1\"},{\"media\":\"images\\/HOME-PAGE-JW-MARRIOT.png\",\"options\":{\"media\":{\"width\":528,\"height\":450}},\"title\":\"JW Marriott\",\"content\":\"<p style=\\\"text-align: justify;\\\">Redefiniendo el lujo. Un lugar perfecto para encontrar el balance que le permitir\\u00e1 ser usted mismo. Donde menos es m\\u00e1s y el lujo se redefine por la simplicidad de los peque\\u00f1os detalles. 150 lujosas habitaciones estilizadas con elegancia y sofisticaci\\u00f3n, y mejoradas con comodidades residenciales, dise\\u00f1adas para cubrir las necesidades de los viajeros m\\u00e1s exigentes.<\\/p>\",\"link\":\"index.php\\/jw-marriot\"},{\"media\":\"images\\/HOME-PAGE-FUNNY-FACTORY.png\",\"options\":{\"media\":{\"width\":528,\"height\":450}},\"title\":\"Funny Factory\",\"content\":\"<p style=\\\"text-align: justify;\\\">Un universo de magia, diversi\\u00f3n, m\\u00fasica y entretenimiento para los m\\u00e1s peque\\u00f1os de casa, donde se sienten tan complacidos y queridos que siempre salen deseando volver. Funny Factory es un espacio donde pueden disfrutar y jugar comodamente. Lo que lo ha convertido en la experiencia m\\u00e1s divertida y segura para la familia...<\\/p>\",\"link\":\"index.php\\/brinca-salta-y-rie-en-funny-factory\"}],\"_fields\":[]}'),
(5, 'slider', 'joomla', '{\"number\":5,\"category\":\"12\",\"subcategories\":\"0\",\"featured\":\"\",\"content\":\"intro\",\"image\":\"intro\",\"order_by\":\"ordering\"}'),
(6, 'Slider Principal Home', 'custom', '{\"_widget\":{\"name\":\"slideshow\",\"data\":{\"nav\":\"dotnav\",\"nav_overlay\":true,\"nav_align\":\"center\",\"thumbnail_width\":\"70\",\"thumbnail_height\":\"70\",\"thumbnail_alt\":false,\"slidenav\":\"default\",\"nav_contrast\":true,\"animation\":\"slice-up\",\"slices\":\"15\",\"duration\":\"500\",\"autoplay\":true,\"interval\":\"3000\",\"autoplay_pause\":true,\"kenburns\":false,\"kenburns_duration\":\"15\",\"fullscreen\":false,\"min_height\":\"300\",\"media\":true,\"image_width\":\"auto\",\"image_height\":\"auto\",\"overlay\":\"right\",\"overlay_animation\":\"fade\",\"overlay_background\":false,\"title\":false,\"content\":false,\"title_size\":\"h3\",\"content_size\":\"\",\"link\":true,\"link_style\":\"primary\",\"link_text\":\"Ver M\\u00e1s\",\"badge\":false,\"badge_style\":\"badge\",\"link_target\":true,\"class\":\"\",\"caption_position\":\"center\",\"caption_animation\":\"slide\"}},\"items\":[{\"media\":\"images\\/HOME-PAGE-BESTPLACE.png\",\"options\":{\"media\":{\"width\":1920,\"height\":500}},\"title\":\"SHOPPING\",\"link\":\"\",\"d\":\"\"},{\"media\":\"images\\/HOME-PAGE12.png\",\"options\":{\"media\":{\"width\":1920,\"height\":500}},\"title\":\"BVLCARI\",\"d\":\"\"},{\"title\":\" HOME BANNER PAGE 3 BLUEMALL\",\"media\":\"images\\/-HOME-BANNER-PAGE_3_BLUEMALL.jpg\",\"width\":\"1920\",\"height\":\"500\",\"options\":{\"media\":{\"width\":1920,\"height\":500}},\"d\":\"\"},{\"title\":\" HOME BANNER PAGE 5 BLUEMALL\",\"media\":\"images\\/-HOME-BANNER-PAGE_5_BLUEMALL.jpg\",\"width\":\"1920\",\"height\":\"500\",\"options\":{\"media\":{\"width\":1920,\"height\":500}},\"d\":\"\"}],\"_fields\":[]}'),
(10, 'slider secundario', 'custom', '{\"_widget\":{\"name\":\"slideshow\",\"data\":{\"nav\":\"dotnav\",\"nav_overlay\":true,\"nav_align\":\"center\",\"thumbnail_width\":\"70\",\"thumbnail_height\":\"70\",\"thumbnail_alt\":false,\"slidenav\":\"default\",\"nav_contrast\":true,\"animation\":\"scroll\",\"slices\":\"15\",\"duration\":\"500\",\"autoplay\":true,\"interval\":\"3000\",\"autoplay_pause\":true,\"kenburns\":true,\"kenburns_duration\":\"15\",\"fullscreen\":false,\"min_height\":\"300\",\"media\":true,\"image_width\":\"auto\",\"image_height\":\"auto\",\"overlay\":\"none\",\"overlay_animation\":\"slide\",\"overlay_background\":true,\"title\":false,\"content\":false,\"title_size\":\"h3\",\"content_size\":\"\",\"link\":true,\"link_style\":\"primary-large\",\"link_text\":\"Leer M\\u00e1s\",\"badge\":true,\"badge_style\":\"success\",\"link_target\":true,\"class\":\"\",\"caption\":true,\"caption_animation\":\"slide\",\"caption_panel\":false}},\"items\":[{\"media\":\"images\\/slider.jpg\",\"options\":{\"media\":{\"width\":1091,\"height\":330}},\"title\":\"slider 1\",\"link\":\"http:\\/\\/solucionesonline.com\\/cms\\/prueba\\/index.php\\/novedades\\/must-haves\\/item\\/48-pomellato\",\"content\":\"hola\",\"hsdf\":\"\"},{\"media\":\"images\\/slider2.jpg\",\"options\":{\"media\":{\"width\":1090,\"height\":329}},\"title\":\"slider 2\",\"link\":\"index.php\\/novedades\\/must-haves\\/item\\/49-de-grisogono\",\"hsdf\":\"\"}],\"_fields\":[]}'),
(12, 'Prueba de slider', 'joomla', '{\"number\":5,\"category\":\"15\",\"subcategories\":\"0\",\"featured\":\"\",\"content\":\"full\",\"image\":\"full\",\"order_by\":\"ordering\"}'),
(19, 'Noticias BlueMall', 'k2', '{\"_widget\":{\"name\":\"grid-stack\",\"data\":{\"width\":\"1-2\",\"align\":\"left\",\"breakpoint\":\"medium\",\"alternate\":true,\"gutter\":false,\"gutter_vertical\":\"default\",\"divider\":false,\"panel\":true,\"content_align\":true,\"animation_media\":\"fade\",\"animation_content\":\"fade\",\"media\":true,\"image_width\":\"600\",\"image_height\":\"401\",\"media_border\":\"none\",\"media_overlay\":\"icon\",\"overlay_animation\":\"fade\",\"media_animation\":\"scale\",\"title\":true,\"content\":true,\"social_buttons\":true,\"title_size\":\"large\",\"text_align\":\"media\",\"link\":true,\"link_style\":\"button\",\"link_text\":\"Leer M\\u00e1s\",\"badge\":true,\"badge_style\":\"badge\",\"badge_position\":\"panel\",\"link_target\":false,\"class\":\"\"}},\"items\":[{\"media\":\"images\\/mujer.jpg\",\"options\":{\"media\":{\"width\":528,\"height\":450}},\"title\":\"Funny Factory\",\"content\":\"<p style=\\\"text-align: justify;\\\">Un universo de magia, diversi\\u00f3n, m\\u00fasica y entretenimiento para los m\\u00e1s peque\\u00f1os&nbsp; de casa, donde se sienten tan complacidos y queridos que siempre salen deseando volver. Funny Factory es un espacio donde pueden disfrutar libremente, a la par que aprenden jugando, lo que ha convertido en la experiencias m\\u00e1s c\\u00f3moda, divertida y segura para la familia dominicana desde hace cuatro a\\u00f1os.<\\/p>\",\"link\":\"index.php\\/brinca-salta-y-rie-en-funny-factory\"},{\"media\":\"images\\/highlight.jpg\",\"options\":{\"media\":{\"width\":528,\"height\":450}},\"title\":\"Bluemall MAGAZINE\",\"content\":\"<p style=\\\"text-align: justify;\\\">Lorem ipsum dolor sit amet, consectetuer adipiscing elit. Donec odio. Quisque volutpat mattis eros. Nullam malesuada erat ut turpis. Suspendisse urna nibh, viverra non, semper suscipit, posuere a, pede.Donec nec justo eget felis facilisis fermentum. Aliquam porttitor mauris sit amet orci. Aenean dignissim pellentesque felis.Morbi in sem quis dui placerat ornare. Pellentesque odio nisi, euismod in, pharetra a, ultricies in, diam. Sed arcu. Cras consequat.<\\/p>\",\"link\":\"#\"},{\"media\":\"images\\/otro.jpg\",\"options\":{\"media\":{\"width\":548,\"height\":370}},\"title\":\"Inside BlueMall\",\"content\":\"<p style=\\\"text-align: justify;\\\">Lorem ipsum dolor sit amet, consectetuer adipiscing elit. Donec odio. Quisque volutpat mattis eros. Nullam malesuada erat ut turpis. Suspendisse urna nibh, viverra non, semper suscipit, posuere a, pede.Donec nec justo eget felis facilisis fermentum. Aliquam porttitor mauris sit amet orci. Aenean dignissim pellentesque felis.Morbi in sem quis dui placerat ornare. Pellentesque odio nisi, euismod in, pharetra a, ultricies in, diam. Sed arcu. Cras consequat.<\\/p>\",\"link\":\"#\"}],\"_fields\":[],\"mapping\":{\"default\":{\"content\":\"intro\",\"media\":\"image\",\"date\":\"publish_up\",\"author\":\"author\",\"categories\":\"categories\",\"cantidad de texto\":\"intro\"}},\"fields\":[{\"id\":\"content\",\"name\":\"content\",\"def\":\"full\",\"core\":true},{\"id\":\"media\",\"name\":\"media\",\"def\":\"image\",\"core\":true},{\"id\":\"date\",\"name\":\"date\",\"def\":\"publish_up\",\"core\":true},{\"id\":\"author\",\"name\":\"author\",\"def\":\"author\",\"core\":true},{\"id\":\"categories\",\"name\":\"categories\",\"def\":\"categories\",\"core\":true},{\"id\":\"cantidad de texto\",\"name\":\"cantidad de texto\"}],\"category\":[\"2\"],\"number\":null}'),
(21, 'Social Scene Galeria', 'custom', '{\"_widget\":{\"name\":\"gallery\",\"data\":{\"grid\":\"default\",\"gutter\":\"collapse\",\"gutter_dynamic\":\"20\",\"gutter_v_dynamic\":\"\",\"filter\":\"none\",\"filter_align\":\"left\",\"filter_all\":true,\"columns\":\"1\",\"columns_small\":\"0\",\"columns_medium\":\"3\",\"columns_large\":0,\"columns_xlarge\":0,\"animation\":\"scale-up\",\"image_width\":\"auto\",\"image_height\":\"auto\",\"media_border\":\"none\",\"overlay\":\"bottom\",\"panel\":\"blank\",\"overlay_center\":\"icon\",\"overlay_background\":\"hover\",\"overlay_image\":false,\"hover_overlay\":true,\"overlay_animation\":\"slide-bottom\",\"image_animation\":\"spin\",\"title\":true,\"content\":true,\"title_size\":\"panel\",\"link\":false,\"link_style\":\"button\",\"link_icon\":\"share\",\"link_text\":\"View\",\"lightbox\":true,\"lightbox_width\":\"auto\",\"lightbox_height\":\"auto\",\"lightbox_caption\":\"none\",\"lightbox_link\":false,\"lightbox_style\":\"button\",\"lightbox_icon\":\"search\",\"lightbox_text\":\"Details\",\"link_target\":false,\"class\":\"\"}},\"folder\":\"images\\/social-scene-galery\",\"sort_by\":\"filename_asc\",\"strip_leading_numbers\":false,\"strip_trailing_numbers\":false,\"_fields\":[],\"items\":[{\"media\":\"images\\/nature-01.jpg\",\"options\":{\"media\":{\"width\":1000,\"height\":675}},\"title\":\"Social Scene Galery\"},{\"media\":\"images\\/nature-02.jpg\",\"options\":{\"media\":{\"width\":1000,\"height\":675}},\"title\":\"Nature 02\"},{\"media\":\"images\\/nature-03.jpg\",\"options\":{\"media\":{\"width\":1000,\"height\":675}},\"title\":\"Nature 03\"},{\"media\":\"images\\/nature-04.jpg\",\"options\":{\"media\":{\"width\":1000,\"height\":675}},\"title\":\"Nature 04\"},{\"media\":\"images\\/nature-05.jpg\",\"options\":{\"media\":{\"width\":1000,\"height\":675}},\"title\":\"Nature 05\"},{\"media\":\"images\\/nature-06.jpg\",\"options\":{\"media\":{\"width\":1000,\"height\":675}},\"title\":\"Nature 06\"}]}'),
(22, 'puntos-home', 'custom', '{\"_widget\":{\"name\":\"grid-slider\",\"data\":{\"grid\":\"default\",\"gutter\":\"default\",\"gutter_dynamic\":\"20\",\"gutter_v_dynamic\":\"\",\"filter\":\"none\",\"filter_align\":\"left\",\"filter_all\":true,\"columns\":\"1\",\"columns_small\":0,\"columns_medium\":\"4\",\"columns_large\":0,\"columns_xlarge\":0,\"panel\":\"box\",\"animation\":\"fade\",\"image_width\":\"auto\",\"image_height\":\"auto\",\"media_align\":\"teaser\",\"media_width\":\"1-2\",\"media_breakpoint\":\"medium\",\"content_align\":true,\"nav\":\"dotnav\",\"nav_overlay\":true,\"nav_align\":\"center\",\"thumbnail_width\":\"70\",\"thumbnail_height\":\"70\",\"slidenav\":\"none\",\"nav_contrast\":true,\"slide_animation\":\"fade\",\"slices\":\"15\",\"duration\":\"500\",\"autoplay\":false,\"interval\":\"3000\",\"autoplay_pause\":true,\"kenburns\":false,\"title\":true,\"content\":true,\"title_size\":\"panel\",\"text_align\":\"left\",\"link\":false,\"link_style\":\"button\",\"link_text\":\"Leer M\\u00e1s\",\"badge\":true,\"badge_style\":\"badge\",\"badge_position\":\"panel\",\"link_target\":false,\"class\":\"\"}},\"items\":[{\"media\":\"images\\/6f43b5263fbba79c5962514b85d34738_XL.jpg\",\"options\":{\"media\":{\"width\":900,\"height\":600}},\"title\":\"Experiencia BlueMall\",\"content\":\"M\\u00e1s que comprar, una experiencia. Descubre y vive los eventos m\\u00e1s exclusivos e interesantes del pa\\u00eds.\",\"link\":\"index.php\\/novedades\\/experiencia-blue-mall\"},{\"media\":\"images\\/Louis-Vuitton.jpg\",\"options\":{\"media\":{\"width\":900,\"height\":600}},\"title\":\"Promociones\",\"content\":\"Un mundo de pasibilidades al comprar con las promociones m\\u00e1s atractivas que s\\u00f3lo encontrar\\u00e1s en BlueMall.\",\"link\":\"index.php\\/novedades\\/promociones\"},{\"media\":\"images\\/Homenaje.jpg\",\"options\":{\"media\":{\"width\":900,\"height\":600}},\"title\":\"Social Scene\",\"content\":\"Celebraciones, c\\u00f3cteles, apertura y actividades que hacen de BlueMall el escenario de encuentro ideal.\",\"link\":\"index.php\\/novedades\\/social-scene1\"},{\"media\":\"images\\/revista.jpg\",\"options\":{\"media\":{\"width\":1078,\"height\":692}},\"title\":\"BlueMall Magazine\",\"content\":\"Las \\u00faltimas tendencias de la moda y el contenido exquisito de las ediciones de nuestra revista premium.\",\"link\":\"revista\"}],\"_fields\":[]}'),
(23, 'Must haves-blog', 'k2', '{\"_widget\":{\"name\":\"grid-stack\",\"data\":{\"width\":\"1-3\",\"align\":\"left\",\"breakpoint\":\"medium\",\"alternate\":false,\"gutter\":true,\"gutter_vertical\":\"large\",\"divider\":false,\"panel\":true,\"content_align\":true,\"animation_media\":\"fade\",\"animation_content\":\"fade\",\"media\":true,\"image_width\":\"500\",\"image_height\":\"471\",\"media_border\":\"none\",\"media_overlay\":\"social-buttons\",\"overlay_animation\":\"fade\",\"media_animation\":\"none\",\"title\":true,\"content\":true,\"social_buttons\":true,\"title_size\":\"h2\",\"text_align\":\"left\",\"link\":true,\"link_style\":\"button\",\"link_text\":\"Read more\",\"badge\":true,\"badge_style\":\"badge\",\"badge_position\":\"panel\",\"link_target\":false,\"class\":\"\"}},\"content\":\"intro\",\"category\":[\"10\"],\"subcategories\":0,\"number\":5,\"ordering\":\"rdate\",\"mapping\":{\"default\":{\"content\":\"intro\",\"media\":\"image\",\"date\":\"none\",\"author\":\"none\",\"categories\":\"none\"}},\"fields\":[{\"id\":\"content\",\"name\":\"content\",\"def\":\"full\",\"core\":true},{\"id\":\"media\",\"name\":\"media\",\"def\":\"image\",\"core\":true},{\"id\":\"date\",\"name\":\"date\",\"def\":\"publish_up\",\"core\":true},{\"id\":\"author\",\"name\":\"author\",\"def\":\"author\",\"core\":true},{\"id\":\"categories\",\"name\":\"categories\",\"def\":\"categories\",\"core\":true}]}'),
(24, 'Promociones', 'k2', '{\"_widget\":{\"name\":\"grid-stack\",\"data\":{\"width\":\"1-3\",\"align\":\"left\",\"breakpoint\":\"medium\",\"alternate\":false,\"gutter\":true,\"gutter_vertical\":\"large\",\"divider\":false,\"panel\":true,\"content_align\":true,\"animation_media\":\"fade\",\"animation_content\":\"fade\",\"media\":true,\"image_width\":\"500\",\"image_height\":\"471\",\"media_border\":\"none\",\"media_overlay\":\"social-buttons\",\"overlay_animation\":\"fade\",\"media_animation\":\"none\",\"title\":true,\"content\":true,\"social_buttons\":true,\"title_size\":\"h2\",\"text_align\":\"left\",\"link\":true,\"link_style\":\"button\",\"link_text\":\"Read more\",\"badge\":true,\"badge_style\":\"badge\",\"badge_position\":\"panel\",\"link_target\":false,\"class\":\"\"}},\"content\":\"intro\",\"category\":[\"7\"],\"subcategories\":0,\"number\":5,\"ordering\":\"rdate\",\"mapping\":{\"default\":{\"content\":\"intro\",\"media\":\"image\",\"date\":\"none\",\"author\":\"none\",\"categories\":\"none\"}},\"fields\":[{\"id\":\"content\",\"name\":\"content\",\"def\":\"full\",\"core\":true},{\"id\":\"media\",\"name\":\"media\",\"def\":\"image\",\"core\":true},{\"id\":\"date\",\"name\":\"date\",\"def\":\"publish_up\",\"core\":true},{\"id\":\"author\",\"name\":\"author\",\"def\":\"author\",\"core\":true},{\"id\":\"categories\",\"name\":\"categories\",\"def\":\"categories\",\"core\":true}]}'),
(26, 'Experiencia BlueMall', 'k2', '{\"_widget\":{\"name\":\"grid-stack\",\"data\":{\"width\":\"1-2\",\"align\":\"left\",\"breakpoint\":\"medium\",\"alternate\":true,\"gutter\":false,\"gutter_vertical\":\"default\",\"divider\":false,\"panel\":true,\"content_align\":true,\"animation_media\":\"fade\",\"animation_content\":\"fade\",\"media\":true,\"image_width\":\"528\",\"image_height\":\"450\",\"media_border\":\"none\",\"media_overlay\":\"icon\",\"overlay_animation\":\"fade\",\"media_animation\":\"scale\",\"title\":true,\"content\":true,\"social_buttons\":true,\"title_size\":\"large\",\"text_align\":\"media\",\"link\":true,\"link_style\":\"button\",\"link_text\":\"Leer M\\u00e1s\",\"badge\":true,\"badge_style\":\"badge\",\"badge_position\":\"panel\",\"link_target\":false,\"class\":\"\"}},\"items\":[{\"media\":\"images\\/mujer.jpg\",\"options\":{\"media\":{\"width\":528,\"height\":450}},\"title\":\"Funny Factory\",\"content\":\"<p style=\\\"text-align: justify;\\\">Un universo de magia, diversi\\u00f3n, m\\u00fasica y entretenimiento para los m\\u00e1s peque\\u00f1os&nbsp; de casa, donde se sienten tan complacidos y queridos que siempre salen deseando volver. Funny Factory es un espacio donde pueden disfrutar libremente, a la par que aprenden jugando, lo que ha convertido en la experiencias m\\u00e1s c\\u00f3moda, divertida y segura para la familia dominicana desde hace cuatro a\\u00f1os.<\\/p>\",\"link\":\"index.php\\/brinca-salta-y-rie-en-funny-factory\"},{\"media\":\"images\\/highlight.jpg\",\"options\":{\"media\":{\"width\":528,\"height\":450}},\"title\":\"Bluemall MAGAZINE\",\"content\":\"<p style=\\\"text-align: justify;\\\">Lorem ipsum dolor sit amet, consectetuer adipiscing elit. Donec odio. Quisque volutpat mattis eros. Nullam malesuada erat ut turpis. Suspendisse urna nibh, viverra non, semper suscipit, posuere a, pede.Donec nec justo eget felis facilisis fermentum. Aliquam porttitor mauris sit amet orci. Aenean dignissim pellentesque felis.Morbi in sem quis dui placerat ornare. Pellentesque odio nisi, euismod in, pharetra a, ultricies in, diam. Sed arcu. Cras consequat.<\\/p>\",\"link\":\"#\"},{\"media\":\"images\\/otro.jpg\",\"options\":{\"media\":{\"width\":548,\"height\":370}},\"title\":\"Inside BlueMall\",\"content\":\"<p style=\\\"text-align: justify;\\\">Lorem ipsum dolor sit amet, consectetuer adipiscing elit. Donec odio. Quisque volutpat mattis eros. Nullam malesuada erat ut turpis. Suspendisse urna nibh, viverra non, semper suscipit, posuere a, pede.Donec nec justo eget felis facilisis fermentum. Aliquam porttitor mauris sit amet orci. Aenean dignissim pellentesque felis.Morbi in sem quis dui placerat ornare. Pellentesque odio nisi, euismod in, pharetra a, ultricies in, diam. Sed arcu. Cras consequat.<\\/p>\",\"link\":\"#\"}],\"_fields\":[],\"mapping\":{\"default\":{\"content\":\"intro\",\"media\":\"image\",\"date\":\"publish_up\",\"author\":\"author\",\"categories\":\"categories\",\"cantidad de texto\":\"intro\"}},\"fields\":[{\"id\":\"content\",\"name\":\"content\",\"def\":\"full\",\"core\":true},{\"id\":\"media\",\"name\":\"media\",\"def\":\"image\",\"core\":true},{\"id\":\"date\",\"name\":\"date\",\"def\":\"publish_up\",\"core\":true},{\"id\":\"author\",\"name\":\"author\",\"def\":\"author\",\"core\":true},{\"id\":\"categories\",\"name\":\"categories\",\"def\":\"categories\",\"core\":true},{\"id\":\"cantidad de texto\",\"name\":\"cantidad de texto\"}],\"category\":[\"6\"],\"number\":null}'),
(27, 'Novedades', 'k2', '{\"_widget\":{\"name\":\"grid-stack\",\"data\":{\"width\":\"1-2\",\"align\":\"left\",\"breakpoint\":\"medium\",\"alternate\":true,\"gutter\":false,\"gutter_vertical\":\"default\",\"divider\":false,\"panel\":true,\"content_align\":true,\"animation_media\":\"fade\",\"animation_content\":\"fade\",\"media\":true,\"image_width\":\"600\",\"image_height\":\"401\",\"media_border\":\"none\",\"media_overlay\":\"icon\",\"overlay_animation\":\"fade\",\"media_animation\":\"scale\",\"title\":true,\"content\":true,\"social_buttons\":true,\"title_size\":\"h1\",\"text_align\":\"media\",\"link\":true,\"link_style\":\"button\",\"link_text\":\"Leer M\\u00e1s\",\"badge\":true,\"badge_style\":\"badge\",\"badge_position\":\"panel\",\"link_target\":false,\"class\":\"\"}},\"items\":[{\"media\":\"images\\/mujer.jpg\",\"options\":{\"media\":{\"width\":528,\"height\":450}},\"title\":\"Funny Factory\",\"content\":\"<p style=\\\"text-align: justify;\\\">Un universo de magia, diversi\\u00f3n, m\\u00fasica y entretenimiento para los m\\u00e1s peque\\u00f1os&nbsp; de casa, donde se sienten tan complacidos y queridos que siempre salen deseando volver. Funny Factory es un espacio donde pueden disfrutar libremente, a la par que aprenden jugando, lo que ha convertido en la experiencias m\\u00e1s c\\u00f3moda, divertida y segura para la familia dominicana desde hace cuatro a\\u00f1os.<\\/p>\",\"link\":\"index.php\\/brinca-salta-y-rie-en-funny-factory\"},{\"media\":\"images\\/highlight.jpg\",\"options\":{\"media\":{\"width\":528,\"height\":450}},\"title\":\"Bluemall MAGAZINE\",\"content\":\"<p style=\\\"text-align: justify;\\\">Lorem ipsum dolor sit amet, consectetuer adipiscing elit. Donec odio. Quisque volutpat mattis eros. Nullam malesuada erat ut turpis. Suspendisse urna nibh, viverra non, semper suscipit, posuere a, pede.Donec nec justo eget felis facilisis fermentum. Aliquam porttitor mauris sit amet orci. Aenean dignissim pellentesque felis.Morbi in sem quis dui placerat ornare. Pellentesque odio nisi, euismod in, pharetra a, ultricies in, diam. Sed arcu. Cras consequat.<\\/p>\",\"link\":\"#\"},{\"media\":\"images\\/otro.jpg\",\"options\":{\"media\":{\"width\":548,\"height\":370}},\"title\":\"Inside BlueMall\",\"content\":\"<p style=\\\"text-align: justify;\\\">Lorem ipsum dolor sit amet, consectetuer adipiscing elit. Donec odio. Quisque volutpat mattis eros. Nullam malesuada erat ut turpis. Suspendisse urna nibh, viverra non, semper suscipit, posuere a, pede.Donec nec justo eget felis facilisis fermentum. Aliquam porttitor mauris sit amet orci. Aenean dignissim pellentesque felis.Morbi in sem quis dui placerat ornare. Pellentesque odio nisi, euismod in, pharetra a, ultricies in, diam. Sed arcu. Cras consequat.<\\/p>\",\"link\":\"#\"}],\"_fields\":[],\"mapping\":{\"default\":{\"content\":\"intro\",\"media\":\"image\",\"date\":\"publish_up\",\"author\":\"author\",\"categories\":\"categories\",\"cantidad de texto\":\"intro\"}},\"fields\":[{\"id\":\"content\",\"name\":\"content\",\"def\":\"full\",\"core\":true},{\"id\":\"media\",\"name\":\"media\",\"def\":\"image\",\"core\":true},{\"id\":\"date\",\"name\":\"date\",\"def\":\"publish_up\",\"core\":true},{\"id\":\"author\",\"name\":\"author\",\"def\":\"author\",\"core\":true},{\"id\":\"categories\",\"name\":\"categories\",\"def\":\"categories\",\"core\":true},{\"id\":\"cantidad de texto\",\"name\":\"cantidad de texto\"}],\"category\":[\"12\"],\"number\":null}'),
(28, 'Must Have', 'k2', '{\"_widget\":{\"name\":\"grid-stack\",\"data\":{\"width\":\"1-2\",\"align\":\"left\",\"breakpoint\":\"medium\",\"alternate\":true,\"gutter\":false,\"gutter_vertical\":\"default\",\"divider\":false,\"panel\":true,\"content_align\":true,\"animation_media\":\"fade\",\"animation_content\":\"fade\",\"media\":true,\"image_width\":\"600\",\"image_height\":\"401\",\"media_border\":\"none\",\"media_overlay\":\"icon\",\"overlay_animation\":\"fade\",\"media_animation\":\"scale\",\"title\":true,\"content\":true,\"social_buttons\":true,\"title_size\":\"h1\",\"text_align\":\"media\",\"link\":true,\"link_style\":\"button\",\"link_text\":\"Leer M\\u00e1s\",\"badge\":true,\"badge_style\":\"badge\",\"badge_position\":\"panel\",\"link_target\":false,\"class\":\"\"}},\"items\":[{\"media\":\"images\\/mujer.jpg\",\"options\":{\"media\":{\"width\":528,\"height\":450}},\"title\":\"Funny Factory\",\"content\":\"<p style=\\\"text-align: justify;\\\">Un universo de magia, diversi\\u00f3n, m\\u00fasica y entretenimiento para los m\\u00e1s peque\\u00f1os&nbsp; de casa, donde se sienten tan complacidos y queridos que siempre salen deseando volver. Funny Factory es un espacio donde pueden disfrutar libremente, a la par que aprenden jugando, lo que ha convertido en la experiencias m\\u00e1s c\\u00f3moda, divertida y segura para la familia dominicana desde hace cuatro a\\u00f1os.<\\/p>\",\"link\":\"index.php\\/brinca-salta-y-rie-en-funny-factory\"},{\"media\":\"images\\/highlight.jpg\",\"options\":{\"media\":{\"width\":528,\"height\":450}},\"title\":\"Bluemall MAGAZINE\",\"content\":\"<p style=\\\"text-align: justify;\\\">Lorem ipsum dolor sit amet, consectetuer adipiscing elit. Donec odio. Quisque volutpat mattis eros. Nullam malesuada erat ut turpis. Suspendisse urna nibh, viverra non, semper suscipit, posuere a, pede.Donec nec justo eget felis facilisis fermentum. Aliquam porttitor mauris sit amet orci. Aenean dignissim pellentesque felis.Morbi in sem quis dui placerat ornare. Pellentesque odio nisi, euismod in, pharetra a, ultricies in, diam. Sed arcu. Cras consequat.<\\/p>\",\"link\":\"#\"},{\"media\":\"images\\/otro.jpg\",\"options\":{\"media\":{\"width\":548,\"height\":370}},\"title\":\"Inside BlueMall\",\"content\":\"<p style=\\\"text-align: justify;\\\">Lorem ipsum dolor sit amet, consectetuer adipiscing elit. Donec odio. Quisque volutpat mattis eros. Nullam malesuada erat ut turpis. Suspendisse urna nibh, viverra non, semper suscipit, posuere a, pede.Donec nec justo eget felis facilisis fermentum. Aliquam porttitor mauris sit amet orci. Aenean dignissim pellentesque felis.Morbi in sem quis dui placerat ornare. Pellentesque odio nisi, euismod in, pharetra a, ultricies in, diam. Sed arcu. Cras consequat.<\\/p>\",\"link\":\"#\"}],\"_fields\":[],\"mapping\":{\"default\":{\"content\":\"intro\",\"media\":\"image\",\"date\":\"publish_up\",\"author\":\"author\",\"categories\":\"categories\",\"cantidad de texto\":\"intro\"}},\"fields\":[{\"id\":\"content\",\"name\":\"content\",\"def\":\"full\",\"core\":true},{\"id\":\"media\",\"name\":\"media\",\"def\":\"image\",\"core\":true},{\"id\":\"date\",\"name\":\"date\",\"def\":\"publish_up\",\"core\":true},{\"id\":\"author\",\"name\":\"author\",\"def\":\"author\",\"core\":true},{\"id\":\"categories\",\"name\":\"categories\",\"def\":\"categories\",\"core\":true},{\"id\":\"cantidad de texto\",\"name\":\"cantidad de texto\"}],\"category\":[\"10\"],\"number\":null}'),
(29, 'fotos y videos', 'custom', '{\"_widget\":{\"name\":\"gallery\",\"data\":{\"grid\":\"default\",\"gutter\":\"collapse\",\"gutter_dynamic\":\"20\",\"gutter_v_dynamic\":\"\",\"filter\":\"none\",\"filter_align\":\"left\",\"filter_all\":true,\"columns\":\"1\",\"columns_small\":\"0\",\"columns_medium\":\"3\",\"columns_large\":0,\"columns_xlarge\":0,\"animation\":\"scale-up\",\"image_width\":\"auto\",\"image_height\":\"auto\",\"media_border\":\"none\",\"overlay\":\"bottom\",\"panel\":\"blank\",\"overlay_center\":\"icon\",\"overlay_background\":\"hover\",\"overlay_image\":false,\"hover_overlay\":true,\"overlay_animation\":\"slide-bottom\",\"image_animation\":\"spin\",\"title\":true,\"content\":true,\"title_size\":\"panel\",\"link\":false,\"link_style\":\"button\",\"link_icon\":\"share\",\"link_text\":\"View\",\"lightbox\":true,\"lightbox_width\":\"auto\",\"lightbox_height\":\"auto\",\"lightbox_caption\":\"none\",\"lightbox_link\":false,\"lightbox_style\":\"button\",\"lightbox_icon\":\"search\",\"lightbox_text\":\"Details\",\"link_target\":false,\"class\":\"\"}},\"folder\":\"images\\/social-scene-galery\",\"sort_by\":\"filename_asc\",\"strip_leading_numbers\":false,\"strip_trailing_numbers\":false,\"_fields\":[],\"items\":[{\"media\":\"images\\/nature-01.jpg\",\"options\":{\"media\":{\"width\":1000,\"height\":675}},\"title\":\"Social Scene Galery\"},{\"media\":\"images\\/nature-02.jpg\",\"options\":{\"media\":{\"width\":1000,\"height\":675}},\"title\":\"Nature 02\"},{\"media\":\"images\\/nature-03.jpg\",\"options\":{\"media\":{\"width\":1000,\"height\":675}},\"title\":\"Nature 03\"},{\"media\":\"images\\/nature-04.jpg\",\"options\":{\"media\":{\"width\":1000,\"height\":675}},\"title\":\"Nature 04\"},{\"media\":\"images\\/nature-05.jpg\",\"options\":{\"media\":{\"width\":1000,\"height\":675}},\"title\":\"Nature 05\"},{\"media\":\"images\\/nature-06.jpg\",\"options\":{\"media\":{\"width\":1000,\"height\":675}},\"title\":\"Nature 06\"}]}'),
(30, 'The-Magical-Christmas-Tree Galeria', 'custom', '{\"_widget\":{\"name\":\"gallery\",\"data\":{\"grid\":\"default\",\"gutter\":\"collapse\",\"gutter_dynamic\":\"20\",\"gutter_v_dynamic\":\"\",\"filter\":\"none\",\"filter_align\":\"left\",\"filter_all\":true,\"columns\":\"1\",\"columns_small\":\"0\",\"columns_medium\":\"3\",\"columns_large\":0,\"columns_xlarge\":0,\"animation\":\"scale-up\",\"image_width\":\"auto\",\"image_height\":\"auto\",\"media_border\":\"none\",\"overlay\":\"bottom\",\"panel\":\"blank\",\"overlay_center\":\"icon\",\"overlay_background\":\"hover\",\"overlay_image\":false,\"hover_overlay\":true,\"overlay_animation\":\"slide-bottom\",\"image_animation\":\"spin\",\"title\":true,\"content\":true,\"title_size\":\"panel\",\"link\":false,\"link_style\":\"button\",\"link_icon\":\"share\",\"link_text\":\"View\",\"lightbox\":true,\"lightbox_width\":\"auto\",\"lightbox_height\":\"auto\",\"lightbox_caption\":\"none\",\"lightbox_link\":false,\"lightbox_style\":\"button\",\"lightbox_icon\":\"search\",\"lightbox_text\":\"Details\",\"link_target\":false,\"class\":\"\"}},\"folder\":\"images\\/social-scene-galery\",\"sort_by\":\"filename_asc\",\"strip_leading_numbers\":false,\"strip_trailing_numbers\":false,\"_fields\":[],\"items\":[{\"media\":\"images\\/The-Magical-Christmas-Tree2.jpg\",\"options\":{\"media\":{\"width\":1000,\"height\":664}},\"title\":\"The Magical Christmas Tree\"},{\"media\":\"images\\/The-Magical-Christmas-Tree3.jpg\",\"options\":{\"media\":{\"width\":1000,\"height\":665}},\"title\":\"The Magical Christmas Tree\"},{\"media\":\"images\\/The-Magical-Christmas-Tree5.jpg\",\"options\":{\"media\":{\"width\":1000,\"height\":667}},\"title\":\"The Magical Christmas Tree\"},{\"media\":\"images\\/The-Magical-Christmas-Tree6.jpg\",\"options\":{\"media\":{\"width\":1000,\"height\":664}},\"title\":\"The Magical Christmas Tree\"},{\"media\":\"images\\/The-Magical-Christmas-Tree7.jpg\",\"options\":{\"media\":{\"width\":1000,\"height\":666}},\"title\":\"The Magical Christmas Tree\"},{\"media\":\"images\\/The-Magical-Christmas-Tree8.jpg\",\"options\":{\"media\":{\"width\":1000,\"height\":663}},\"title\":\"The Magical Christmas Tree\"}]}'),
(31, 'Enamorado de Venecia Galeria', 'custom', '{\"_widget\":{\"name\":\"gallery\",\"data\":{\"grid\":\"default\",\"gutter\":\"collapse\",\"gutter_dynamic\":\"20\",\"gutter_v_dynamic\":\"\",\"filter\":\"none\",\"filter_align\":\"left\",\"filter_all\":true,\"columns\":\"1\",\"columns_small\":\"0\",\"columns_medium\":\"3\",\"columns_large\":0,\"columns_xlarge\":0,\"animation\":\"scale-up\",\"image_width\":\"auto\",\"image_height\":\"auto\",\"media_border\":\"none\",\"overlay\":\"bottom\",\"panel\":\"blank\",\"overlay_center\":\"icon\",\"overlay_background\":\"hover\",\"overlay_image\":false,\"hover_overlay\":true,\"overlay_animation\":\"slide-bottom\",\"image_animation\":\"spin\",\"title\":true,\"content\":true,\"title_size\":\"panel\",\"link\":false,\"link_style\":\"button\",\"link_icon\":\"share\",\"link_text\":\"View\",\"lightbox\":true,\"lightbox_width\":\"auto\",\"lightbox_height\":\"auto\",\"lightbox_caption\":\"none\",\"lightbox_link\":false,\"lightbox_style\":\"button\",\"lightbox_icon\":\"search\",\"lightbox_text\":\"Details\",\"link_target\":false,\"class\":\"\"}},\"folder\":\"images\\/social-scene-galery\",\"sort_by\":\"filename_asc\",\"strip_leading_numbers\":false,\"strip_trailing_numbers\":false,\"_fields\":[],\"items\":[{\"media\":\"images\\/Enamorado-de-Venecia-de-BlueMall-0581.jpg\",\"options\":{\"media\":{\"width\":800,\"height\":533}},\"title\":\"Enamorado De Venecia\"},{\"media\":\"images\\/Enamorado-de-Venecia-de-BlueMall-0582.jpg\",\"options\":{\"media\":{\"width\":800,\"height\":533}},\"title\":\"Enamorado De Venecia\"},{\"media\":\"images\\/Enamorado-de-Venecia-de-BlueMall-058578.jpg\",\"options\":{\"media\":{\"width\":800,\"height\":533}},\"title\":\"Enamorado De Venecia\"},{\"media\":\"images\\/Enamorado-de-Venecia-de-BlueMall-05867.jpg\",\"options\":{\"media\":{\"width\":800,\"height\":533}},\"title\":\"Enamorado De Venecia\"},{\"media\":\"images\\/Enamorado-de-Venecia-de-BlueMall-059.jpg\",\"options\":{\"media\":{\"width\":800,\"height\":533}},\"title\":\"Enamorado De Venecia\"},{\"media\":\"images\\/PORTADA-Enamorado-de-Venecia-de-BlueMall-05-1.jpg\",\"options\":{\"media\":{\"width\":800,\"height\":534}},\"title\":\"PORTADA Enamorado De Venecia\"}]}'),
(32, 'Mujeres que Dejan Huellas Galeria', 'custom', '{\"_widget\":{\"name\":\"gallery\",\"data\":{\"grid\":\"default\",\"gutter\":\"collapse\",\"gutter_dynamic\":\"20\",\"gutter_v_dynamic\":\"\",\"filter\":\"none\",\"filter_align\":\"left\",\"filter_all\":true,\"columns\":\"1\",\"columns_small\":\"0\",\"columns_medium\":\"3\",\"columns_large\":0,\"columns_xlarge\":0,\"animation\":\"scale-up\",\"image_width\":\"343\",\"image_height\":\"227\",\"media_border\":\"none\",\"overlay\":\"bottom\",\"panel\":\"blank\",\"overlay_center\":\"icon\",\"overlay_background\":\"hover\",\"overlay_image\":false,\"hover_overlay\":true,\"overlay_animation\":\"slide-bottom\",\"image_animation\":\"spin\",\"title\":true,\"content\":true,\"title_size\":\"panel\",\"link\":false,\"link_style\":\"button\",\"link_icon\":\"share\",\"link_text\":\"View\",\"lightbox\":true,\"lightbox_width\":\"auto\",\"lightbox_height\":\"auto\",\"lightbox_caption\":\"none\",\"lightbox_link\":false,\"lightbox_style\":\"button\",\"lightbox_icon\":\"search\",\"lightbox_text\":\"Details\",\"link_target\":false,\"class\":\"\"}},\"folder\":\"images\\/social-scene-galery\",\"sort_by\":\"filename_asc\",\"strip_leading_numbers\":false,\"strip_trailing_numbers\":false,\"_fields\":[],\"items\":[{\"media\":\"images\\/MUJERES-QUE-DEJAN-HUELLAS-2015-2.jpg\",\"options\":{\"media\":{\"width\":800,\"height\":581}},\"title\":\"MUJERES QUE DEJAN HUELLAS 2015 2\"},{\"media\":\"images\\/MUJERES-QUE-DEJAN-HUELLAS-2015-3.jpg\",\"options\":{\"media\":{\"width\":800,\"height\":532}},\"title\":\"MUJERES QUE DEJAN HUELLAS 2015\"},{\"media\":\"images\\/MUJERES-QUE-DEJAN-HUELLAS-2015-4.jpg\",\"options\":{\"media\":{\"width\":800,\"height\":530}},\"title\":\"MUJERES QUE DEJAN HUELLAS 2015\"},{\"media\":\"images\\/MUJERES-QUE-DEJAN-HUELLAS-2015-5.jpg\",\"options\":{\"media\":{\"width\":800,\"height\":532}},\"title\":\"MUJERES QUE DEJAN HUELLAS 2015\"},{\"media\":\"images\\/MUJERES-QUE-DEJAN-HUELLAS-2015-6.jpg\",\"options\":{\"media\":{\"width\":800,\"height\":533}},\"title\":\"MUJERES QUE DEJAN HUELLAS 2015 6\"},{\"media\":\"images\\/MUJERES-QUE-DEJAN-HUELLAS-2015.jpg\",\"options\":{\"media\":{\"width\":800,\"height\":582}},\"title\":\"MUJERES QUE DEJAN HUELLAS 2015\"}]}'),
(33, 'Mes de la Danza en BlueMall Galeria', 'custom', '{\"_widget\":{\"name\":\"gallery\",\"data\":{\"grid\":\"default\",\"gutter\":\"collapse\",\"gutter_dynamic\":\"20\",\"gutter_v_dynamic\":\"\",\"filter\":\"none\",\"filter_align\":\"left\",\"filter_all\":true,\"columns\":\"1\",\"columns_small\":\"0\",\"columns_medium\":\"3\",\"columns_large\":0,\"columns_xlarge\":0,\"animation\":\"scale-up\",\"image_width\":\"343\",\"image_height\":\"227\",\"media_border\":\"none\",\"overlay\":\"bottom\",\"panel\":\"blank\",\"overlay_center\":\"icon\",\"overlay_background\":\"hover\",\"overlay_image\":false,\"hover_overlay\":true,\"overlay_animation\":\"slide-bottom\",\"image_animation\":\"spin\",\"title\":true,\"content\":true,\"title_size\":\"panel\",\"link\":false,\"link_style\":\"button\",\"link_icon\":\"share\",\"link_text\":\"View\",\"lightbox\":true,\"lightbox_width\":\"auto\",\"lightbox_height\":\"auto\",\"lightbox_caption\":\"none\",\"lightbox_link\":false,\"lightbox_style\":\"button\",\"lightbox_icon\":\"search\",\"lightbox_text\":\"Details\",\"link_target\":false,\"class\":\"\"}},\"folder\":\"images\\/social-scene-galery\",\"sort_by\":\"filename_asc\",\"strip_leading_numbers\":false,\"strip_trailing_numbers\":false,\"_fields\":[],\"items\":[{\"media\":\"images\\/ABRIL-MES-DE-LA-DANZA-EN-BLUEMALL1.jpg\",\"options\":{\"media\":{\"width\":800,\"height\":533}},\"title\":\"ABRIL MES DE LA DANZA EN BLUEMALL\"},{\"media\":\"images\\/ABRIL-MES-DE-LA-DANZA-EN-BLUEMALL2.jpg\",\"options\":{\"media\":{\"width\":800,\"height\":532}},\"title\":\"ABRIL MES DE LA DANZA EN BLUEMALL\"},{\"media\":\"images\\/ABRIL-MES-DE-LA-DANZA-EN-BLUEMALL3.jpg\",\"options\":{\"media\":{\"width\":800,\"height\":529}},\"title\":\"ABRIL MES DE LA DANZA EN BLUEMALL\"},{\"media\":\"images\\/ABRIL-MES-DE-LA-DANZA-EN-BLUEMALL4.jpg\",\"options\":{\"media\":{\"width\":800,\"height\":534}},\"title\":\"ABRIL MES DE LA DANZA EN BLUEMALL\"},{\"media\":\"images\\/ABRIL-MES-DE-LA-DANZA-EN-BLUEMALL5.jpg\",\"options\":{\"media\":{\"width\":800,\"height\":547}},\"title\":\"ABRIL MES DE LA DANZA EN BLUEMALL\"},{\"media\":\"images\\/ABRIL-MES-DE-LA-DANZA-EN-BLUEMALL6.jpg\",\"options\":{\"media\":{\"width\":800,\"height\":533}},\"title\":\"ABRIL MES DE LA DANZA EN BLUEMALL\"}]}'),
(34, 'VINTAGE BAZAR AT BLUEMALL Galeria', 'custom', '{\"_widget\":{\"name\":\"gallery\",\"data\":{\"grid\":\"default\",\"gutter\":\"collapse\",\"gutter_dynamic\":\"20\",\"gutter_v_dynamic\":\"\",\"filter\":\"none\",\"filter_align\":\"left\",\"filter_all\":true,\"columns\":\"1\",\"columns_small\":\"0\",\"columns_medium\":\"3\",\"columns_large\":0,\"columns_xlarge\":0,\"animation\":\"scale-up\",\"image_width\":\"343\",\"image_height\":\"227\",\"media_border\":\"none\",\"overlay\":\"bottom\",\"panel\":\"blank\",\"overlay_center\":\"icon\",\"overlay_background\":\"hover\",\"overlay_image\":false,\"hover_overlay\":true,\"overlay_animation\":\"slide-bottom\",\"image_animation\":\"spin\",\"title\":true,\"content\":true,\"title_size\":\"panel\",\"link\":false,\"link_style\":\"button\",\"link_icon\":\"share\",\"link_text\":\"View\",\"lightbox\":true,\"lightbox_width\":\"auto\",\"lightbox_height\":\"auto\",\"lightbox_caption\":\"none\",\"lightbox_link\":false,\"lightbox_style\":\"button\",\"lightbox_icon\":\"search\",\"lightbox_text\":\"Details\",\"link_target\":false,\"class\":\"\"}},\"folder\":\"images\\/social-scene-galery\",\"sort_by\":\"filename_asc\",\"strip_leading_numbers\":false,\"strip_trailing_numbers\":false,\"_fields\":[],\"items\":[{\"title\":\"VINTAGE BAZAR AT BLUEMALL\",\"media\":\"images\\/VINTAGE-BAZAR-AT-BLUEMALL1.jpg\",\"width\":\"800\",\"height\":\"532\",\"options\":{\"media\":{\"width\":800,\"height\":532}}},{\"title\":\"VINTAGE BAZAR AT BLUEMALL\",\"media\":\"images\\/VINTAGE-BAZAR-AT-BLUEMALL2.jpg\",\"width\":\"800\",\"height\":\"532\",\"options\":{\"media\":{\"width\":800,\"height\":532}}},{\"title\":\"VINTAGE BAZAR AT BLUEMALL\",\"media\":\"images\\/VINTAGE-BAZAR-AT-BLUEMALL3.jpg\",\"width\":\"800\",\"height\":\"657\",\"options\":{\"media\":{\"width\":800,\"height\":657}}},{\"title\":\"VINTAGE BAZAR AT BLUEMALL\",\"media\":\"images\\/VINTAGE-BAZAR-AT-BLUEMALL4.jpg\",\"width\":\"800\",\"height\":\"531\",\"options\":{\"media\":{\"width\":800,\"height\":531}}},{\"title\":\"VINTAGE BAZAR AT BLUEMALL\",\"media\":\"images\\/VINTAGE-BAZAR-AT-BLUEMALL5.jpg\",\"width\":\"800\",\"height\":\"532\",\"options\":{\"media\":{\"width\":800,\"height\":532}}},{\"media\":\"images\\/prueba\\/prueba--.png\",\"options\":{\"media\":{\"width\":695,\"height\":551}},\"title\":\"VINTAGE BAZAR AT BLUEMALL\"}]}'),
(35, 'FUNNY FACTORY Galeria', 'custom', '{\"_widget\":{\"name\":\"gallery\",\"data\":{\"grid\":\"default\",\"gutter\":\"collapse\",\"gutter_dynamic\":\"20\",\"gutter_v_dynamic\":\"\",\"filter\":\"none\",\"filter_align\":\"left\",\"filter_all\":true,\"columns\":\"1\",\"columns_small\":\"0\",\"columns_medium\":\"3\",\"columns_large\":0,\"columns_xlarge\":0,\"animation\":\"scale-up\",\"image_width\":\"343\",\"image_height\":\"227\",\"media_border\":\"none\",\"overlay\":\"bottom\",\"panel\":\"blank\",\"overlay_center\":\"icon\",\"overlay_background\":\"hover\",\"overlay_image\":false,\"hover_overlay\":true,\"overlay_animation\":\"slide-bottom\",\"image_animation\":\"spin\",\"title\":true,\"content\":true,\"title_size\":\"panel\",\"link\":false,\"link_style\":\"button\",\"link_icon\":\"share\",\"link_text\":\"View\",\"lightbox\":true,\"lightbox_width\":\"auto\",\"lightbox_height\":\"auto\",\"lightbox_caption\":\"none\",\"lightbox_link\":false,\"lightbox_style\":\"button\",\"lightbox_icon\":\"search\",\"lightbox_text\":\"Details\",\"link_target\":false,\"class\":\"\"}},\"folder\":\"images\\/social-scene-galery\",\"sort_by\":\"filename_asc\",\"strip_leading_numbers\":false,\"strip_trailing_numbers\":false,\"_fields\":[],\"items\":[{\"title\":\"FUNNY FACTORY\",\"media\":\"images\\/FUNNY-FACTORY1.jpg\",\"width\":\"800\",\"height\":\"606\",\"options\":{\"media\":{\"width\":800,\"height\":606}}},{\"title\":\"FUNNY FACTORY\",\"media\":\"images\\/FUNNY-FACTORY2.jpg\",\"width\":\"800\",\"height\":\"611\",\"options\":{\"media\":{\"width\":800,\"height\":611}}},{\"title\":\"FUNNY FACTORY\",\"media\":\"images\\/FUNNY-FACTORY3.jpg\",\"width\":\"800\",\"height\":\"651\",\"options\":{\"media\":{\"width\":800,\"height\":651}}},{\"title\":\"FUNNY FACTORY\",\"media\":\"images\\/FUNNY-FACTORY4.jpg\",\"width\":\"800\",\"height\":\"529\",\"options\":{\"media\":{\"width\":800,\"height\":529}}},{\"title\":\"FUNNY FACTORY\",\"media\":\"images\\/FUNNY-FACTORY5.jpg\",\"width\":\"800\",\"height\":\"571\",\"options\":{\"media\":{\"width\":800,\"height\":571}}},{\"title\":\"FUNNY FACTORY\",\"media\":\"images\\/FUNNY-FACTORY6.jpg\",\"width\":\"800\",\"height\":\"593\",\"options\":{\"media\":{\"width\":800,\"height\":593}}}]}'),
(36, 'Experiencia Bluemall Nuevo', 'custom', '{\"_widget\":{\"name\":\"grid-stack\",\"data\":{\"width\":\"1-2\",\"align\":\"left\",\"breakpoint\":\"medium\",\"alternate\":true,\"gutter\":false,\"gutter_vertical\":\"default\",\"divider\":false,\"panel\":true,\"content_align\":true,\"animation_media\":\"fade\",\"animation_content\":\"fade\",\"media\":true,\"image_width\":\"auto\",\"image_height\":\"auto\",\"media_border\":\"none\",\"media_overlay\":\"icon\",\"overlay_animation\":\"fade\",\"media_animation\":\"scale\",\"title\":true,\"content\":true,\"social_buttons\":true,\"title_size\":\"large\",\"text_align\":\"media\",\"link\":true,\"link_style\":\"button\",\"link_text\":\"Leer M\\u00e1s\",\"badge\":true,\"badge_style\":\"badge\",\"badge_position\":\"panel\",\"link_target\":false,\"class\":\"\"}},\"items\":[{\"media\":\"images\\/----love-and-wine\\/love-and-wine-intro.jpg\",\"options\":{\"media\":{\"width\":528,\"height\":445}},\"title\":\"Love And Wine\",\"content\":\"Para celebrar el mes del amor y la amistad, BlueMall Santo Domingo present\\u00f3 \\u2018Love & Wine\\u2019, un espacio inspirado en las Bodegas Emilio Moro, uno de los vi\\u00f1edos de la Ribera del Duero, ubicado en Valladolid, Espa\\u00f1a\",\"link\":\"index.php\\/component\\/k2\\/item\\/72-love-and-wine-at-bluemall\"},{\"media\":\"images\\/--Experiencia-portada\\/ENCENDIDO-NAVIDA-BLUEMALL.jpg\",\"options\":{\"media\":{\"width\":528,\"height\":450}},\"title\":\"Encendido de la Navidad at BlueMall\",\"content\":\"El pasado Jueves 12 de novimebre 2015, en un ambiente lleno de colores y villancicos propios de la temporada navide\\u00f1a, BlueMall dej\\u00f3 oficialmente inaugurada su Navidad 2015.\",\"link\":\"index.php\\/component\\/k2\\/item\\/70-Encendido de la Navidad at BlueMall\"},{\"media\":\"images\\/Galerias\\/halowenn-2015\\/FRONT-PAGE.png\",\"options\":{\"media\":{\"width\":528,\"height\":450}},\"title\":\"Halloween Trick or Treat at BlueMall\",\"content\":\"BlueMall present\\u00f3 los d\\u00edas s\\u00e1bado 24 y domingo de octubre su Halloween Trick or Treat, donde la familia pudo disfrutar de un recorrido por todo el centro commercial recolectando dulces. Adem\\u00e1s personajes disfrazados, photo booth y muchas otras sorpresas.\",\"link\":\"index.php\\/component\\/k2\\/item\\/69-halloween-trick-or-treat-at-bluemall\"},{\"media\":\"images\\/PORTADA-WEDDING-GALLERY-2015-AT-BLUEMALL.jpg\",\"options\":{\"media\":{\"width\":528,\"height\":450}},\"title\":\"Wedding Gallery 2015 At BlueMall\",\"content\":\"<p style=\\\"text-align: justify;\\\">La celebraci\\u00f3n del Wedding Gallery 2015 se convirti\\u00f3 en el escenario perfecto para que las parejas de novios que visitaron BlueMall...<\\/p>\",\"link\":\"http:\\/\\/bluemall.com.do\\/index.php\\/component\\/k2\\/item\\/67-wedding-gallery-2015-at-bluemall\"},{\"media\":\"images\\/PORTADA-VINTAGE.jpg\",\"options\":{\"media\":{\"width\":528,\"height\":450}},\"title\":\"Vintage Bazar \\u201cMueve tu closet, mueve una vida, ayuda a otros\\u201d\",\"content\":\"<p style=\\\"text-align: justify;\\\">Bajo la tem\\u00e1tica \\u201cMueve tu closet, mueve una vida, ayuda a otros,\\u201d BlueMall organiz\\u00f3 su primer \\u201cVintage Bazar\\u201d; evento que forma parte del programa...<\\/p>\",\"link\":\"index.php\\/component\\/k2\\/item\\/60-vintage-bazar-mueve-tu-closet-mueve-una-vida-ayuda-a-otros\"},{\"media\":\"images\\/danza-portada.png\",\"options\":{\"media\":{\"width\":528,\"height\":450}},\"title\":\"Abril, mes de la Danza en BlueMall\",\"content\":\"<p style=\\\"text-align: justify;\\\">Durante todo el mes de abril, BlueMall present\\u00f3 en su atrio central a las m\\u00e1s prestigiosas academias de baile del pa\\u00eds, donde sus visitantes pudieron disfrutar de los diferentes estilos de baile, de brindis y muchas sorpresas m\\u00e1s...<\\/p>\",\"link\":\"index.php\\/component\\/k2\\/item\\/59-mes-de-la-danza-en-bluemall\"},{\"media\":\"images\\/easter\\/easter.jpg\",\"options\":{\"media\":{\"width\":528,\"height\":450}},\"title\":\"Easter Egg Hunt at BlueMall\",\"content\":\"BlueMall preparo por primera vez su \\\"Easter Egg Hunter\\\", una actividad para toda la familia por dos d\\u00edas consecutivos. Los visitantes pudieron disfrutar de un recorrido por todo el mall recolectando dulces y huevos de pascua. El evento finalizo ambos d\\u00edas con la presentaci\\u00f3n del Mago Gomo.\",\"link\":\"index.php\\/component\\/k2\\/item\\/65-easter-egg-hunt-at-bluemall\"},{\"media\":\"images\\/PORTADA-MUJERES.jpg\",\"options\":{\"media\":{\"width\":528,\"height\":450}},\"title\":\"Mujeres que Dejan Huellas 2015\",\"content\":\"<p style=\\\"text-align: justify;\\\">Para celebrar el D\\u00eda Internacional de la Mujer, BlueMall y Editora List\\u00edn Diario celebraron por segundo a\\u00f1o consecutivo su evento \\\"Mujeres que Dejan Huellas\\\", a trav\\u00e9s del cual reconocen a destacadas damas dominicanas que con su labor est\\u00e1n contribuyendo al desarrollo del pa\\u00eds a trav\\u00e9s de diferentes fundaciones...\\n<\\/p>\",\"link\":\"http:\\/\\/solucionesonline.com\\/cms\\/prueba\\/index.php\\/component\\/k2\\/item\\/58-mujeres-que-dejan-huellas-2015\"},{\"media\":\"images\\/PORTADA-Enamorado.jpg\",\"options\":{\"media\":{\"width\":528,\"height\":450}},\"title\":\"Enamorado de Venecia de BlueMall\",\"content\":\"Por el mes del amor y la amistad, fueron recreadas en el atrio central de la plaza las atracciones m\\u00e1s ic\\u00f3nicas de Venecia. Un espacio que trasportar\\u00e1 a los visitantes a un recorrido por las calles de esa rom\\u00e1ntica ciudad europea...\",\"link\":\"index.php\\/component\\/k2\\/item\\/57-enamorado-de-venecia-de-bluemall\"}],\"_fields\":[]}');
INSERT INTO `i0adu_widgetkit` (`id`, `name`, `type`, `data`) VALUES
(37, 'JW MARRIOTT SANTO DOMINGO GALERIA', 'custom', '{\"_widget\":{\"name\":\"gallery\",\"data\":{\"grid\":\"default\",\"gutter\":\"collapse\",\"gutter_dynamic\":\"20\",\"gutter_v_dynamic\":\"\",\"filter\":\"none\",\"filter_align\":\"left\",\"filter_all\":true,\"columns\":\"1\",\"columns_small\":\"0\",\"columns_medium\":\"3\",\"columns_large\":0,\"columns_xlarge\":0,\"animation\":\"scale-up\",\"image_width\":\"343\",\"image_height\":\"227\",\"media_border\":\"none\",\"overlay\":\"bottom\",\"panel\":\"blank\",\"overlay_center\":\"icon\",\"overlay_background\":\"hover\",\"overlay_image\":false,\"hover_overlay\":true,\"overlay_animation\":\"slide-bottom\",\"image_animation\":\"spin\",\"title\":true,\"content\":true,\"title_size\":\"panel\",\"link\":false,\"link_style\":\"button\",\"link_icon\":\"share\",\"link_text\":\"View\",\"lightbox\":true,\"lightbox_width\":\"auto\",\"lightbox_height\":\"auto\",\"lightbox_caption\":\"none\",\"lightbox_link\":false,\"lightbox_style\":\"button\",\"lightbox_icon\":\"search\",\"lightbox_text\":\"Details\",\"link_target\":false,\"class\":\"\"}},\"folder\":\"images\\/social-scene-galery\",\"sort_by\":\"filename_asc\",\"strip_leading_numbers\":false,\"strip_trailing_numbers\":false,\"_fields\":[],\"items\":[{\"title\":\"JW MARRIOTT SANTO DOMINGO\",\"media\":\"images\\/JW-MARRIOTT-SANTO-DOMINGO.jpg\",\"width\":\"1000\",\"height\":\"661\"},{\"title\":\"JW MARRIOTT SANTO DOMINGO\",\"media\":\"images\\/JW-MARRIOTT-SANTO-DOMINGO2.jpg\",\"width\":\"1000\",\"height\":\"664\",\"options\":{\"media\":{\"width\":1000,\"height\":664}}},{\"title\":\"JW MARRIOTT SANTO DOMINGO\",\"media\":\"images\\/JW-MARRIOTT-SANTO-DOMINGO3.jpg\",\"width\":\"1000\",\"height\":\"662\",\"options\":{\"media\":{\"width\":1000,\"height\":662}}},{\"title\":\"JW MARRIOTT SANTO DOMINGO\",\"media\":\"images\\/JW-MARRIOTT-SANTO-DOMINGO4.jpg\",\"width\":\"1000\",\"height\":\"663\",\"options\":{\"media\":{\"width\":1000,\"height\":663}}},{\"title\":\"JW MARRIOTT SANTO DOMINGO\",\"media\":\"images\\/JW-MARRIOTT-SANTO-DOMINGO5.jpg\",\"width\":\"1000\",\"height\":\"668\",\"options\":{\"media\":{\"width\":1000,\"height\":668}}},{\"title\":\"JW MARRIOTT SANTO DOMINGO\",\"media\":\"images\\/JW-MARRIOTT-SANTO-DOMINGO6.jpg\",\"width\":\"1000\",\"height\":\"661\",\"options\":{\"media\":{\"width\":1000,\"height\":661}}}]}'),
(38, 'CÓCTEL PARA LAS MADRES PISO 3 DE BLUEMALL Galeria', 'custom', '{\"_widget\":{\"name\":\"gallery\",\"data\":{\"grid\":\"default\",\"gutter\":\"collapse\",\"gutter_dynamic\":\"20\",\"gutter_v_dynamic\":\"\",\"filter\":\"none\",\"filter_align\":\"left\",\"filter_all\":true,\"columns\":\"1\",\"columns_small\":\"0\",\"columns_medium\":\"3\",\"columns_large\":0,\"columns_xlarge\":0,\"animation\":\"scale-up\",\"image_width\":\"343\",\"image_height\":\"227\",\"media_border\":\"none\",\"overlay\":\"bottom\",\"panel\":\"blank\",\"overlay_center\":\"icon\",\"overlay_background\":\"hover\",\"overlay_image\":false,\"hover_overlay\":true,\"overlay_animation\":\"slide-bottom\",\"image_animation\":\"spin\",\"title\":true,\"content\":true,\"title_size\":\"panel\",\"link\":false,\"link_style\":\"button\",\"link_icon\":\"share\",\"link_text\":\"View\",\"lightbox\":true,\"lightbox_width\":\"auto\",\"lightbox_height\":\"auto\",\"lightbox_caption\":\"none\",\"lightbox_link\":false,\"lightbox_style\":\"button\",\"lightbox_icon\":\"search\",\"lightbox_text\":\"Details\",\"link_target\":false,\"class\":\"\"}},\"folder\":\"images\\/social-scene-galery\",\"sort_by\":\"filename_asc\",\"strip_leading_numbers\":false,\"strip_trailing_numbers\":false,\"_fields\":[],\"items\":[{\"title\":\"COCTEL PARA LAS MADRES PISO 3 BLUEMALL\",\"media\":\"images\\/COCTEL-PARA-LAS-MADRES-PISO-3-BLUEMALL1.jpg\",\"width\":\"1000\",\"height\":\"664\",\"options\":{\"media\":{\"width\":1000,\"height\":664}}},{\"title\":\"COCTEL PARA LAS MADRES PISO 3 BLUEMALL\",\"media\":\"images\\/COCTEL-PARA-LAS-MADRES-PISO-3-BLUEMALL2.jpg\",\"width\":\"1000\",\"height\":\"662\",\"options\":{\"media\":{\"width\":1000,\"height\":662}}},{\"title\":\"COCTEL PARA LAS MADRES PISO 3 BLUEMALL\",\"media\":\"images\\/COCTEL-PARA-LAS-MADRES-PISO-3-BLUEMALL3.jpg\",\"width\":\"1000\",\"height\":\"676\",\"options\":{\"media\":{\"width\":1000,\"height\":676}}},{\"title\":\"COCTEL PARA LAS MADRES PISO 3 BLUEMALL\",\"media\":\"images\\/COCTEL-PARA-LAS-MADRES-PISO-3-BLUEMALL4.jpg\",\"width\":\"1000\",\"height\":\"665\",\"options\":{\"media\":{\"width\":1000,\"height\":665}}},{\"title\":\"COCTEL PARA LAS MADRES PISO 3 BLUEMALL\",\"media\":\"images\\/COCTEL-PARA-LAS-MADRES-PISO-3-BLUEMALL5.jpg\",\"width\":\"1000\",\"height\":\"664\",\"options\":{\"media\":{\"width\":1000,\"height\":664}}},{\"title\":\"COCTEL PARA LAS MADRES PISO 3 BLUEMALL\",\"media\":\"images\\/COCTEL-PARA-LAS-MADRES-PISO-3-BLUEMALL6.jpg\",\"width\":\"1000\",\"height\":\"988\",\"options\":{\"media\":{\"width\":1000,\"height\":988}}}]}'),
(39, 'EASTER EGG HUNT AT BLUEMALL Galeria', 'custom', '{\"_widget\":{\"name\":\"gallery\",\"data\":{\"grid\":\"default\",\"gutter\":\"collapse\",\"gutter_dynamic\":\"20\",\"gutter_v_dynamic\":\"\",\"filter\":\"none\",\"filter_align\":\"left\",\"filter_all\":true,\"columns\":\"1\",\"columns_small\":\"0\",\"columns_medium\":\"3\",\"columns_large\":0,\"columns_xlarge\":0,\"animation\":\"scale-up\",\"image_width\":\"343\",\"image_height\":\"227\",\"media_border\":\"none\",\"overlay\":\"bottom\",\"panel\":\"blank\",\"overlay_center\":\"icon\",\"overlay_background\":\"hover\",\"overlay_image\":false,\"hover_overlay\":true,\"overlay_animation\":\"slide-bottom\",\"image_animation\":\"spin\",\"title\":true,\"content\":true,\"title_size\":\"panel\",\"link\":false,\"link_style\":\"button\",\"link_icon\":\"share\",\"link_text\":\"View\",\"lightbox\":true,\"lightbox_width\":\"auto\",\"lightbox_height\":\"auto\",\"lightbox_caption\":\"none\",\"lightbox_link\":false,\"lightbox_style\":\"button\",\"lightbox_icon\":\"search\",\"lightbox_text\":\"Details\",\"link_target\":false,\"class\":\"\"}},\"folder\":\"images\\/social-scene-galery\",\"sort_by\":\"filename_asc\",\"strip_leading_numbers\":false,\"strip_trailing_numbers\":false,\"_fields\":[],\"items\":[{\"title\":\"EASTER EGG HUNT AT BLUEMALL\",\"media\":\"images\\/EASTER-EGG-HUNT-AT-BLUEMALL1.jpg\",\"width\":\"800\",\"height\":\"533\",\"options\":{\"media\":{\"width\":800,\"height\":533}}},{\"title\":\"EASTER EGG HUNT AT BLUEMALL\",\"media\":\"images\\/EASTER-EGG-HUNT-AT-BLUEMALL2.jpg\",\"width\":\"800\",\"height\":\"533\",\"options\":{\"media\":{\"width\":800,\"height\":533}}},{\"title\":\"EASTER EGG HUNT AT BLUEMALL\",\"media\":\"images\\/EASTER-EGG-HUNT-AT-BLUEMALL3.jpg\",\"width\":\"800\",\"height\":\"533\",\"options\":{\"media\":{\"width\":800,\"height\":533}}},{\"title\":\"EASTER EGG HUNT AT BLUEMALL\",\"media\":\"images\\/EASTER-EGG-HUNT-AT-BLUEMALL4.jpg\",\"width\":\"800\",\"height\":\"533\",\"options\":{\"media\":{\"width\":800,\"height\":533}}},{\"title\":\"EASTER EGG HUNT AT BLUEMALL\",\"media\":\"images\\/EASTER-EGG-HUNT-AT-BLUEMALL5.jpg\",\"width\":\"800\",\"height\":\"533\",\"options\":{\"media\":{\"width\":800,\"height\":533}}},{\"title\":\"EASTER EGG HUNT AT BLUEMALL\",\"media\":\"images\\/EASTER-EGG-HUNT-AT-BLUEMALL6.jpg\",\"width\":\"800\",\"height\":\"533\",\"options\":{\"media\":{\"width\":800,\"height\":533}}}]}'),
(40, 'EXPOSICION FOTOGRAFICA LA MACHANTA AT BLUEMALL Galeria', 'custom', '{\"_widget\":{\"name\":\"gallery\",\"data\":{\"grid\":\"default\",\"gutter\":\"collapse\",\"gutter_dynamic\":\"20\",\"gutter_v_dynamic\":\"\",\"filter\":\"none\",\"filter_align\":\"left\",\"filter_all\":true,\"columns\":\"1\",\"columns_small\":\"0\",\"columns_medium\":\"3\",\"columns_large\":0,\"columns_xlarge\":0,\"animation\":\"scale-up\",\"image_width\":\"343\",\"image_height\":\"227\",\"media_border\":\"none\",\"overlay\":\"bottom\",\"panel\":\"blank\",\"overlay_center\":\"icon\",\"overlay_background\":\"hover\",\"overlay_image\":false,\"hover_overlay\":true,\"overlay_animation\":\"slide-bottom\",\"image_animation\":\"spin\",\"title\":true,\"content\":true,\"title_size\":\"panel\",\"link\":false,\"link_style\":\"button\",\"link_icon\":\"share\",\"link_text\":\"View\",\"lightbox\":true,\"lightbox_width\":\"auto\",\"lightbox_height\":\"auto\",\"lightbox_caption\":\"none\",\"lightbox_link\":false,\"lightbox_style\":\"button\",\"lightbox_icon\":\"search\",\"lightbox_text\":\"Details\",\"link_target\":false,\"class\":\"\"}},\"folder\":\"images\\/social-scene-galery\",\"sort_by\":\"filename_asc\",\"strip_leading_numbers\":false,\"strip_trailing_numbers\":false,\"_fields\":[],\"items\":[{\"title\":\"EXPOSICION FOTOGRAFICA LA MACHANTA AT BLUEMALL\",\"media\":\"images\\/EXPOSICION-FOTOGRAFICA-LA-MACHANTA-AT-BLUEMALL1.jpg\",\"width\":\"1000\",\"height\":\"664\",\"options\":{\"media\":{\"width\":1000,\"height\":664}}},{\"title\":\"EXPOSICION FOTOGRAFICA LA MACHANTA AT BLUEMALL\",\"media\":\"images\\/EXPOSICION-FOTOGRAFICA-LA-MACHANTA-AT-BLUEMALL2.jpg\",\"width\":\"1000\",\"height\":\"665\",\"options\":{\"media\":{\"width\":1000,\"height\":665}}},{\"title\":\"EXPOSICION FOTOGRAFICA LA MACHANTA AT BLUEMALL\",\"media\":\"images\\/EXPOSICION-FOTOGRAFICA-LA-MACHANTA-AT-BLUEMALL3.jpg\",\"width\":\"1000\",\"height\":\"665\",\"options\":{\"media\":{\"width\":1000,\"height\":665}}},{\"title\":\"EXPOSICION FOTOGRAFICA LA MACHANTA AT BLUEMALL\",\"media\":\"images\\/EXPOSICION-FOTOGRAFICA-LA-MACHANTA-AT-BLUEMALL4.jpg\",\"width\":\"1000\",\"height\":\"663\",\"options\":{\"media\":{\"width\":1000,\"height\":663}}},{\"title\":\"EXPOSICION FOTOGRAFICA LA MACHANTA AT BLUEMALL\",\"media\":\"images\\/EXPOSICION-FOTOGRAFICA-LA-MACHANTA-AT-BLUEMALL5.jpg\",\"width\":\"1000\",\"height\":\"665\",\"options\":{\"media\":{\"width\":1000,\"height\":665}}},{\"title\":\"EXPOSICION FOTOGRAFICA LA MACHANTA AT BLUEMALL\",\"media\":\"images\\/EXPOSICION-FOTOGRAFICA-LA-MACHANTA-AT-BLUEMALL6.jpg\",\"width\":\"1000\",\"height\":\"663\",\"options\":{\"media\":{\"width\":1000,\"height\":663}}}]}'),
(41, 'INAUGURACION MELISSA Galeria', 'custom', '{\"_widget\":{\"name\":\"gallery\",\"data\":{\"grid\":\"default\",\"gutter\":\"collapse\",\"gutter_dynamic\":\"20\",\"gutter_v_dynamic\":\"\",\"filter\":\"none\",\"filter_align\":\"left\",\"filter_all\":true,\"columns\":\"1\",\"columns_small\":\"0\",\"columns_medium\":\"3\",\"columns_large\":0,\"columns_xlarge\":0,\"animation\":\"scale-up\",\"image_width\":\"343\",\"image_height\":\"227\",\"media_border\":\"none\",\"overlay\":\"bottom\",\"panel\":\"blank\",\"overlay_center\":\"icon\",\"overlay_background\":\"hover\",\"overlay_image\":false,\"hover_overlay\":true,\"overlay_animation\":\"slide-bottom\",\"image_animation\":\"spin\",\"title\":true,\"content\":true,\"title_size\":\"panel\",\"link\":false,\"link_style\":\"button\",\"link_icon\":\"share\",\"link_text\":\"View\",\"lightbox\":true,\"lightbox_width\":\"auto\",\"lightbox_height\":\"auto\",\"lightbox_caption\":\"none\",\"lightbox_link\":false,\"lightbox_style\":\"button\",\"lightbox_icon\":\"search\",\"lightbox_text\":\"Details\",\"link_target\":false,\"class\":\"\"}},\"folder\":\"images\\/social-scene-galery\",\"sort_by\":\"filename_asc\",\"strip_leading_numbers\":false,\"strip_trailing_numbers\":false,\"_fields\":[],\"items\":[{\"title\":\"INAUGURACION MELISSA 1\",\"media\":\"images\\/INAUGURACION-MELISSA-1.jpg\",\"width\":\"1000\",\"height\":\"664\",\"options\":{\"media\":{\"width\":1000,\"height\":664}}},{\"title\":\"INAUGURACION MELISSA 2\",\"media\":\"images\\/INAUGURACION-MELISSA-2.jpg\",\"width\":\"1000\",\"height\":\"664\"},{\"title\":\"INAUGURACION MELISSA 3\",\"media\":\"images\\/INAUGURACION-MELISSA-3.jpg\",\"width\":\"1000\",\"height\":\"663\"},{\"title\":\"INAUGURACION MELISSA 4\",\"media\":\"images\\/INAUGURACION-MELISSA-4.jpg\",\"width\":\"1000\",\"height\":\"665\"},{\"title\":\"INAUGURACION MELISSA 5\",\"media\":\"images\\/INAUGURACION-MELISSA-5.jpg\",\"width\":\"1000\",\"height\":\"663\",\"options\":{\"media\":{\"width\":1000,\"height\":663}}},{\"title\":\"INAUGURACION MELISSA 6\",\"media\":\"images\\/INAUGURACION-MELISSA-6.jpg\",\"width\":\"1000\",\"height\":\"663\",\"options\":{\"media\":{\"width\":1000,\"height\":663}}}]}'),
(42, 'INAUGURACION SCALPERS  Galeria', 'custom', '{\"_widget\":{\"name\":\"gallery\",\"data\":{\"grid\":\"default\",\"gutter\":\"collapse\",\"gutter_dynamic\":\"20\",\"gutter_v_dynamic\":\"\",\"filter\":\"none\",\"filter_align\":\"left\",\"filter_all\":true,\"columns\":\"1\",\"columns_small\":\"0\",\"columns_medium\":\"3\",\"columns_large\":0,\"columns_xlarge\":0,\"animation\":\"scale-up\",\"image_width\":\"343\",\"image_height\":\"227\",\"media_border\":\"none\",\"overlay\":\"bottom\",\"panel\":\"blank\",\"overlay_center\":\"icon\",\"overlay_background\":\"hover\",\"overlay_image\":false,\"hover_overlay\":true,\"overlay_animation\":\"slide-bottom\",\"image_animation\":\"spin\",\"title\":true,\"content\":true,\"title_size\":\"panel\",\"link\":false,\"link_style\":\"button\",\"link_icon\":\"share\",\"link_text\":\"View\",\"lightbox\":true,\"lightbox_width\":\"auto\",\"lightbox_height\":\"auto\",\"lightbox_caption\":\"none\",\"lightbox_link\":false,\"lightbox_style\":\"button\",\"lightbox_icon\":\"search\",\"lightbox_text\":\"Details\",\"link_target\":false,\"class\":\"\"}},\"folder\":\"images\\/social-scene-galery\",\"sort_by\":\"filename_asc\",\"strip_leading_numbers\":false,\"strip_trailing_numbers\":false,\"_fields\":[],\"items\":[{\"title\":\"INAUGURACION SCALPERS\",\"media\":\"images\\/INAUGURACION-SCALPERS-2.jpg\",\"width\":\"1000\",\"height\":\"665\",\"options\":{\"media\":{\"width\":1000,\"height\":665}}},{\"title\":\"INAUGURACION SCALPERS\",\"media\":\"images\\/INAUGURACION-SCALPERS-3.jpg\",\"width\":\"1000\",\"height\":\"665\",\"options\":{\"media\":{\"width\":1000,\"height\":665}}},{\"title\":\"INAUGURACION SCALPERS\",\"media\":\"images\\/INAUGURACION-SCALPERS-4.jpg\",\"width\":\"1000\",\"height\":\"666\",\"options\":{\"media\":{\"width\":1000,\"height\":666}}},{\"title\":\"INAUGURACION SCALPERS\",\"media\":\"images\\/INAUGURACION-SCALPERS-5.jpg\",\"width\":\"1000\",\"height\":\"664\",\"options\":{\"media\":{\"width\":1000,\"height\":664}}}]}'),
(43, 'LA PELEA DEL SIGLO  Galeria', 'custom', '{\"_widget\":{\"name\":\"gallery\",\"data\":{\"grid\":\"default\",\"gutter\":\"collapse\",\"gutter_dynamic\":\"20\",\"gutter_v_dynamic\":\"\",\"filter\":\"none\",\"filter_align\":\"left\",\"filter_all\":true,\"columns\":\"1\",\"columns_small\":\"0\",\"columns_medium\":\"3\",\"columns_large\":0,\"columns_xlarge\":0,\"animation\":\"scale-up\",\"image_width\":\"343\",\"image_height\":\"227\",\"media_border\":\"none\",\"overlay\":\"bottom\",\"panel\":\"blank\",\"overlay_center\":\"icon\",\"overlay_background\":\"hover\",\"overlay_image\":false,\"hover_overlay\":true,\"overlay_animation\":\"slide-bottom\",\"image_animation\":\"spin\",\"title\":true,\"content\":true,\"title_size\":\"panel\",\"link\":false,\"link_style\":\"button\",\"link_icon\":\"share\",\"link_text\":\"View\",\"lightbox\":true,\"lightbox_width\":\"auto\",\"lightbox_height\":\"auto\",\"lightbox_caption\":\"none\",\"lightbox_link\":false,\"lightbox_style\":\"button\",\"lightbox_icon\":\"search\",\"lightbox_text\":\"Details\",\"link_target\":false,\"class\":\"\"}},\"folder\":\"images\\/social-scene-galery\",\"sort_by\":\"filename_asc\",\"strip_leading_numbers\":false,\"strip_trailing_numbers\":false,\"_fields\":[],\"items\":[{\"title\":\"LA PELEA DEL SIGLO\",\"media\":\"images\\/LA-PELEA-DEL-SIGLO-1.jpg\",\"width\":\"1000\",\"height\":\"669\",\"options\":{\"media\":{\"width\":1000,\"height\":669}}},{\"title\":\"LA PELEA DEL SIGLO\",\"media\":\"images\\/LA-PELEA-DEL-SIGLO-2.jpg\",\"width\":\"1000\",\"height\":\"670\",\"options\":{\"media\":{\"width\":1000,\"height\":670}}},{\"title\":\"LA PELEA DEL SIGLO\",\"media\":\"images\\/LA-PELEA-DEL-SIGLO-3.jpg\",\"width\":\"1000\",\"height\":\"664\",\"options\":{\"media\":{\"width\":1000,\"height\":664}}},{\"title\":\"LA PELEA DEL SIGLO\",\"media\":\"images\\/LA-PELEA-DEL-SIGLO-4.jpg\",\"width\":\"1000\",\"height\":\"665\",\"options\":{\"media\":{\"width\":1000,\"height\":665}}},{\"title\":\"LA PELEA DEL SIGLO\",\"media\":\"images\\/LA-PELEA-DEL-SIGLO-5.jpg\",\"width\":\"1000\",\"height\":\"671\",\"options\":{\"media\":{\"width\":1000,\"height\":671}}},{\"title\":\"LA PELEA DEL SIGLO\",\"media\":\"images\\/LA-PELEA-DEL-SIGLO-6.jpg\",\"width\":\"1000\",\"height\":\"761\",\"options\":{\"media\":{\"width\":1000,\"height\":761}}}]}'),
(44, 'Must Have Nuevo', 'custom', '{\"_widget\":{\"name\":\"grid-stack\",\"data\":{\"width\":\"1-2\",\"align\":\"left\",\"breakpoint\":\"medium\",\"alternate\":true,\"gutter\":false,\"gutter_vertical\":\"default\",\"divider\":false,\"panel\":true,\"content_align\":true,\"animation_media\":\"fade\",\"animation_content\":\"fade\",\"media\":true,\"image_width\":\"auto\",\"image_height\":\"auto\",\"media_border\":\"none\",\"media_overlay\":\"icon\",\"overlay_animation\":\"fade\",\"media_animation\":\"scale\",\"title\":true,\"content\":true,\"social_buttons\":true,\"title_size\":\"large\",\"text_align\":\"media\",\"link\":true,\"link_style\":\"button\",\"link_text\":\"Leer M\\u00e1s\",\"badge\":true,\"badge_style\":\"badge\",\"badge_position\":\"panel\",\"link_target\":false,\"class\":\"\"}},\"items\":[{\"media\":\"images\\/MUST-HAVE---BLUEMALL-BORSALINO.jpg\",\"options\":{\"media\":{\"width\":600,\"height\":401}},\"title\":\"Sombrero Panam\\u00e1 Borsalino\",\"content\":\"<p style=\\\"text-align: justify;\\\">Es un hermoso sombrero de paja tejido a mano, terminado en su interior con una suave y sedosa banda para el sudor, en color negro satinado, para una sensaci\\u00f3n m\\u00e1s c\\u00f3moda...<\\/p>\",\"link\":\"index.php\\/must-haves\\/149-sombrero-panama-borsalino\"},{\"media\":\"images\\/MUST-HAVE---BLUEMALL.jpg\",\"options\":{\"media\":{\"width\":600,\"height\":401}},\"title\":\"Calibre de Cartier Diver Watch\",\"content\":\"<p style=\\\"text-align: justify;\\\">El reloj Calibre de Cartier Diver es un instrumento de buceo aut\\u00e9ntico. Un poderoso reloj preciso con resistencia al agua hasta 300 metros , correa de caucho.<\\/p>\",\"link\":\"index.php\\/must-haves\\/148-calibre-de-cartier-diver-watch\"},{\"media\":\"images\\/MUST-HAVE-BLUEMALL-LV.jpg\",\"options\":{\"media\":{\"width\":600,\"height\":401}},\"content\":\"Con una forma de ojo de gato que se complementa perfectamente con formas ovaladas y triangulares, estas gafas de sol glamurosas...\",\"title\":\"Ivy Cat Eye\",\"link\":\"index.php\\/must-haves\\/147-ivy-cat-eye\"},{\"media\":\"images\\/MUST-HAVE---BLUEMALL-ST-DUPONT.jpg\",\"options\":{\"media\":{\"width\":600,\"height\":401}},\"title\":\"S.T Dupont The Humphrey Bogart\",\"content\":\"ST Dupont ha creado el \\\"ic\\u00f3nico\\\" que refleja el Humphrey elegante y chic, las bolsas \\\"Bogie\\u2122\\\", acogedora lona de algod\\u00f3n y piel natural...\",\"link\":\"index.php\\/must-haves\\/146-s-t-dupont-the-humphrey-bogart-summer-beige-bogie-bag\"}],\"_fields\":[]}'),
(46, 'Promosiones Seccion', 'custom', '{\"_widget\":{\"name\":\"grid-stack\",\"data\":{\"width\":\"1-2\",\"align\":\"left\",\"breakpoint\":\"medium\",\"alternate\":true,\"gutter\":false,\"gutter_vertical\":\"default\",\"divider\":false,\"panel\":true,\"content_align\":true,\"animation_media\":\"fade\",\"animation_content\":\"fade\",\"media\":true,\"image_width\":\"auto\",\"image_height\":\"auto\",\"media_border\":\"none\",\"media_overlay\":\"icon\",\"overlay_animation\":\"fade\",\"media_animation\":\"scale\",\"title\":true,\"content\":true,\"social_buttons\":true,\"title_size\":\"large\",\"text_align\":\"media\",\"link\":true,\"link_style\":\"button\",\"link_text\":\"Leer M\\u00e1s\",\"badge\":true,\"badge_style\":\"badge\",\"badge_position\":\"panel\",\"link_target\":false,\"class\":\"\"}},\"items\":[{\"media\":\"images\\/---Promociones\\/PROMOCIONES_PADRES2016.gif\",\"options\":{\"media\":{\"width\":600,\"height\":401}},\"title\":\"Like Father, Like Son\",\"content\":\"La combinaci\\u00f3n perfecta padre e hijo solo en BlueMall Por cada RD$ 2,500.00 pesos en compras recibes un ticket electr\\u00f3nico con el que participas para ser el gran ganador.\",\"link\":\"index.php\\/promociones\\/242-like-father-like-son\"},{\"media\":\"images\\/LOVE-AND-WINE-WEB.gif\",\"options\":{\"media\":{\"width\":600,\"height\":401}},\"title\":\"Gana un viaje a Valladolid, Espa\\u00f1a\",\"content\":\"Con una visita a la bodega Emilio Moro,\\npor cada RD$2,500.00 pesos en consumos recibes un ticket electr\\u00f3nico para participar.\",\"link\":\"index.php\\/promociones\\/228-gana-un-viaje-a-valladolid-espana\"},{\"media\":\"images\\/---Promociones\\/PROMOCIONES-FOTOS.jpg\",\"options\":{\"media\":{\"width\":600,\"height\":401}},\"title\":\"Gana un Mercedes-Benz 2016\",\"content\":\"Por cada RD$ 3,000.00 pesos en compras en nuestros establecimientos recibes un ticket electr\\u00f3nico para participar.\",\"link\":\"index.php\\/promociones\\/188-gana-un-mercedes-benz-2016\"},{\"media\":\"images\\/NOVDADES_PROMO_ENRIQUE.png\",\"options\":{\"media\":{\"width\":600,\"height\":401}},\"title\":\"BlueMall te lleva a conocer a Enrique Iglesias\",\"content\":\"Este 7 de Noviembre en su concierto Sex and Love World Tour 2015...\",\"link\":\"\\/index.php\\/promociones\\/183-bluemall-te-lleva-a-conocer-a-enrique-iglesias\"},{\"media\":\"images\\/PROMOCIONES-SECCION\\/PROMOCIONES_ANIVERSARIO-BLUEMALL.jpg\",\"options\":{\"media\":{\"width\":600,\"height\":401}},\"title\":\"Celebramos cinco a\\u00f1os...\",\"content\":\"Con motivo a nuestro quinto aniversario a partir de 2,500 pesos en consumos en nuestros establecimientos recibes lavado gratis...\",\"link\":\"index.php\\/promociones\\/178-celebramos-cinco-anos-de-experiencia-junto-a-ti\"},{\"title\":\"Los Tesoros para Pap\\u00e1\",\"media\":\"images\\/PROMOCIONES-LOS-TESOROS-PARA-PAPA-TAMBIEN-ESTAN-EN-BLUEMALL.jpg\",\"width\":\"600\",\"height\":\"401\",\"options\":{\"media\":{\"width\":600,\"height\":401}},\"content\":\"Por todo el mes de los padres por cada 2,500 pesos en compras recibes un ticket electr\\u00f3nico con el que participas para ganar...\",\"link\":\"index.php\\/promociones\\/155-los-tesoros-para-papa-tambien-estan-en-bluemall\"},{\"title\":\"Los Regalos para tu Gran Tesoro\",\"media\":\"images\\/PROMOCIONES-LOS-REGALOS-PARA-TU-GRAN-TESORO-ESTAN-EN-BLUEMALL.jpg\",\"width\":\"600\",\"height\":\"401\",\"options\":{\"media\":{\"width\":600,\"height\":401}},\"content\":\"Por todo el mes de las Madres por cada 2,000 pesos en compras recibes un ticket electr\\u00f3nico con el que participas para ganar...\",\"link\":\"index.php\\/promociones\\/157-los-regalos-para-tu-gran-tesoro-estan-en-bluemall\"},{\"title\":\"Enamorado de Venecia\",\"media\":\"images\\/PROMOCIONES-ENAMORADO-DE-VENECIA-DE-BLUEMALL_PROMOCIONES-FOTOS.jpg\",\"width\":\"600\",\"height\":\"401\",\"options\":{\"media\":{\"width\":600,\"height\":401}},\"content\":\"Ve a la ciudad de la fantas\\u00eda y el romance, por todo el mes de febrero por cada RD$2,000 en tiendas y RD$500 en el food court recibes...\",\"link\":\"index.php\\/promociones\\/156-enamorado-de-venecia-de-bluemall\"}],\"_fields\":[]}'),
(47, 'Novedades Seccion', 'custom', '{\"_widget\":{\"name\":\"grid-stack\",\"data\":{\"width\":\"1-2\",\"align\":\"left\",\"breakpoint\":\"medium\",\"alternate\":true,\"gutter\":false,\"gutter_vertical\":\"default\",\"divider\":false,\"panel\":true,\"content_align\":true,\"animation_media\":\"fade\",\"animation_content\":\"fade\",\"media\":true,\"image_width\":\"auto\",\"image_height\":\"auto\",\"media_border\":\"none\",\"media_overlay\":\"icon\",\"overlay_animation\":\"fade\",\"media_animation\":\"scale\",\"title\":true,\"content\":true,\"social_buttons\":true,\"title_size\":\"large\",\"text_align\":\"media\",\"link\":false,\"link_style\":\"button\",\"link_text\":\"Leer M\\u00e1s\",\"badge\":true,\"badge_style\":\"badge\",\"badge_position\":\"panel\",\"link_target\":false,\"class\":\"\"}},\"items\":[{\"title\":\"Forever Flawless\",\"media\":\"images\\/-lo-mas-reciente\\/fachadas-para-web4.png\",\"width\":\"600\",\"height\":\"400\",\"options\":{\"media\":{\"width\":600,\"height\":400}},\"content\":\"<p style=\\\"text-align: justify;\\\">Forever Flawless Diamonds Infused Skin Care abri\\u00f3 sus puertas en los espacios de BlueMall. La firma est\\u00e1 concentrada en distribuir una alta gama de l\\u00ednea de cosm\\u00e9ticos para el cuidado de la piel, con f\\u00f3rmulas especializadas, en polvo de diamantes, polvo de oro, veneno de serpiente, vitaminas y col\\u00e1geno, de mano de las mejores marcas del mercado.<\\/p>\",\"link\":\"#\"},{\"title\":\"Under Armour\",\"media\":\"images\\/-lo-mas-reciente\\/fachadas-para-web1.png\",\"width\":\"600\",\"height\":\"400\",\"options\":{\"media\":{\"width\":600,\"height\":400}},\"content\":\"<p style=\\\"text-align: justify;\\\">La afamada marca de ropa deportiva abri\\u00f3 sus puertas en piso 3, Under Armour lleva como misi\\u00f3n hacer que todos los atletas mejoren a trav\\u00e9s de la pasi\\u00f3n , el dise\\u00f1o y la b\\u00fasqueda incesante de la innovaci\\u00f3n.<\\/p>\",\"link\":\"#\"},{\"title\":\"Bal\\u00fa Hogar\",\"media\":\"images\\/-lo-mas-reciente\\/fachadas-para-web6.png\",\"width\":\"600\",\"height\":\"400\",\"options\":{\"media\":{\"width\":600,\"height\":400}},\"content\":\"<p style=\\\"text-align: justify;\\\">Con un cat\\u00e1logo repleto de accesorios y elementos para embellecer cada rinc\\u00f3n de la casa, abre sus puertas la tienda Bal\\u00fa Hogar, un espacio ubicado en el piso 3 de BlueMall que viene a complementar la oferta en el mercado local.<\\/p>\",\"link\":\"#\"},{\"title\":\"OndadeMar\",\"media\":\"images\\/-lo-mas-reciente\\/fachadas-para-web5.png\",\"width\":\"600\",\"height\":\"400\",\"options\":{\"media\":{\"width\":600,\"height\":400}},\"content\":\"<p style=\\\"text-align: justify;\\\">Llega desde Colombia OndadeMar para satisfacer los m\\u00e1s exquisitos gustos en cuanto a trajes de ba\\u00f1os se refiere, abri\\u00f3 sus puertas en piso 2.<\\/p>\",\"link\":\"#\"},{\"title\":\"Afazzes Shoes\",\"media\":\"images\\/-lo-mas-reciente\\/fachadas-para-web2.png\",\"width\":\"600\",\"height\":\"400\",\"options\":{\"media\":{\"width\":600,\"height\":400}},\"content\":\"<p style=\\\"text-align: justify;\\\">Ubicado en piso 3, se encuentra la tentaci\\u00f3n favorita de toda mujer, aquella por la cual suspira y sue\\u00f1a: zapatos y m\\u00e1s zapatos.<\\/p>\",\"link\":\"#\"},{\"title\":\"Afazzes Accesorios\",\"media\":\"images\\/-lo-mas-reciente\\/fachadas-para-web3.png\",\"width\":\"600\",\"height\":\"400\",\"options\":{\"media\":{\"width\":600,\"height\":400}},\"content\":\"<p style=\\\"text-align: justify;\\\">Donde podr\\u00e1s encontrar el accesorio ideal para completar tu outfit o el regalo perfecto. Ubicado en piso 2<\\/p>\",\"link\":\"#\"},{\"media\":\"images\\/NOVEDADES-BLUEMALL-Charles--Keith.jpg\",\"options\":{\"media\":{\"width\":600,\"height\":401}},\"title\":\"Charles & Keith\",\"content\":\"Ya abri\\u00f3 sus puertas Charles & Keith en piso 2, con una propuesta fresca y vanguardista de accesorios para mujer.\",\"link\":\"#\"},{\"title\":\"Farmacia Los Hidalgos\",\"media\":\"images\\/NOVEDADES-FARMACIALOSHIDALGOS_NOVDADES---BLUEMALL.jpg\",\"width\":\"600\",\"height\":\"401\",\"options\":{\"media\":{\"width\":600,\"height\":401}},\"content\":\"<p style=\\\"text-align: justify;\\\">Abri\\u00f3 su nueva sucursal en piso 3,  brindando al cliente su amplio abastecimiento de medicamentos y otras categor\\u00edas de productos tales como regalos, cosm\\u00e9ticos, l\\u00edneas de higiene personal, nutrici\\u00f3n especializada y art\\u00edculos para el cuidado de envejecientes.<\\/p>\",\"link\":\"#\"},{\"title\":\"Pawa Dominicana\",\"media\":\"images\\/NOVEDADES-PAWA-DOMINICANA_NOVDADES---BLUEMALL.jpg\",\"width\":\"600\",\"height\":\"401\",\"options\":{\"media\":{\"width\":600,\"height\":401}},\"content\":\"<p style=\\\"text-align: justify;\\\">La aerol\\u00ednea Pawa Dominicana abri\\u00f3 sus puertas en piso 3, donde brinda al p\\u00fablico servicios de vuelos directos interdiarios a Aruba, Curazao y St. Marteen, para luego incorporar paulatinamente San Juan, La Habana, Miami y Nueva York en un per\\u00edodo estimado de seis meses.<\\/p>\",\"link\":\"#\"}],\"_fields\":[]}'),
(48, 'Experiencia Bluemall pagina 2', 'custom', '{\"_widget\":{\"name\":\"grid-stack\",\"data\":{\"width\":\"1-2\",\"align\":\"left\",\"breakpoint\":\"medium\",\"alternate\":true,\"gutter\":false,\"gutter_vertical\":\"default\",\"divider\":false,\"panel\":true,\"content_align\":true,\"animation_media\":\"fade\",\"animation_content\":\"fade\",\"media\":true,\"image_width\":\"auto\",\"image_height\":\"auto\",\"media_border\":\"none\",\"media_overlay\":\"icon\",\"overlay_animation\":\"fade\",\"media_animation\":\"scale\",\"title\":true,\"content\":true,\"social_buttons\":true,\"title_size\":\"large\",\"text_align\":\"media\",\"link\":true,\"link_style\":\"button\",\"link_text\":\"Leer M\\u00e1s\",\"badge\":true,\"badge_style\":\"badge\",\"badge_position\":\"panel\",\"link_target\":false,\"class\":\"\"}},\"items\":[{\"media\":\"images\\/haloween\\/navidad.jpg\",\"options\":{\"media\":{\"width\":528,\"height\":450}},\"title\":\"The Magical Christmas Tree\",\"content\":\"<p style=\\\"text-align: justify;\\\">Con esta primera exhibici\\u00f3n realizada por Preston Bailey en Latinoam\\u00e9rica, BlueMall dej\\u00f3 oficialmente inaugurada su Navidad...<\\/p>\",\"link\":\"index.php\\/component\\/k2\\/item\\/45-the-magical-christmas-tree\"},{\"media\":\"images\\/haloween\\/halowen2.jpg\",\"options\":{\"media\":{\"width\":528,\"height\":450}},\"title\":\"Halloween Trick or Treat at BlueMall\",\"content\":\"<p style=\\\"text-align: justify;\\\">BlueMall present\\u00f3 los d\\u00edas s\\u00e1bado 25, domingo 26 y viernes 31 de octubre su \\\"Halloween Trick or Treat\\\", donde toda la familia, en especial los m\\u00e1s peque\\u00f1os, pudieron disfrutar de personajes...<\\/p>\",\"link\":\"index.php\\/component\\/k2\\/item\\/44-halloween-trick-or-treat-at-bluemall\"},{\"media\":\"images\\/PORTADA-Wedding.png\",\"options\":{\"media\":{\"width\":528,\"height\":450}},\"title\":\"Wedding Gallery at BlueMall\",\"link\":\"index.php\\/component\\/k2\\/item\\/46-wedding-gallery-at-blue-mall-y-jw-marriott\",\"content\":\"En un espacio dedicado al buen gusto y la exquisitez, con un espectacular desfile de trajes de novia y de gran gala, se dio inicio al el Wedding Gallery 2014 en el sal\\u00f3n Grand Piantini del Hotel JW Marriott. Este a\\u00f1o se dieron cita las m\\u00e1s exquisitas propuestas de trajes de novias y de fiesta de la temporada de las exclusivas boutiques Pronovias...\"},{\"media\":\"images\\/huellas\\/huellas-2014.jpg\",\"options\":{\"media\":{\"width\":528,\"height\":450}},\"content\":\"Para celebrar el D\\u00eda Internacional de la Mujer, BlueMall y Editora List\\u00edn Diario celebraron su evento \\\"Mujeres que Dejan Huellas\\\", a trav\\u00e9s del cual reconocen a destacadas damas dominicanas quienes con su labor est\\u00e1n contribuyendo al desarrollo del pa\\u00eds a trav\\u00e9s de diferentes fundaciones...\",\"title\":\"Mujeres que Dejan Huellas 2014\",\"link\":\"index.php\\/component\\/k2\\/item\\/47-mujeres-que-dejan-huellas\"},{\"media\":\"images\\/paris\\/paris.jpg\",\"options\":{\"media\":{\"width\":528,\"height\":450}},\"title\":\"El Encanto de Par\\u00eds Llega a BlueMall\",\"content\":\"<p style=\\\"text-align: justify;\\\">Para celebrar el mes del amor y la amistad, BlueMall lanz\\u00f3 su plataforma de actividades y promoci\\u00f3n \\u201cEl Encanto de Par\\u00eds Llega a BlueMall\\u201d. Durante todo el mes de febrero, los clientes y visitantes de la plaza disfrutaron del encanto de esta ciudad y la torre Eiffel en su Caf\\u00e9 Parisino con las atenciones de Caf\\u00e9 SBG. De jueves a domingo, de 6:00 a 8:00 PM se realizaron diferentes actividades incluyendo m\\u00fasica en vivo, mimos, estatuas vivientes, caricaturistas y brindis especiales...\\n<\\/p>\",\"link\":\"index.php\\/component\\/k2\\/item\\/43-el-encanto-de-paris-llega-a-blue-mall\"}],\"_fields\":[]}'),
(49, 'Mercedes Benz Fashion Galeria', 'custom', '{\"_widget\":{\"name\":\"gallery\",\"data\":{\"grid\":\"default\",\"gutter\":\"collapse\",\"gutter_dynamic\":\"20\",\"gutter_v_dynamic\":\"\",\"filter\":\"none\",\"filter_align\":\"left\",\"filter_all\":true,\"columns\":\"1\",\"columns_small\":\"0\",\"columns_medium\":\"3\",\"columns_large\":0,\"columns_xlarge\":0,\"animation\":\"scale-up\",\"image_width\":\"auto\",\"image_height\":\"auto\",\"media_border\":\"none\",\"overlay\":\"bottom\",\"panel\":\"blank\",\"overlay_center\":\"icon\",\"overlay_background\":\"hover\",\"overlay_image\":false,\"hover_overlay\":true,\"overlay_animation\":\"slide-bottom\",\"image_animation\":\"spin\",\"title\":true,\"content\":true,\"title_size\":\"panel\",\"link\":false,\"link_style\":\"button\",\"link_icon\":\"share\",\"link_text\":\"View\",\"lightbox\":true,\"lightbox_width\":\"auto\",\"lightbox_height\":\"auto\",\"lightbox_caption\":\"none\",\"lightbox_link\":false,\"lightbox_style\":\"button\",\"lightbox_icon\":\"search\",\"lightbox_text\":\"Details\",\"link_target\":false,\"class\":\"\"}},\"folder\":\"images\\/social-scene-galery\",\"sort_by\":\"filename_asc\",\"strip_leading_numbers\":false,\"strip_trailing_numbers\":false,\"_fields\":[],\"items\":[{\"title\":\"MERCEDES BENZ FASHION\",\"media\":\"images\\/mercedes-benz\\/MERCEDES_BENZ_FASHION-1.jpg\",\"width\":\"1000\",\"height\":\"701\",\"options\":{\"media\":{\"width\":1000,\"height\":701}}},{\"title\":\"MERCEDES BENZ FASHION\",\"media\":\"images\\/mercedes-benz\\/MERCEDES_BENZ_FASHION-3.jpg\",\"width\":\"1000\",\"height\":\"695\",\"options\":{\"media\":{\"width\":1000,\"height\":695}}},{\"title\":\"MERCEDES BENZ FASHION\",\"media\":\"images\\/mercedes-benz\\/MERCEDES_BENZ_FASHION-4.jpg\",\"width\":\"1000\",\"height\":\"678\",\"options\":{\"media\":{\"width\":1000,\"height\":678}}},{\"title\":\"MERCEDES BENZ FASHION\",\"media\":\"images\\/mercedes-benz\\/MERCEDES-BENZ-FASHION-2.jpg\",\"width\":\"1000\",\"height\":\"729\",\"options\":{\"media\":{\"width\":1000,\"height\":641}}},{\"title\":\"MERCEDES BENZ FASHION\",\"media\":\"images\\/mercedes-benz\\/MERCEDES_BENZ_FASHION-6.jpg\",\"width\":\"1000\",\"height\":\"633\",\"options\":{\"media\":{\"width\":1000,\"height\":633}}}]}'),
(50, 'Exposicion Encounters Luis Vidal Galeria', 'custom', '{\"_widget\":{\"name\":\"gallery\",\"data\":{\"grid\":\"default\",\"gutter\":\"collapse\",\"gutter_dynamic\":\"20\",\"gutter_v_dynamic\":\"\",\"filter\":\"none\",\"filter_align\":\"left\",\"filter_all\":true,\"columns\":\"1\",\"columns_small\":\"0\",\"columns_medium\":\"3\",\"columns_large\":0,\"columns_xlarge\":0,\"animation\":\"scale-up\",\"image_width\":\"auto\",\"image_height\":\"auto\",\"media_border\":\"none\",\"overlay\":\"bottom\",\"panel\":\"blank\",\"overlay_center\":\"icon\",\"overlay_background\":\"hover\",\"overlay_image\":false,\"hover_overlay\":true,\"overlay_animation\":\"slide-bottom\",\"image_animation\":\"spin\",\"title\":true,\"content\":true,\"title_size\":\"panel\",\"link\":false,\"link_style\":\"button\",\"link_icon\":\"share\",\"link_text\":\"View\",\"lightbox\":true,\"lightbox_width\":\"auto\",\"lightbox_height\":\"auto\",\"lightbox_caption\":\"none\",\"lightbox_link\":false,\"lightbox_style\":\"button\",\"lightbox_icon\":\"search\",\"lightbox_text\":\"Details\",\"link_target\":false,\"class\":\"\"}},\"folder\":\"images\\/social-scene-galery\",\"sort_by\":\"filename_asc\",\"strip_leading_numbers\":false,\"strip_trailing_numbers\":false,\"_fields\":[],\"items\":[{\"title\":\"Exposicion Encounters Luis Vidal\",\"media\":\"images\\/botones\\/Exposicion-Encounters-Luis_Vidal\\/Exposicion-Encounters-Luis-Vidal-5.jpg\",\"width\":\"1000\",\"height\":\"660\",\"options\":{\"media\":{\"width\":1000,\"height\":660}}},{\"title\":\"Exposicion Encounters Luis Vidal\",\"media\":\"images\\/botones\\/Exposicion-Encounters-Luis_Vidal\\/Exposicion-Encounters-Luis-Vidal-6.jpg\",\"width\":\"1000\",\"height\":\"660\",\"options\":{\"media\":{\"width\":1000,\"height\":660}}},{\"title\":\"Exposicion Encounters Luis Vidal\",\"media\":\"images\\/botones\\/Exposicion-Encounters-Luis_Vidal\\/Exposicion-Encounters-Luis-Vidal-7.jpg\",\"width\":\"1000\",\"height\":\"660\",\"options\":{\"media\":{\"width\":1000,\"height\":660}}},{\"title\":\"Exposicion Encounters Luis Vidal\",\"media\":\"images\\/botones\\/Exposicion-Encounters-Luis_Vidal\\/Exposicion-Encounters-Luis-Vidal.jpg\",\"width\":\"1000\",\"height\":\"660\",\"options\":{\"media\":{\"width\":1100,\"height\":739}}},{\"title\":\"Exposicion Encounters Luis Vidal\",\"media\":\"images\\/botones\\/Exposicion-Encounters-Luis_Vidal\\/Exposicion-Encounters-Luis_Vidal-2.jpg\",\"width\":\"1000\",\"height\":\"660\",\"options\":{\"media\":{\"width\":1000,\"height\":660}}},{\"media\":\"images\\/botones\\/Exposicion-Encounters-Luis_Vidal\\/Exposicion-Encounters-Luis-Vidal-10.jpg\",\"options\":{\"media\":{\"width\":1000,\"height\":660}},\"title\":\"Exposicion Encounters Luis Vidal 3\"}]}'),
(51, 'Mujeres que Dejan Huellas 2014 Galeria', 'custom', '{\"_widget\":{\"name\":\"gallery\",\"data\":{\"grid\":\"default\",\"gutter\":\"collapse\",\"gutter_dynamic\":\"20\",\"gutter_v_dynamic\":\"\",\"filter\":\"none\",\"filter_align\":\"left\",\"filter_all\":true,\"columns\":\"1\",\"columns_small\":\"0\",\"columns_medium\":\"3\",\"columns_large\":0,\"columns_xlarge\":0,\"animation\":\"scale-up\",\"image_width\":\"auto\",\"image_height\":\"auto\",\"media_border\":\"none\",\"overlay\":\"bottom\",\"panel\":\"blank\",\"overlay_center\":\"icon\",\"overlay_background\":\"hover\",\"overlay_image\":false,\"hover_overlay\":true,\"overlay_animation\":\"slide-bottom\",\"image_animation\":\"spin\",\"title\":true,\"content\":true,\"title_size\":\"panel\",\"link\":false,\"link_style\":\"button\",\"link_icon\":\"share\",\"link_text\":\"View\",\"lightbox\":true,\"lightbox_width\":\"auto\",\"lightbox_height\":\"auto\",\"lightbox_caption\":\"none\",\"lightbox_link\":false,\"lightbox_style\":\"button\",\"lightbox_icon\":\"search\",\"lightbox_text\":\"Details\",\"link_target\":false,\"class\":\"\"}},\"folder\":\"images\\/social-scene-galery\",\"sort_by\":\"filename_asc\",\"strip_leading_numbers\":false,\"strip_trailing_numbers\":false,\"_fields\":[],\"items\":[{\"title\":\"Homenaje Celeste 86\",\"media\":\"images\\/huellas\\/Homenaje Celeste-86.jpg\",\"width\":\"900\",\"height\":\"600\",\"options\":{\"media\":{\"width\":900,\"height\":600}}},{\"title\":\"Jazz B 17\",\"media\":\"images\\/huellas\\/Jazz B-17.jpg\",\"width\":\"900\",\"height\":\"600\"},{\"title\":\"Jazz B 27\",\"media\":\"images\\/huellas\\/Jazz B-27.jpg\",\"width\":\"900\",\"height\":\"600\"},{\"title\":\"Jazz B 51\",\"media\":\"images\\/huellas\\/Jazz B-51.jpg\",\"width\":\"900\",\"height\":\"600\"},{\"title\":\"Jazz B 55\",\"media\":\"images\\/huellas\\/Jazz B-55.jpg\",\"width\":\"900\",\"height\":\"600\"}]}'),
(52, 'Desencantada Galeria', 'custom', '{\"_widget\":{\"name\":\"gallery\",\"data\":{\"grid\":\"default\",\"gutter\":\"collapse\",\"gutter_dynamic\":\"20\",\"gutter_v_dynamic\":\"\",\"filter\":\"none\",\"filter_align\":\"left\",\"filter_all\":true,\"columns\":\"1\",\"columns_small\":\"0\",\"columns_medium\":\"3\",\"columns_large\":0,\"columns_xlarge\":0,\"animation\":\"scale-up\",\"image_width\":\"343\",\"image_height\":\"227\",\"media_border\":\"none\",\"overlay\":\"bottom\",\"panel\":\"blank\",\"overlay_center\":\"icon\",\"overlay_background\":\"hover\",\"overlay_image\":false,\"hover_overlay\":true,\"overlay_animation\":\"slide-bottom\",\"image_animation\":\"spin\",\"title\":true,\"content\":true,\"title_size\":\"panel\",\"link\":false,\"link_style\":\"button\",\"link_icon\":\"share\",\"link_text\":\"View\",\"lightbox\":true,\"lightbox_width\":\"auto\",\"lightbox_height\":\"auto\",\"lightbox_caption\":\"none\",\"lightbox_link\":false,\"lightbox_style\":\"button\",\"lightbox_icon\":\"search\",\"lightbox_text\":\"Details\",\"link_target\":false,\"class\":\"\"}},\"folder\":\"images\\/social-scene-galery\",\"sort_by\":\"filename_asc\",\"strip_leading_numbers\":false,\"strip_trailing_numbers\":false,\"_fields\":[],\"items\":[{\"title\":\"MUSICAL DE BRODWAY DESENCANTADA\",\"media\":\"images\\/Desencantada\\/MUSICAL-DE-BRODWAY-DESENCANTADA-1.jpg\",\"width\":\"1000\",\"height\":\"717\",\"options\":{\"media\":{\"width\":1000,\"height\":717}}},{\"title\":\"MUSICAL DE BRODWAY DESENCANTADA\",\"media\":\"images\\/Desencantada\\/MUSICAL-DE-BRODWAY-DESENCANTADA-2.jpg\",\"width\":\"1000\",\"height\":\"667\",\"options\":{\"media\":{\"width\":1000,\"height\":667}}},{\"title\":\"MUSICAL DE BRODWAY DESENCANTADA\",\"media\":\"images\\/Desencantada\\/MUSICAL-DE-BRODWAY-DESENCANTADA-3.jpg\",\"width\":\"1000\",\"height\":\"660\",\"options\":{\"media\":{\"width\":1000,\"height\":660}}},{\"title\":\"MUSICAL DE BRODWAY DESENCANTADA\",\"media\":\"images\\/Desencantada\\/MUSICAL-DE-BRODWAY-DESENCANTADA-4.jpg\",\"width\":\"1000\",\"height\":\"831\",\"options\":{\"media\":{\"width\":1000,\"height\":831}}},{\"title\":\"MUSICAL DE BRODWAY DESENCANTADA\",\"media\":\"images\\/Desencantada\\/MUSICAL-DE-BRODWAY-DESENCANTADA-5.jpg\",\"width\":\"686\",\"height\":\"593\",\"options\":{\"media\":{\"width\":686,\"height\":593}}},{\"media\":\"images\\/Desencantada\\/MUSICAL-DE-BRODWAY-DESENCANTADA-6.png\",\"options\":{\"media\":{\"width\":716,\"height\":606}},\"title\":\"MUSICAL DE BRODWAY DESENCANTADA\"}]}'),
(53, 'MES DE LA MADRES EN BLUEMALL  Galeria', 'custom', '{\"_widget\":{\"name\":\"gallery\",\"data\":{\"grid\":\"default\",\"gutter\":\"collapse\",\"gutter_dynamic\":\"20\",\"gutter_v_dynamic\":\"\",\"filter\":\"none\",\"filter_align\":\"left\",\"filter_all\":true,\"columns\":\"1\",\"columns_small\":\"0\",\"columns_medium\":\"3\",\"columns_large\":0,\"columns_xlarge\":0,\"animation\":\"scale-up\",\"image_width\":\"auto\",\"image_height\":\"auto\",\"media_border\":\"none\",\"overlay\":\"bottom\",\"panel\":\"blank\",\"overlay_center\":\"icon\",\"overlay_background\":\"hover\",\"overlay_image\":false,\"hover_overlay\":true,\"overlay_animation\":\"slide-bottom\",\"image_animation\":\"spin\",\"title\":true,\"content\":true,\"title_size\":\"panel\",\"link\":false,\"link_style\":\"button\",\"link_icon\":\"share\",\"link_text\":\"View\",\"lightbox\":true,\"lightbox_width\":\"auto\",\"lightbox_height\":\"auto\",\"lightbox_caption\":\"none\",\"lightbox_link\":false,\"lightbox_style\":\"button\",\"lightbox_icon\":\"search\",\"lightbox_text\":\"Details\",\"link_target\":false,\"class\":\"\"}},\"folder\":\"images\\/social-scene-galery\",\"sort_by\":\"filename_asc\",\"strip_leading_numbers\":false,\"strip_trailing_numbers\":false,\"_fields\":[],\"items\":[{\"title\":\"MES DE LA MADRES EN BLUEMALL\",\"media\":\"images\\/-mes-madres\\/MES-DE-LA-MADRES-EN-BLUEMALL-1.jpg\",\"width\":\"1000\",\"height\":\"660\",\"options\":{\"media\":{\"width\":1000,\"height\":660}}},{\"title\":\"MES DE LA MADRES EN BLUEMALL\",\"media\":\"images\\/-mes-madres\\/MES-DE-LA-MADRES-EN-BLUEMALL-3.jpg\",\"width\":\"1000\",\"height\":\"660\",\"options\":{\"media\":{\"width\":1000,\"height\":660}}},{\"title\":\"MES DE LA MADRES EN BLUEMALL\",\"media\":\"images\\/-mes-madres\\/MES-DE-LA-MADRES-EN-BLUEMALL-4.jpg\",\"width\":\"1000\",\"height\":\"660\",\"options\":{\"media\":{\"width\":1000,\"height\":660}}},{\"title\":\"MES DE LA MADRES EN BLUEMALL\",\"media\":\"images\\/-mes-madres\\/MES-DE-LA-MADRES-EN-BLUEMALL-5.jpg\",\"width\":\"1000\",\"height\":\"660\",\"options\":{\"media\":{\"width\":1000,\"height\":660}}},{\"title\":\"MES DE LA MADRES EN BLUEMALL\",\"media\":\"images\\/-mes-madres\\/MES-DE-LA-MADRES-EN-BLUEMALL-2.jpg\",\"width\":\"1000\",\"height\":\"660\",\"options\":{\"media\":{\"width\":1000,\"height\":660}}}]}'),
(54, 'Patric Love Coleccion Genesis  Galeria', 'custom', '{\"_widget\":{\"name\":\"gallery\",\"data\":{\"grid\":\"default\",\"gutter\":\"collapse\",\"gutter_dynamic\":\"20\",\"gutter_v_dynamic\":\"\",\"filter\":\"none\",\"filter_align\":\"left\",\"filter_all\":true,\"columns\":\"1\",\"columns_small\":\"0\",\"columns_medium\":\"3\",\"columns_large\":0,\"columns_xlarge\":0,\"animation\":\"scale-up\",\"image_width\":\"auto\",\"image_height\":\"auto\",\"media_border\":\"none\",\"overlay\":\"bottom\",\"panel\":\"blank\",\"overlay_center\":\"icon\",\"overlay_background\":\"hover\",\"overlay_image\":false,\"hover_overlay\":true,\"overlay_animation\":\"slide-bottom\",\"image_animation\":\"spin\",\"title\":true,\"content\":true,\"title_size\":\"panel\",\"link\":false,\"link_style\":\"button\",\"link_icon\":\"share\",\"link_text\":\"View\",\"lightbox\":true,\"lightbox_width\":\"auto\",\"lightbox_height\":\"auto\",\"lightbox_caption\":\"none\",\"lightbox_link\":false,\"lightbox_style\":\"button\",\"lightbox_icon\":\"search\",\"lightbox_text\":\"Details\",\"link_target\":false,\"class\":\"\"}},\"folder\":\"images\\/social-scene-galery\",\"sort_by\":\"filename_asc\",\"strip_leading_numbers\":false,\"strip_trailing_numbers\":false,\"_fields\":[],\"items\":[{\"title\":\"Patric Love Coleccion Genesis\",\"media\":\"images\\/-patric-love\\/Patric-Love-coleccion-Genesis-2.jpg\",\"width\":\"1000\",\"height\":\"660\",\"options\":{\"media\":{\"width\":1000,\"height\":660}}},{\"title\":\"Patric Love Coleccion Genesis\",\"media\":\"images\\/-patric-love\\/Patric-Love-coleccion-Genesis-3.jpg\",\"width\":\"1000\",\"height\":\"660\",\"options\":{\"media\":{\"width\":1000,\"height\":660}}},{\"title\":\"Patric Love Coleccion Genesis\",\"media\":\"images\\/-patric-love\\/Patric-Love-coleccion-Genesis-4.jpg\",\"width\":\"1000\",\"height\":\"660\",\"options\":{\"media\":{\"width\":1000,\"height\":660}}},{\"title\":\"Patric Love Coleccion Genesis\",\"media\":\"images\\/-patric-love\\/Patric-Love-coleccion-Genesis-5.jpg\",\"width\":\"1000\",\"height\":\"660\",\"options\":{\"media\":{\"width\":1000,\"height\":660}}},{\"title\":\"Patric Love Coleccion Genesis\",\"media\":\"images\\/-patric-love\\/Patric-Love-coleccion-Genesis.jpg\",\"width\":\"1000\",\"height\":\"660\",\"options\":{\"media\":{\"width\":1000,\"height\":660}}}]}'),
(55, 'WEDDING GALLERY 2015 AT BLUEMALL Galeria', 'custom', '{\"_widget\":{\"name\":\"gallery\",\"data\":{\"grid\":\"default\",\"gutter\":\"collapse\",\"gutter_dynamic\":\"20\",\"gutter_v_dynamic\":\"\",\"filter\":\"none\",\"filter_align\":\"left\",\"filter_all\":true,\"columns\":\"1\",\"columns_small\":\"0\",\"columns_medium\":\"3\",\"columns_large\":0,\"columns_xlarge\":0,\"animation\":\"scale-up\",\"image_width\":\"343\",\"image_height\":\"227\",\"media_border\":\"none\",\"overlay\":\"bottom\",\"panel\":\"blank\",\"overlay_center\":\"icon\",\"overlay_background\":\"hover\",\"overlay_image\":false,\"hover_overlay\":true,\"overlay_animation\":\"slide-bottom\",\"image_animation\":\"spin\",\"title\":true,\"content\":true,\"title_size\":\"panel\",\"link\":false,\"link_style\":\"button\",\"link_icon\":\"share\",\"link_text\":\"View\",\"lightbox\":true,\"lightbox_width\":\"auto\",\"lightbox_height\":\"auto\",\"lightbox_caption\":\"none\",\"lightbox_link\":false,\"lightbox_style\":\"button\",\"lightbox_icon\":\"search\",\"lightbox_text\":\"Details\",\"link_target\":false,\"class\":\"\"}},\"folder\":\"images\\/social-scene-galery\",\"sort_by\":\"filename_asc\",\"strip_leading_numbers\":false,\"strip_trailing_numbers\":false,\"_fields\":[],\"items\":[{\"media\":\"images\\/WEDDING-GALLERY-2015-AT-BLUEMALL-1.jpg\",\"options\":{\"media\":[]},\"title\":\"WEDDING GALLERY 2015 AT BLUEMALL 1\"},{\"media\":\"images\\/WEDDING-GALLERY-2015-AT-BLUEMALL-10.jpg\",\"options\":{\"media\":{\"width\":800,\"height\":532}},\"title\":\"WEDDING GALLERY 2015 AT BLUEMALL 10\"},{\"media\":\"images\\/WEDDING-GALLERY-2015-AT-BLUEMALL-2.jpg\",\"options\":{\"media\":{\"width\":800,\"height\":532}},\"title\":\"WEDDING GALLERY 2015 AT BLUEMALL 2\"},{\"media\":\"images\\/WEDDING-GALLERY-2015-AT-BLUEMALL-3.jpg\",\"options\":{\"media\":{\"width\":800,\"height\":532}},\"title\":\"WEDDING GALLERY 2015 AT BLUEMALL 3\"},{\"media\":\"images\\/WEDDING-GALLERY-2015-AT-BLUEMALL-4.jpg\",\"options\":{\"media\":{\"width\":800,\"height\":532}},\"title\":\"WEDDING GALLERY 2015 AT BLUEMALL 4\"},{\"media\":\"images\\/WEDDING-GALLERY-2015-AT-BLUEMALL-5.jpg\",\"options\":{\"media\":{\"width\":800,\"height\":532}},\"title\":\"WEDDING GALLERY 2015 AT BLUEMALL 5\"},{\"media\":\"images\\/WEDDING-GALLERY-2015-AT-BLUEMALL-6.jpg\",\"options\":{\"media\":{\"width\":800,\"height\":532}},\"title\":\"WEDDING GALLERY 2015 AT BLUEMALL 6\"},{\"media\":\"images\\/WEDDING-GALLERY-2015-AT-BLUEMALL-7.jpg\",\"options\":{\"media\":{\"width\":800,\"height\":532}},\"title\":\"WEDDING GALLERY 2015 AT BLUEMALL 7\"},{\"media\":\"images\\/WEDDING-GALLERY-2015-AT-BLUEMALL-8.jpg\",\"options\":{\"media\":{\"width\":800,\"height\":532}},\"title\":\"WEDDING GALLERY 2015 AT BLUEMALL 8\"},{\"media\":\"images\\/WEDDING-GALLERY-2015-AT-BLUEMALL-9.jpg\",\"options\":{\"media\":{\"width\":800,\"height\":532}},\"title\":\"WEDDING GALLERY 2015 AT BLUEMALL 9\"}]}');
INSERT INTO `i0adu_widgetkit` (`id`, `name`, `type`, `data`) VALUES
(56, 'Halloween-2015', 'custom', '{\"_widget\":{\"name\":\"gallery\",\"data\":{\"grid\":\"default\",\"gutter\":\"collapse\",\"gutter_dynamic\":\"20\",\"gutter_v_dynamic\":\"\",\"filter\":\"none\",\"filter_align\":\"left\",\"filter_all\":true,\"columns\":\"1\",\"columns_small\":\"0\",\"columns_medium\":\"3\",\"columns_large\":0,\"columns_xlarge\":0,\"animation\":\"scale-up\",\"image_width\":\"343\",\"image_height\":\"227\",\"media_border\":\"none\",\"overlay\":\"bottom\",\"panel\":\"blank\",\"overlay_center\":\"icon\",\"overlay_background\":\"hover\",\"overlay_image\":false,\"hover_overlay\":true,\"overlay_animation\":\"slide-bottom\",\"image_animation\":\"spin\",\"title\":true,\"content\":true,\"title_size\":\"panel\",\"link\":false,\"link_style\":\"button\",\"link_icon\":\"share\",\"link_text\":\"View\",\"lightbox\":true,\"lightbox_width\":\"auto\",\"lightbox_height\":\"auto\",\"lightbox_caption\":\"none\",\"lightbox_link\":false,\"lightbox_style\":\"button\",\"lightbox_icon\":\"search\",\"lightbox_text\":\"Details\",\"link_target\":false,\"class\":\"\"}},\"folder\":\"images\\/social-scene-galery\",\"sort_by\":\"filename_asc\",\"strip_leading_numbers\":false,\"strip_trailing_numbers\":false,\"_fields\":[],\"items\":[{\"title\":\"Halloween-2015\",\"media\":\"images\\/Galerias\\/halowenn-2015\\/10-24Halloween4.jpg\",\"width\":\"1600\",\"height\":\"1067\",\"options\":{\"media\":{\"width\":1600,\"height\":1067}}},{\"title\":\"Halloween-2015\",\"media\":\"images\\/Galerias\\/halowenn-2015\\/10-24Halloween69.jpg\",\"width\":\"1600\",\"height\":\"1067\",\"options\":{\"media\":{\"width\":1600,\"height\":1067}}},{\"title\":\"Halloween-2015\",\"media\":\"images\\/Galerias\\/halowenn-2015\\/10-25Halloween100.jpg\",\"width\":\"1600\",\"height\":\"1067\",\"options\":{\"media\":{\"width\":1600,\"height\":1067}}},{\"title\":\"Halloween-2015\",\"media\":\"images\\/Galerias\\/halowenn-2015\\/10-25Halloween16.jpg\",\"width\":\"1600\",\"height\":\"1067\",\"options\":{\"media\":{\"width\":1600,\"height\":1067}}},{\"title\":\"Halloween-2015\",\"media\":\"images\\/Galerias\\/halowenn-2015\\/10-25Halloween19.jpg\",\"width\":\"1600\",\"height\":\"1067\",\"options\":{\"media\":{\"width\":1600,\"height\":1067}}},{\"title\":\"Halloween-2015\",\"media\":\"images\\/Galerias\\/halowenn-2015\\/10-25Halloween34.jpg\",\"width\":\"1600\",\"height\":\"1067\",\"options\":{\"media\":{\"width\":1600,\"height\":1067}}},{\"title\":\"Halloween-2015\",\"media\":\"images\\/Galerias\\/halowenn-2015\\/10-25Halloween89.jpg\",\"width\":\"1600\",\"height\":\"1067\",\"options\":{\"media\":{\"width\":1600,\"height\":1067}}}]}'),
(57, 'Encendido de la Navidad at BlueMall Galeria', 'custom', '{\"_widget\":{\"name\":\"gallery\",\"data\":{\"grid\":\"default\",\"gutter\":\"collapse\",\"gutter_dynamic\":\"20\",\"gutter_v_dynamic\":\"\",\"filter\":\"none\",\"filter_align\":\"left\",\"filter_all\":true,\"columns\":\"1\",\"columns_small\":\"0\",\"columns_medium\":\"3\",\"columns_large\":0,\"columns_xlarge\":0,\"animation\":\"scale-up\",\"image_width\":\"343\",\"image_height\":\"227\",\"media_border\":\"none\",\"overlay\":\"bottom\",\"panel\":\"blank\",\"overlay_center\":\"icon\",\"overlay_background\":\"hover\",\"overlay_image\":false,\"hover_overlay\":true,\"overlay_animation\":\"slide-bottom\",\"image_animation\":\"spin\",\"title\":true,\"content\":true,\"title_size\":\"panel\",\"link\":false,\"link_style\":\"button\",\"link_icon\":\"share\",\"link_text\":\"View\",\"lightbox\":true,\"lightbox_width\":\"auto\",\"lightbox_height\":\"auto\",\"lightbox_caption\":\"none\",\"lightbox_link\":false,\"lightbox_style\":\"button\",\"lightbox_icon\":\"search\",\"lightbox_text\":\"Details\",\"link_target\":false,\"class\":\"\"}},\"folder\":\"images\\/social-scene-galery\",\"sort_by\":\"filename_asc\",\"strip_leading_numbers\":false,\"strip_trailing_numbers\":false,\"_fields\":[],\"items\":[{\"title\":\"ENCENDIDO DE LA NAVIDAD AT BLUEMALL1\",\"media\":\"images\\/Galerias\\/Encendido-de-la-Navidad\\/ENCENDIDO-DE-LA-NAVIDAD-AT-BLUEMALL1.jpg\",\"width\":\"1135\",\"height\":\"1013\"},{\"title\":\"ENCENDIDO DE LA NAVIDAD AT BLUEMALL10\",\"media\":\"images\\/Galerias\\/Encendido-de-la-Navidad\\/ENCENDIDO-DE-LA-NAVIDAD-AT-BLUEMALL10.jpg\",\"width\":\"1232\",\"height\":\"1031\"},{\"title\":\"ENCENDIDO DE LA NAVIDAD AT BLUEMALL11\",\"media\":\"images\\/Galerias\\/Encendido-de-la-Navidad\\/ENCENDIDO-DE-LA-NAVIDAD-AT-BLUEMALL11.jpg\",\"width\":\"1106\",\"height\":\"1030\"},{\"title\":\"ENCENDIDO DE LA NAVIDAD AT BLUEMALL12\",\"media\":\"images\\/Galerias\\/Encendido-de-la-Navidad\\/ENCENDIDO-DE-LA-NAVIDAD-AT-BLUEMALL12.jpg\",\"width\":\"1261\",\"height\":\"1015\"},{\"title\":\"ENCENDIDO DE LA NAVIDAD AT BLUEMALL13\",\"media\":\"images\\/Galerias\\/Encendido-de-la-Navidad\\/ENCENDIDO-DE-LA-NAVIDAD-AT-BLUEMALL13.jpg\",\"width\":\"1066\",\"height\":\"949\"},{\"title\":\"ENCENDIDO DE LA NAVIDAD AT BLUEMALL14\",\"media\":\"images\\/Galerias\\/Encendido-de-la-Navidad\\/ENCENDIDO-DE-LA-NAVIDAD-AT-BLUEMALL14.jpg\",\"width\":\"1264\",\"height\":\"1013\"},{\"title\":\"ENCENDIDO DE LA NAVIDAD AT BLUEMALL15\",\"media\":\"images\\/Galerias\\/Encendido-de-la-Navidad\\/ENCENDIDO-DE-LA-NAVIDAD-AT-BLUEMALL15.jpg\",\"width\":\"1163\",\"height\":\"1030\"},{\"title\":\"ENCENDIDO DE LA NAVIDAD AT BLUEMALL16\",\"media\":\"images\\/Galerias\\/Encendido-de-la-Navidad\\/ENCENDIDO-DE-LA-NAVIDAD-AT-BLUEMALL16.jpg\",\"width\":\"1169\",\"height\":\"1046\"},{\"title\":\"ENCENDIDO DE LA NAVIDAD AT BLUEMALL2\",\"media\":\"images\\/Galerias\\/Encendido-de-la-Navidad\\/ENCENDIDO-DE-LA-NAVIDAD-AT-BLUEMALL2.jpg\",\"width\":\"1052\",\"height\":\"1008\"},{\"title\":\"ENCENDIDO DE LA NAVIDAD AT BLUEMALL3\",\"media\":\"images\\/Galerias\\/Encendido-de-la-Navidad\\/ENCENDIDO-DE-LA-NAVIDAD-AT-BLUEMALL3.jpg\",\"width\":\"1093\",\"height\":\"1024\"},{\"title\":\"ENCENDIDO DE LA NAVIDAD AT BLUEMALL4\",\"media\":\"images\\/Galerias\\/Encendido-de-la-Navidad\\/ENCENDIDO-DE-LA-NAVIDAD-AT-BLUEMALL4.jpg\",\"width\":\"1076\",\"height\":\"1015\"},{\"title\":\"ENCENDIDO DE LA NAVIDAD AT BLUEMALL5\",\"media\":\"images\\/Galerias\\/Encendido-de-la-Navidad\\/ENCENDIDO-DE-LA-NAVIDAD-AT-BLUEMALL5.jpg\",\"width\":\"993\",\"height\":\"1044\"},{\"title\":\"ENCENDIDO DE LA NAVIDAD AT BLUEMALL6\",\"media\":\"images\\/Galerias\\/Encendido-de-la-Navidad\\/ENCENDIDO-DE-LA-NAVIDAD-AT-BLUEMALL6.jpg\",\"width\":\"1172\",\"height\":\"1029\"},{\"title\":\"ENCENDIDO DE LA NAVIDAD AT BLUEMALL7\",\"media\":\"images\\/Galerias\\/Encendido-de-la-Navidad\\/ENCENDIDO-DE-LA-NAVIDAD-AT-BLUEMALL7.jpg\",\"width\":\"1099\",\"height\":\"980\"},{\"title\":\"ENCENDIDO DE LA NAVIDAD AT BLUEMALL8\",\"media\":\"images\\/Galerias\\/Encendido-de-la-Navidad\\/ENCENDIDO-DE-LA-NAVIDAD-AT-BLUEMALL8.jpg\",\"width\":\"1122\",\"height\":\"989\"},{\"title\":\"ENCENDIDO DE LA NAVIDAD AT BLUEMALL9\",\"media\":\"images\\/Galerias\\/Encendido-de-la-Navidad\\/ENCENDIDO-DE-LA-NAVIDAD-AT-BLUEMALL9.jpg\",\"width\":\"1150\",\"height\":\"1032\",\"options\":{\"media\":{\"width\":1150,\"height\":1032}}}]}'),
(58, 'LOVE AND WINE Galeria', 'custom', '{\"_widget\":{\"name\":\"gallery\",\"data\":{\"grid\":\"default\",\"gutter\":\"collapse\",\"gutter_dynamic\":\"20\",\"gutter_v_dynamic\":\"\",\"filter\":\"none\",\"filter_align\":\"left\",\"filter_all\":true,\"columns\":\"1\",\"columns_small\":\"0\",\"columns_medium\":\"3\",\"columns_large\":0,\"columns_xlarge\":0,\"animation\":\"scale-up\",\"image_width\":\"343\",\"image_height\":\"227\",\"media_border\":\"none\",\"overlay\":\"bottom\",\"panel\":\"blank\",\"overlay_center\":\"icon\",\"overlay_background\":\"hover\",\"overlay_image\":false,\"hover_overlay\":true,\"overlay_animation\":\"slide-bottom\",\"image_animation\":\"spin\",\"title\":true,\"content\":true,\"title_size\":\"panel\",\"link\":false,\"link_style\":\"button\",\"link_icon\":\"share\",\"link_text\":\"View\",\"lightbox\":true,\"lightbox_width\":\"auto\",\"lightbox_height\":\"auto\",\"lightbox_caption\":\"none\",\"lightbox_link\":false,\"lightbox_style\":\"button\",\"lightbox_icon\":\"search\",\"lightbox_text\":\"Details\",\"link_target\":false,\"class\":\"\"}},\"folder\":\"images\\/social-scene-galery\",\"sort_by\":\"filename_asc\",\"strip_leading_numbers\":false,\"strip_trailing_numbers\":false,\"_fields\":[],\"items\":[{\"title\":\"LOVE AND  WINE\",\"media\":\"images\\/----love-and-wine\\/LOVEAND--WIONE.jpg\",\"width\":\"900\",\"height\":\"667\",\"options\":{\"media\":{\"width\":900,\"height\":621}}},{\"title\":\"LOVE AND WINE\",\"media\":\"images\\/----love-and-wine\\/LOVE-AND-WIONE.jpg\",\"width\":\"900\",\"height\":\"733\",\"options\":{\"media\":{\"width\":900,\"height\":733}}},{\"title\":\"LOVE AND WINE\",\"media\":\"images\\/----love-and-wine\\/LOVEAND----WIONE.jpg\",\"width\":\"900\",\"height\":\"589\",\"options\":{\"media\":{\"width\":900,\"height\":589}}},{\"title\":\"LOVE AND WINE\",\"media\":\"images\\/----love-and-wine\\/LOVEAND---WIONE-.jpg\",\"width\":\"900\",\"height\":\"572\",\"options\":{\"media\":{\"width\":900,\"height\":572}}},{\"title\":\"LOVE AND  WINE\",\"media\":\"images\\/----love-and-wine\\/LOVEAND-WIONE.jpg\",\"width\":\"900\",\"height\":\"652\",\"options\":{\"media\":{\"width\":900,\"height\":652}}},{\"title\":\"PRINCIPAL\",\"media\":\"images\\/----love-and-wine\\/PRINCIPAL.jpg\",\"width\":\"528\",\"height\":\"450\",\"options\":{\"media\":{\"width\":528,\"height\":450}}},{\"media\":\"images\\/----love-and-wine\\/LOVE-AND--WIONE.jpg\",\"options\":{\"media\":{\"width\":900,\"height\":667}},\"title\":\"LOVE AND  WNE\"}]}'),
(59, 'Must Have Pagina principal', 'custom', '{\"_widget\":{\"name\":\"grid-stack\",\"data\":{\"width\":\"1-2\",\"align\":\"left\",\"breakpoint\":\"medium\",\"alternate\":true,\"gutter\":false,\"gutter_vertical\":\"default\",\"divider\":false,\"panel\":true,\"content_align\":true,\"animation_media\":\"fade\",\"animation_content\":\"fade\",\"media\":true,\"image_width\":\"auto\",\"image_height\":\"auto\",\"media_border\":\"none\",\"media_overlay\":\"icon\",\"overlay_animation\":\"fade\",\"media_animation\":\"scale\",\"title\":true,\"content\":true,\"social_buttons\":true,\"title_size\":\"large\",\"text_align\":\"media\",\"link\":true,\"link_style\":\"button\",\"link_text\":\"Leer M\\u00e1s\",\"badge\":true,\"badge_style\":\"badge\",\"badge_position\":\"panel\",\"link_target\":false,\"class\":\"\"}},\"items\":[{\"title\":\"Attract Light Swirl Ring\",\"media\":\"images\\/must-have-portada\\/ATTRACT-LIGHT-SWIRL-RING.jpg\",\"width\":\"600\",\"height\":\"401\",\"options\":{\"media\":{\"width\":600,\"height\":401}},\"content\":\"Una versi\\u00f3n refinada y elaborado por expertos de una silueta de la joyer\\u00eda cl\\u00e1sica , el difusor ....\",\"link\":\"index.php\\/must-haves\\/196-attract-light-swirl-ring\"},{\"title\":\"Cl\\u00e9 De Cartier Watch\",\"media\":\"images\\/must-have-portada\\/CLE-DE-CARTIER-WATCH.jpg\",\"width\":\"600\",\"height\":\"401\",\"options\":{\"media\":{\"width\":600,\"height\":401}},\"content\":\"Geometr\\u00eda ha sido una fuerza impulsora para Cartier desde el principio. La forma caracter\\u00edstica definitoria del primer reloj de pulsera de Cartier...\",\"link\":\"index.php\\/must-haves\\/195-cle-de-cartier-watch\"},{\"title\":\"Derma Color Light Lipstick\",\"media\":\"images\\/must-have-portada\\/DERMA-COLOR-LIGHT-LIPSTICK.png\",\"width\":\"600\",\"height\":\"401\",\"options\":{\"media\":{\"width\":600,\"height\":401}},\"content\":\"Dermacolor luz del l\\u00e1piz labial se ajusta plenamente a los altos est\\u00e1ndares de calidad de toda la l\\u00ednea Dermacolor luz ....\",\"link\":\"index.php\\/must-haves\\/194-dermacolor-light-lipstick\"}],\"_fields\":[]}'),
(60, 'CHPink', 'custom', '{\"_widget\":{\"name\":\"gallery\",\"data\":{\"grid\":\"default\",\"gutter\":\"collapse\",\"gutter_dynamic\":\"20\",\"gutter_v_dynamic\":\"\",\"filter\":\"none\",\"filter_align\":\"left\",\"filter_all\":true,\"columns\":\"1\",\"columns_small\":\"0\",\"columns_medium\":\"3\",\"columns_large\":0,\"columns_xlarge\":0,\"animation\":\"scale-up\",\"image_width\":\"auto\",\"image_height\":\"auto\",\"media_border\":\"none\",\"overlay\":\"bottom\",\"panel\":\"blank\",\"overlay_center\":\"icon\",\"overlay_background\":\"hover\",\"overlay_image\":false,\"hover_overlay\":true,\"overlay_animation\":\"slide-bottom\",\"image_animation\":\"spin\",\"title\":true,\"content\":true,\"title_size\":\"panel\",\"link\":false,\"link_style\":\"button\",\"link_icon\":\"share\",\"link_text\":\"View\",\"lightbox\":true,\"lightbox_width\":\"auto\",\"lightbox_height\":\"auto\",\"lightbox_caption\":\"none\",\"lightbox_link\":false,\"lightbox_style\":\"button\",\"lightbox_icon\":\"search\",\"lightbox_text\":\"Details\",\"link_target\":false,\"class\":\"\"}},\"folder\":\"images\\/social-scene-galery\",\"sort_by\":\"filename_asc\",\"strip_leading_numbers\":false,\"strip_trailing_numbers\":false,\"_fields\":[],\"items\":[{\"title\":\"CHPink1\",\"media\":\"images\\/Heart\\/CHPink1.png\",\"width\":\"1000\",\"height\":\"660\",\"options\":{\"media\":{\"width\":1000,\"height\":660}}},{\"title\":\"CHPink2\",\"media\":\"images\\/Heart\\/CHPink2.png\",\"width\":\"1000\",\"height\":\"660\"},{\"title\":\"CHPink3\",\"media\":\"images\\/Heart\\/CHPink3.png\",\"width\":\"1000\",\"height\":\"660\"},{\"title\":\"CHPink4\",\"media\":\"images\\/Heart\\/CHPink4.png\",\"width\":\"1000\",\"height\":\"660\"},{\"title\":\"CHPink5\",\"media\":\"images\\/Heart\\/CHPink5.png\",\"width\":\"1000\",\"height\":\"660\"},{\"title\":\"CHPink6\",\"media\":\"images\\/Heart\\/CHPink6.png\",\"width\":\"1000\",\"height\":\"660\",\"options\":{\"media\":{\"width\":1000,\"height\":660}}}]}'),
(61, 'PREMIACION GANADOR \"BLUEMALL TE LLEVA A CONOCER A ENRIQUE IGLESIAS galeria', 'custom', '{\"_widget\":{\"name\":\"gallery\",\"data\":{\"grid\":\"default\",\"gutter\":\"collapse\",\"gutter_dynamic\":\"20\",\"gutter_v_dynamic\":\"\",\"filter\":\"none\",\"filter_align\":\"left\",\"filter_all\":true,\"columns\":\"1\",\"columns_small\":\"0\",\"columns_medium\":\"3\",\"columns_large\":0,\"columns_xlarge\":0,\"animation\":\"scale-up\",\"image_width\":\"auto\",\"image_height\":\"auto\",\"media_border\":\"none\",\"overlay\":\"bottom\",\"panel\":\"blank\",\"overlay_center\":\"icon\",\"overlay_background\":\"hover\",\"overlay_image\":false,\"hover_overlay\":true,\"overlay_animation\":\"slide-bottom\",\"image_animation\":\"spin\",\"title\":true,\"content\":true,\"title_size\":\"panel\",\"link\":false,\"link_style\":\"button\",\"link_icon\":\"share\",\"link_text\":\"View\",\"lightbox\":true,\"lightbox_width\":\"auto\",\"lightbox_height\":\"auto\",\"lightbox_caption\":\"none\",\"lightbox_link\":false,\"lightbox_style\":\"button\",\"lightbox_icon\":\"search\",\"lightbox_text\":\"Details\",\"link_target\":false,\"class\":\"\"}},\"folder\":\"images\\/social-scene-galery\",\"sort_by\":\"filename_asc\",\"strip_leading_numbers\":false,\"strip_trailing_numbers\":false,\"_fields\":[],\"items\":[{\"title\":\"GANADOR RIFA\",\"media\":\"images\\/conocer-henrrique\\/GANADOR-RIFA.png\",\"width\":\"1000\",\"height\":\"660\"},{\"title\":\"GANADOR RIFA2\",\"media\":\"images\\/conocer-henrrique\\/GANADOR-RIFA2.png\",\"width\":\"1000\",\"height\":\"660\"},{\"title\":\"GANADOR RIFA3\",\"media\":\"images\\/conocer-henrrique\\/GANADOR-RIFA3.png\",\"width\":\"1000\",\"height\":\"660\"},{\"title\":\"GANADOR RIFA4\",\"media\":\"images\\/conocer-henrrique\\/GANADOR-RIFA4.png\",\"width\":\"1000\",\"height\":\"660\"},{\"title\":\"GANADOR RIFA5\",\"media\":\"images\\/conocer-henrrique\\/GANADOR-RIFA5.png\",\"width\":\"1000\",\"height\":\"660\"},{\"title\":\"GANADOR RIFA6\",\"media\":\"images\\/conocer-henrrique\\/GANADOR-RIFA6.png\",\"width\":\"1000\",\"height\":\"660\",\"options\":{\"media\":{\"width\":1000,\"height\":660}}}]}'),
(62, 'Premier de Spectre 007', 'custom', '{\"_widget\":{\"name\":\"gallery\",\"data\":{\"grid\":\"default\",\"gutter\":\"collapse\",\"gutter_dynamic\":\"20\",\"gutter_v_dynamic\":\"\",\"filter\":\"none\",\"filter_align\":\"left\",\"filter_all\":true,\"columns\":\"1\",\"columns_small\":\"0\",\"columns_medium\":\"3\",\"columns_large\":0,\"columns_xlarge\":0,\"animation\":\"scale-up\",\"image_width\":\"auto\",\"image_height\":\"auto\",\"media_border\":\"none\",\"overlay\":\"bottom\",\"panel\":\"blank\",\"overlay_center\":\"icon\",\"overlay_background\":\"hover\",\"overlay_image\":false,\"hover_overlay\":true,\"overlay_animation\":\"slide-bottom\",\"image_animation\":\"spin\",\"title\":true,\"content\":true,\"title_size\":\"panel\",\"link\":false,\"link_style\":\"button\",\"link_icon\":\"share\",\"link_text\":\"View\",\"lightbox\":true,\"lightbox_width\":\"auto\",\"lightbox_height\":\"auto\",\"lightbox_caption\":\"none\",\"lightbox_link\":false,\"lightbox_style\":\"button\",\"lightbox_icon\":\"search\",\"lightbox_text\":\"Details\",\"link_target\":false,\"class\":\"\"}},\"folder\":\"images\\/social-scene-galery\",\"sort_by\":\"filename_asc\",\"strip_leading_numbers\":false,\"strip_trailing_numbers\":false,\"_fields\":[],\"items\":[{\"title\":\"ESPECTRE\",\"media\":\"images\\/Premier-de-Spectre-007\\/ESPECTRE.png\",\"width\":\"1000\",\"height\":\"660\"},{\"title\":\"ESPECTRE2\",\"media\":\"images\\/Premier-de-Spectre-007\\/ESPECTRE2.png\",\"width\":\"1000\",\"height\":\"660\"},{\"title\":\"ESPECTRE3\",\"media\":\"images\\/Premier-de-Spectre-007\\/ESPECTRE3.png\",\"width\":\"1000\",\"height\":\"660\"},{\"title\":\"ESPECTRE4\",\"media\":\"images\\/Premier-de-Spectre-007\\/ESPECTRE4.png\",\"width\":\"1000\",\"height\":\"660\"},{\"title\":\"ESPECTRE5\",\"media\":\"images\\/Premier-de-Spectre-007\\/ESPECTRE5.png\",\"width\":\"1000\",\"height\":\"660\"},{\"title\":\"ESPECTRE6\",\"media\":\"images\\/Premier-de-Spectre-007\\/ESPECTRE6.png\",\"width\":\"1000\",\"height\":\"660\",\"options\":{\"media\":{\"width\":1000,\"height\":660}}}]}'),
(63, 'International Women’s Club (IWC)', 'custom', '{\"_widget\":{\"name\":\"gallery\",\"data\":{\"grid\":\"default\",\"gutter\":\"collapse\",\"gutter_dynamic\":\"20\",\"gutter_v_dynamic\":\"\",\"filter\":\"none\",\"filter_align\":\"left\",\"filter_all\":true,\"columns\":\"1\",\"columns_small\":\"0\",\"columns_medium\":\"3\",\"columns_large\":0,\"columns_xlarge\":0,\"animation\":\"scale-up\",\"image_width\":\"auto\",\"image_height\":\"auto\",\"media_border\":\"none\",\"overlay\":\"bottom\",\"panel\":\"blank\",\"overlay_center\":\"icon\",\"overlay_background\":\"hover\",\"overlay_image\":false,\"hover_overlay\":true,\"overlay_animation\":\"slide-bottom\",\"image_animation\":\"spin\",\"title\":true,\"content\":true,\"title_size\":\"panel\",\"link\":false,\"link_style\":\"button\",\"link_icon\":\"share\",\"link_text\":\"View\",\"lightbox\":true,\"lightbox_width\":\"auto\",\"lightbox_height\":\"auto\",\"lightbox_caption\":\"none\",\"lightbox_link\":false,\"lightbox_style\":\"button\",\"lightbox_icon\":\"search\",\"lightbox_text\":\"Details\",\"link_target\":false,\"class\":\"\"}},\"folder\":\"images\\/social-scene-galery\",\"sort_by\":\"filename_asc\",\"strip_leading_numbers\":false,\"strip_trailing_numbers\":false,\"_fields\":[],\"items\":[{\"title\":\"BAZAR\",\"media\":\"images\\/International-Womens\\/BAZAR.png\",\"width\":\"1000\",\"height\":\"660\"},{\"title\":\"BAZAR2\",\"media\":\"images\\/International-Womens\\/BAZAR2.png\",\"width\":\"1000\",\"height\":\"660\"},{\"title\":\"BAZAR3\",\"media\":\"images\\/International-Womens\\/BAZAR3.png\",\"width\":\"1000\",\"height\":\"660\"},{\"title\":\"BAZAR4\",\"media\":\"images\\/International-Womens\\/BAZAR4.png\",\"width\":\"1000\",\"height\":\"660\"},{\"title\":\"BAZAR5\",\"media\":\"images\\/International-Womens\\/BAZAR5.png\",\"width\":\"1000\",\"height\":\"660\"},{\"title\":\"BAZAR6\",\"media\":\"images\\/International-Womens\\/BAZAR6.png\",\"width\":\"1000\",\"height\":\"660\",\"options\":{\"media\":{\"width\":1000,\"height\":660}}}]}'),
(64, 'Promoción Black Friday by GOLD\'S GYM', 'custom', '{\"_widget\":{\"name\":\"gallery\",\"data\":{\"grid\":\"default\",\"gutter\":\"collapse\",\"gutter_dynamic\":\"20\",\"gutter_v_dynamic\":\"\",\"filter\":\"none\",\"filter_align\":\"left\",\"filter_all\":true,\"columns\":\"1\",\"columns_small\":\"0\",\"columns_medium\":\"3\",\"columns_large\":0,\"columns_xlarge\":0,\"animation\":\"scale-up\",\"image_width\":\"auto\",\"image_height\":\"auto\",\"media_border\":\"none\",\"overlay\":\"bottom\",\"panel\":\"blank\",\"overlay_center\":\"icon\",\"overlay_background\":\"hover\",\"overlay_image\":false,\"hover_overlay\":true,\"overlay_animation\":\"slide-bottom\",\"image_animation\":\"spin\",\"title\":true,\"content\":true,\"title_size\":\"panel\",\"link\":false,\"link_style\":\"button\",\"link_icon\":\"share\",\"link_text\":\"View\",\"lightbox\":true,\"lightbox_width\":\"auto\",\"lightbox_height\":\"auto\",\"lightbox_caption\":\"none\",\"lightbox_link\":false,\"lightbox_style\":\"button\",\"lightbox_icon\":\"search\",\"lightbox_text\":\"Details\",\"link_target\":false,\"class\":\"\"}},\"folder\":\"images\\/social-scene-galery\",\"sort_by\":\"filename_asc\",\"strip_leading_numbers\":false,\"strip_trailing_numbers\":false,\"_fields\":[],\"items\":[{\"title\":\"GOLDSGYM\",\"media\":\"images\\/-Black-Friday\\/GOLDSGYM.png\",\"width\":\"1000\",\"height\":\"660\"},{\"title\":\"GOLDSGYM2\",\"media\":\"images\\/-Black-Friday\\/GOLDSGYM2.png\",\"width\":\"1000\",\"height\":\"660\"},{\"title\":\"GOLDSGYM3\",\"media\":\"images\\/-Black-Friday\\/GOLDSGYM3.png\",\"width\":\"1000\",\"height\":\"660\"},{\"title\":\"GOLDSGYM4\",\"media\":\"images\\/-Black-Friday\\/GOLDSGYM4.png\",\"width\":\"1000\",\"height\":\"660\"},{\"title\":\"GOLDSGYM5\",\"media\":\"images\\/-Black-Friday\\/GOLDSGYM5.png\",\"width\":\"1000\",\"height\":\"660\"},{\"title\":\"GOLDSGYM6\",\"media\":\"images\\/-Black-Friday\\/GOLDSGYM6.png\",\"width\":\"1000\",\"height\":\"660\",\"options\":{\"media\":{\"width\":1000,\"height\":660}}}]}'),
(65, 'Heart Luncheon de Heart Care Dominicana', 'custom', '{\"_widget\":{\"name\":\"gallery\",\"data\":{\"grid\":\"default\",\"gutter\":\"collapse\",\"gutter_dynamic\":\"20\",\"gutter_v_dynamic\":\"\",\"filter\":\"none\",\"filter_align\":\"left\",\"filter_all\":true,\"columns\":\"1\",\"columns_small\":\"0\",\"columns_medium\":\"3\",\"columns_large\":0,\"columns_xlarge\":0,\"animation\":\"scale-up\",\"image_width\":\"auto\",\"image_height\":\"auto\",\"media_border\":\"none\",\"overlay\":\"bottom\",\"panel\":\"blank\",\"overlay_center\":\"icon\",\"overlay_background\":\"hover\",\"overlay_image\":false,\"hover_overlay\":true,\"overlay_animation\":\"slide-bottom\",\"image_animation\":\"spin\",\"title\":true,\"content\":true,\"title_size\":\"panel\",\"link\":false,\"link_style\":\"button\",\"link_icon\":\"share\",\"link_text\":\"View\",\"lightbox\":true,\"lightbox_width\":\"auto\",\"lightbox_height\":\"auto\",\"lightbox_caption\":\"none\",\"lightbox_link\":false,\"lightbox_style\":\"button\",\"lightbox_icon\":\"search\",\"lightbox_text\":\"Details\",\"link_target\":false,\"class\":\"\"}},\"folder\":\"images\\/social-scene-galery\",\"sort_by\":\"filename_asc\",\"strip_leading_numbers\":false,\"strip_trailing_numbers\":false,\"_fields\":[],\"items\":[{\"title\":\"DesfileHeartCare\",\"media\":\"images\\/Heart\\/DesfileHeartCare.png\",\"width\":\"1000\",\"height\":\"660\",\"options\":{\"media\":{\"width\":1000,\"height\":660}}},{\"title\":\"DesfileHeartCare1\",\"media\":\"images\\/Heart\\/DesfileHeartCare1.png\",\"width\":\"1000\",\"height\":\"660\"},{\"title\":\"DesfileHeartCare2\",\"media\":\"images\\/Heart\\/DesfileHeartCare2.png\",\"width\":\"1000\",\"height\":\"660\"},{\"title\":\"DesfileHeartCare3\",\"media\":\"images\\/Heart\\/DesfileHeartCare3.png\",\"width\":\"1000\",\"height\":\"660\"},{\"title\":\"DesfileHeartCare5\",\"media\":\"images\\/Heart\\/DesfileHeartCare5.png\",\"width\":\"1000\",\"height\":\"660\"},{\"title\":\"DesfileHeartCare6\",\"media\":\"images\\/Heart\\/DesfileHeartCare6.png\",\"width\":\"1000\",\"height\":\"660\",\"options\":{\"media\":{\"width\":1000,\"height\":660}}}]}'),
(66, 'Personalización de tus MELISSA', 'custom', '{\"_widget\":{\"name\":\"gallery\",\"data\":{\"grid\":\"default\",\"gutter\":\"collapse\",\"gutter_dynamic\":\"20\",\"gutter_v_dynamic\":\"\",\"filter\":\"none\",\"filter_align\":\"left\",\"filter_all\":true,\"columns\":\"1\",\"columns_small\":\"0\",\"columns_medium\":\"3\",\"columns_large\":0,\"columns_xlarge\":0,\"animation\":\"scale-up\",\"image_width\":\"auto\",\"image_height\":\"auto\",\"media_border\":\"none\",\"overlay\":\"bottom\",\"panel\":\"blank\",\"overlay_center\":\"icon\",\"overlay_background\":\"hover\",\"overlay_image\":false,\"hover_overlay\":true,\"overlay_animation\":\"slide-bottom\",\"image_animation\":\"spin\",\"title\":true,\"content\":true,\"title_size\":\"panel\",\"link\":false,\"link_style\":\"button\",\"link_icon\":\"share\",\"link_text\":\"View\",\"lightbox\":true,\"lightbox_width\":\"auto\",\"lightbox_height\":\"auto\",\"lightbox_caption\":\"none\",\"lightbox_link\":false,\"lightbox_style\":\"button\",\"lightbox_icon\":\"search\",\"lightbox_text\":\"Details\",\"link_target\":false,\"class\":\"\"}},\"folder\":\"images\\/social-scene-galery\",\"sort_by\":\"filename_asc\",\"strip_leading_numbers\":false,\"strip_trailing_numbers\":false,\"_fields\":[],\"items\":[{\"title\":\"Melissa\",\"media\":\"images\\/Personalizacion-MELISSA\\/Melissa.png\",\"width\":\"1000\",\"height\":\"660\"},{\"title\":\"Melissa2\",\"media\":\"images\\/Personalizacion-MELISSA\\/Melissa2.png\",\"width\":\"1000\",\"height\":\"660\"},{\"title\":\"Melissa3\",\"media\":\"images\\/Personalizacion-MELISSA\\/Melissa3.png\",\"width\":\"1000\",\"height\":\"660\"},{\"title\":\"Melissa4\",\"media\":\"images\\/Personalizacion-MELISSA\\/Melissa4.png\",\"width\":\"1000\",\"height\":\"660\"},{\"title\":\"Melissa5\",\"media\":\"images\\/Personalizacion-MELISSA\\/Melissa5.png\",\"width\":\"1000\",\"height\":\"660\"},{\"title\":\"Melissa6\",\"media\":\"images\\/Personalizacion-MELISSA\\/Melissa6.png\",\"width\":\"1000\",\"height\":\"660\",\"options\":{\"media\":{\"width\":1000,\"height\":660}}}]}'),
(67, 'NESSPRESO inaugura tienda y lanza variations', 'custom', '{\"_widget\":{\"name\":\"gallery\",\"data\":{\"grid\":\"default\",\"gutter\":\"collapse\",\"gutter_dynamic\":\"20\",\"gutter_v_dynamic\":\"\",\"filter\":\"none\",\"filter_align\":\"left\",\"filter_all\":true,\"columns\":\"1\",\"columns_small\":\"0\",\"columns_medium\":\"3\",\"columns_large\":0,\"columns_xlarge\":0,\"animation\":\"scale-up\",\"image_width\":\"auto\",\"image_height\":\"auto\",\"media_border\":\"none\",\"overlay\":\"bottom\",\"panel\":\"blank\",\"overlay_center\":\"icon\",\"overlay_background\":\"hover\",\"overlay_image\":false,\"hover_overlay\":true,\"overlay_animation\":\"slide-bottom\",\"image_animation\":\"spin\",\"title\":true,\"content\":true,\"title_size\":\"panel\",\"link\":false,\"link_style\":\"button\",\"link_icon\":\"share\",\"link_text\":\"View\",\"lightbox\":true,\"lightbox_width\":\"auto\",\"lightbox_height\":\"auto\",\"lightbox_caption\":\"none\",\"lightbox_link\":false,\"lightbox_style\":\"button\",\"lightbox_icon\":\"search\",\"lightbox_text\":\"Details\",\"link_target\":false,\"class\":\"\"}},\"folder\":\"images\\/social-scene-galery\",\"sort_by\":\"filename_asc\",\"strip_leading_numbers\":false,\"strip_trailing_numbers\":false,\"_fields\":[],\"items\":[{\"title\":\"Nespresso\",\"media\":\"images\\/NESSPRESO\\/Nespresso.png\",\"width\":\"1000\",\"height\":\"660\"},{\"title\":\"Nespresso2\",\"media\":\"images\\/NESSPRESO\\/Nespresso2.png\",\"width\":\"1000\",\"height\":\"660\"},{\"title\":\"Nespresso3\",\"media\":\"images\\/NESSPRESO\\/Nespresso3.png\",\"width\":\"1000\",\"height\":\"660\"},{\"title\":\"Nespresso4\",\"media\":\"images\\/NESSPRESO\\/Nespresso4.png\",\"width\":\"1000\",\"height\":\"660\"},{\"title\":\"Nespresso5\",\"media\":\"images\\/NESSPRESO\\/Nespresso5.png\",\"width\":\"1000\",\"height\":\"660\"},{\"title\":\"Nespresso6\",\"media\":\"images\\/NESSPRESO\\/Nespresso6.png\",\"width\":\"1000\",\"height\":\"660\",\"options\":{\"media\":{\"width\":1000,\"height\":660}}}]}'),
(68, 'Premiere de Tubérculo Gourmet', 'custom', '{\"_widget\":{\"name\":\"gallery\",\"data\":{\"grid\":\"default\",\"gutter\":\"collapse\",\"gutter_dynamic\":\"20\",\"gutter_v_dynamic\":\"\",\"filter\":\"none\",\"filter_align\":\"left\",\"filter_all\":true,\"columns\":\"1\",\"columns_small\":\"0\",\"columns_medium\":\"3\",\"columns_large\":0,\"columns_xlarge\":0,\"animation\":\"scale-up\",\"image_width\":\"auto\",\"image_height\":\"auto\",\"media_border\":\"none\",\"overlay\":\"bottom\",\"panel\":\"blank\",\"overlay_center\":\"icon\",\"overlay_background\":\"hover\",\"overlay_image\":false,\"hover_overlay\":true,\"overlay_animation\":\"slide-bottom\",\"image_animation\":\"spin\",\"title\":true,\"content\":true,\"title_size\":\"panel\",\"link\":false,\"link_style\":\"button\",\"link_icon\":\"share\",\"link_text\":\"View\",\"lightbox\":true,\"lightbox_width\":\"auto\",\"lightbox_height\":\"auto\",\"lightbox_caption\":\"none\",\"lightbox_link\":false,\"lightbox_style\":\"button\",\"lightbox_icon\":\"search\",\"lightbox_text\":\"Details\",\"link_target\":false,\"class\":\"\"}},\"folder\":\"images\\/social-scene-galery\",\"sort_by\":\"filename_asc\",\"strip_leading_numbers\":false,\"strip_trailing_numbers\":false,\"_fields\":[],\"items\":[{\"title\":\"TUBERCULO\",\"media\":\"images\\/Tuberculo-Gourmet\\/TUBERCULO.png\",\"width\":\"1000\",\"height\":\"660\"},{\"title\":\"TUBERCULO2\",\"media\":\"images\\/Tuberculo-Gourmet\\/TUBERCULO2.png\",\"width\":\"1000\",\"height\":\"660\"},{\"title\":\"TUBERCULO3\",\"media\":\"images\\/Tuberculo-Gourmet\\/TUBERCULO3.png\",\"width\":\"1000\",\"height\":\"660\"},{\"title\":\"TUBERCULO4\",\"media\":\"images\\/Tuberculo-Gourmet\\/TUBERCULO4.png\",\"width\":\"1000\",\"height\":\"660\"},{\"title\":\"TUBERCULO5\",\"media\":\"images\\/Tuberculo-Gourmet\\/TUBERCULO5.png\",\"width\":\"1000\",\"height\":\"660\"},{\"title\":\"TUBERCULO6\",\"media\":\"images\\/Tuberculo-Gourmet\\/TUBERCULO6.png\",\"width\":\"1000\",\"height\":\"660\",\"options\":{\"media\":{\"width\":1000,\"height\":660}}}]}'),
(69, 'Espectáculo del Mago Gody', 'custom', '{\"_widget\":{\"name\":\"gallery\",\"data\":{\"grid\":\"default\",\"gutter\":\"collapse\",\"gutter_dynamic\":\"20\",\"gutter_v_dynamic\":\"\",\"filter\":\"none\",\"filter_align\":\"left\",\"filter_all\":true,\"columns\":\"1\",\"columns_small\":\"0\",\"columns_medium\":\"3\",\"columns_large\":0,\"columns_xlarge\":0,\"animation\":\"scale-up\",\"image_width\":\"auto\",\"image_height\":\"auto\",\"media_border\":\"none\",\"overlay\":\"bottom\",\"panel\":\"blank\",\"overlay_center\":\"icon\",\"overlay_background\":\"hover\",\"overlay_image\":false,\"hover_overlay\":true,\"overlay_animation\":\"slide-bottom\",\"image_animation\":\"spin\",\"title\":true,\"content\":true,\"title_size\":\"panel\",\"link\":false,\"link_style\":\"button\",\"link_icon\":\"share\",\"link_text\":\"View\",\"lightbox\":true,\"lightbox_width\":\"auto\",\"lightbox_height\":\"auto\",\"lightbox_caption\":\"none\",\"lightbox_link\":false,\"lightbox_style\":\"button\",\"lightbox_icon\":\"search\",\"lightbox_text\":\"Details\",\"link_target\":false,\"class\":\"\"}},\"folder\":\"images\\/social-scene-galery\",\"sort_by\":\"filename_asc\",\"strip_leading_numbers\":false,\"strip_trailing_numbers\":false,\"_fields\":[],\"items\":[{\"title\":\"MagoGody\",\"media\":\"images\\/Gody\\/MagoGody.png\",\"width\":\"1000\",\"height\":\"660\"},{\"title\":\"MagoGody2\",\"media\":\"images\\/Gody\\/MagoGody2.png\",\"width\":\"1000\",\"height\":\"660\"},{\"title\":\"MagoGody3\",\"media\":\"images\\/Gody\\/MagoGody3.png\",\"width\":\"1000\",\"height\":\"660\"},{\"title\":\"MagoGody4\",\"media\":\"images\\/Gody\\/MagoGody4.png\",\"width\":\"1000\",\"height\":\"660\"},{\"title\":\"MagoGody5\",\"media\":\"images\\/Gody\\/MagoGody5.png\",\"width\":\"1000\",\"height\":\"660\"},{\"title\":\"MagoGody6\",\"media\":\"images\\/Gody\\/MagoGody6.png\",\"width\":\"1000\",\"height\":\"660\",\"options\":{\"media\":{\"width\":1000,\"height\":660}}}]}'),
(70, 'TENDENCIAS DE HOY Y COSTUMBRES DEL AYER GOLDCENTER', 'custom', '{\"_widget\":{\"name\":\"gallery\",\"data\":{\"grid\":\"default\",\"gutter\":\"collapse\",\"gutter_dynamic\":\"20\",\"gutter_v_dynamic\":\"\",\"filter\":\"none\",\"filter_align\":\"left\",\"filter_all\":true,\"columns\":\"1\",\"columns_small\":\"0\",\"columns_medium\":\"3\",\"columns_large\":0,\"columns_xlarge\":0,\"animation\":\"scale-up\",\"image_width\":\"auto\",\"image_height\":\"auto\",\"media_border\":\"none\",\"overlay\":\"bottom\",\"panel\":\"blank\",\"overlay_center\":\"icon\",\"overlay_background\":\"hover\",\"overlay_image\":false,\"hover_overlay\":true,\"overlay_animation\":\"slide-bottom\",\"image_animation\":\"spin\",\"title\":true,\"content\":true,\"title_size\":\"panel\",\"link\":false,\"link_style\":\"button\",\"link_icon\":\"share\",\"link_text\":\"View\",\"lightbox\":true,\"lightbox_width\":\"auto\",\"lightbox_height\":\"auto\",\"lightbox_caption\":\"none\",\"lightbox_link\":false,\"lightbox_style\":\"button\",\"lightbox_icon\":\"search\",\"lightbox_text\":\"Details\",\"link_target\":false,\"class\":\"\"}},\"folder\":\"images\\/social-scene-galery\",\"sort_by\":\"filename_asc\",\"strip_leading_numbers\":false,\"strip_trailing_numbers\":false,\"_fields\":[],\"items\":[{\"title\":\"GOLDCENTER1\",\"media\":\"images\\/tendencias-de-hoy\\/GOLDCENTER1.png\",\"width\":\"1000\",\"height\":\"660\"},{\"title\":\"GOLDCENTER2\",\"media\":\"images\\/tendencias-de-hoy\\/GOLDCENTER2.png\",\"width\":\"1000\",\"height\":\"660\"},{\"title\":\"GOLDCENTER3\",\"media\":\"images\\/tendencias-de-hoy\\/GOLDCENTER3.png\",\"width\":\"1000\",\"height\":\"660\"},{\"title\":\"GOLDCENTER4\",\"media\":\"images\\/tendencias-de-hoy\\/GOLDCENTER4.png\",\"width\":\"1000\",\"height\":\"660\"},{\"title\":\"GOLDCENTER5\",\"media\":\"images\\/tendencias-de-hoy\\/GOLDCENTER5.png\",\"width\":\"1000\",\"height\":\"660\",\"options\":{\"media\":{\"width\":1000,\"height\":660}}}]}'),
(71, 'Premier de la película LADRONES', 'custom', '{\"_widget\":{\"name\":\"gallery\",\"data\":{\"grid\":\"default\",\"gutter\":\"collapse\",\"gutter_dynamic\":\"20\",\"gutter_v_dynamic\":\"\",\"filter\":\"none\",\"filter_align\":\"left\",\"filter_all\":true,\"columns\":\"1\",\"columns_small\":\"0\",\"columns_medium\":\"3\",\"columns_large\":0,\"columns_xlarge\":0,\"animation\":\"scale-up\",\"image_width\":\"auto\",\"image_height\":\"auto\",\"media_border\":\"none\",\"overlay\":\"bottom\",\"panel\":\"blank\",\"overlay_center\":\"icon\",\"overlay_background\":\"hover\",\"overlay_image\":false,\"hover_overlay\":true,\"overlay_animation\":\"slide-bottom\",\"image_animation\":\"spin\",\"title\":true,\"content\":true,\"title_size\":\"panel\",\"link\":false,\"link_style\":\"button\",\"link_icon\":\"share\",\"link_text\":\"View\",\"lightbox\":true,\"lightbox_width\":\"auto\",\"lightbox_height\":\"auto\",\"lightbox_caption\":\"none\",\"lightbox_link\":false,\"lightbox_style\":\"button\",\"lightbox_icon\":\"search\",\"lightbox_text\":\"Details\",\"link_target\":false,\"class\":\"\"}},\"folder\":\"images\\/social-scene-galery\",\"sort_by\":\"filename_asc\",\"strip_leading_numbers\":false,\"strip_trailing_numbers\":false,\"_fields\":[],\"items\":[{\"title\":\"EstrenoLadronesai\",\"media\":\"images\\/ladrones\\/EstrenoLadronesai.png\",\"width\":\"1000\",\"height\":\"660\"},{\"title\":\"EstrenoLadronesai2\",\"media\":\"images\\/ladrones\\/EstrenoLadronesai2.png\",\"width\":\"1000\",\"height\":\"660\"},{\"title\":\"EstrenoLadronesai3\",\"media\":\"images\\/ladrones\\/EstrenoLadronesai3.png\",\"width\":\"1000\",\"height\":\"660\"},{\"title\":\"EstrenoLadronesai4\",\"media\":\"images\\/ladrones\\/EstrenoLadronesai4.png\",\"width\":\"1000\",\"height\":\"660\"},{\"title\":\"EstrenoLadronesai5\",\"media\":\"images\\/ladrones\\/EstrenoLadronesai5.png\",\"width\":\"1000\",\"height\":\"660\"},{\"title\":\"EstrenoLadronesai6\",\"media\":\"images\\/ladrones\\/EstrenoLadronesai6.png\",\"width\":\"1000\",\"height\":\"660\",\"options\":{\"media\":{\"width\":1000,\"height\":660}}}]}'),
(72, 'Luis Chataing Stand Up', 'custom', '{\"_widget\":{\"name\":\"gallery\",\"data\":{\"grid\":\"default\",\"gutter\":\"collapse\",\"gutter_dynamic\":\"20\",\"gutter_v_dynamic\":\"\",\"filter\":\"none\",\"filter_align\":\"left\",\"filter_all\":true,\"columns\":\"1\",\"columns_small\":\"0\",\"columns_medium\":\"3\",\"columns_large\":0,\"columns_xlarge\":0,\"animation\":\"scale-up\",\"image_width\":\"auto\",\"image_height\":\"auto\",\"media_border\":\"none\",\"overlay\":\"bottom\",\"panel\":\"blank\",\"overlay_center\":\"icon\",\"overlay_background\":\"hover\",\"overlay_image\":false,\"hover_overlay\":true,\"overlay_animation\":\"slide-bottom\",\"image_animation\":\"spin\",\"title\":true,\"content\":true,\"title_size\":\"panel\",\"link\":false,\"link_style\":\"button\",\"link_icon\":\"share\",\"link_text\":\"View\",\"lightbox\":true,\"lightbox_width\":\"auto\",\"lightbox_height\":\"auto\",\"lightbox_caption\":\"none\",\"lightbox_link\":false,\"lightbox_style\":\"button\",\"lightbox_icon\":\"search\",\"lightbox_text\":\"Details\",\"link_target\":false,\"class\":\"\"}},\"folder\":\"images\\/social-scene-galery\",\"sort_by\":\"filename_asc\",\"strip_leading_numbers\":false,\"strip_trailing_numbers\":false,\"_fields\":[],\"items\":[{\"title\":\"ShowLuisChataing\",\"media\":\"images\\/Luis-Chataing\\/ShowLuisChataing.jpg\",\"width\":\"1000\",\"height\":\"660\"},{\"title\":\"ShowLuisChataing2\",\"media\":\"images\\/Luis-Chataing\\/ShowLuisChataing2.jpg\",\"width\":\"1000\",\"height\":\"660\"},{\"title\":\"ShowLuisChataing3\",\"media\":\"images\\/Luis-Chataing\\/ShowLuisChataing3.jpg\",\"width\":\"1000\",\"height\":\"660\"},{\"title\":\"ShowLuisChataing4\",\"media\":\"images\\/Luis-Chataing\\/ShowLuisChataing4.jpg\",\"width\":\"1000\",\"height\":\"660\"},{\"title\":\"ShowLuisChataing5\",\"media\":\"images\\/Luis-Chataing\\/ShowLuisChataing5.jpg\",\"width\":\"1000\",\"height\":\"660\"},{\"title\":\"ShowLuisChataing6\",\"media\":\"images\\/Luis-Chataing\\/ShowLuisChataing6.jpg\",\"width\":\"1000\",\"height\":\"660\",\"options\":{\"media\":{\"width\":1000,\"height\":660}}}]}'),
(73, 'Entrega de kits Color Vibe 5K', 'custom', '{\"_widget\":{\"name\":\"gallery\",\"data\":{\"grid\":\"default\",\"gutter\":\"collapse\",\"gutter_dynamic\":\"20\",\"gutter_v_dynamic\":\"\",\"filter\":\"none\",\"filter_align\":\"left\",\"filter_all\":true,\"columns\":\"1\",\"columns_small\":\"0\",\"columns_medium\":\"3\",\"columns_large\":0,\"columns_xlarge\":0,\"animation\":\"scale-up\",\"image_width\":\"auto\",\"image_height\":\"auto\",\"media_border\":\"none\",\"overlay\":\"bottom\",\"panel\":\"blank\",\"overlay_center\":\"icon\",\"overlay_background\":\"hover\",\"overlay_image\":false,\"hover_overlay\":true,\"overlay_animation\":\"slide-bottom\",\"image_animation\":\"spin\",\"title\":true,\"content\":true,\"title_size\":\"panel\",\"link\":false,\"link_style\":\"button\",\"link_icon\":\"share\",\"link_text\":\"View\",\"lightbox\":true,\"lightbox_width\":\"auto\",\"lightbox_height\":\"auto\",\"lightbox_caption\":\"none\",\"lightbox_link\":false,\"lightbox_style\":\"button\",\"lightbox_icon\":\"search\",\"lightbox_text\":\"Details\",\"link_target\":false,\"class\":\"\"}},\"folder\":\"images\\/social-scene-galery\",\"sort_by\":\"filename_asc\",\"strip_leading_numbers\":false,\"strip_trailing_numbers\":false,\"_fields\":[],\"items\":[{\"title\":\"EntregaKitsColorVibe\",\"media\":\"images\\/Entrega-kits\\/EntregaKitsColorVibe.jpg\",\"width\":\"1000\",\"height\":\"660\"},{\"title\":\"EntregaKitsColorVibe2\",\"media\":\"images\\/Entrega-kits\\/EntregaKitsColorVibe2.jpg\",\"width\":\"1000\",\"height\":\"660\"},{\"title\":\"EntregaKitsColorVibe3\",\"media\":\"images\\/Entrega-kits\\/EntregaKitsColorVibe3.jpg\",\"width\":\"1000\",\"height\":\"660\"},{\"title\":\"EntregaKitsColorVibe4\",\"media\":\"images\\/Entrega-kits\\/EntregaKitsColorVibe4.jpg\",\"width\":\"1000\",\"height\":\"660\"},{\"title\":\"EntregaKitsColorVibe5\",\"media\":\"images\\/Entrega-kits\\/EntregaKitsColorVibe5.jpg\",\"width\":\"1000\",\"height\":\"660\"},{\"title\":\"EntregaKitsColorVibe6\",\"media\":\"images\\/Entrega-kits\\/EntregaKitsColorVibe6.jpg\",\"width\":\"1000\",\"height\":\"660\",\"options\":{\"media\":{\"width\":1000,\"height\":660}}}]}'),
(74, 'Rueda de prensa de Spectre 007', 'custom', '{\"_widget\":{\"name\":\"gallery\",\"data\":{\"grid\":\"default\",\"gutter\":\"collapse\",\"gutter_dynamic\":\"20\",\"gutter_v_dynamic\":\"\",\"filter\":\"none\",\"filter_align\":\"left\",\"filter_all\":true,\"columns\":\"1\",\"columns_small\":\"0\",\"columns_medium\":\"3\",\"columns_large\":0,\"columns_xlarge\":0,\"animation\":\"scale-up\",\"image_width\":\"auto\",\"image_height\":\"auto\",\"media_border\":\"none\",\"overlay\":\"bottom\",\"panel\":\"blank\",\"overlay_center\":\"icon\",\"overlay_background\":\"hover\",\"overlay_image\":false,\"hover_overlay\":true,\"overlay_animation\":\"slide-bottom\",\"image_animation\":\"spin\",\"title\":true,\"content\":true,\"title_size\":\"panel\",\"link\":false,\"link_style\":\"button\",\"link_icon\":\"share\",\"link_text\":\"View\",\"lightbox\":true,\"lightbox_width\":\"auto\",\"lightbox_height\":\"auto\",\"lightbox_caption\":\"none\",\"lightbox_link\":false,\"lightbox_style\":\"button\",\"lightbox_icon\":\"search\",\"lightbox_text\":\"Details\",\"link_target\":false,\"class\":\"\"}},\"folder\":\"images\\/social-scene-galery\",\"sort_by\":\"filename_asc\",\"strip_leading_numbers\":false,\"strip_trailing_numbers\":false,\"_fields\":[],\"items\":[{\"title\":\"RDPSpectre\",\"media\":\"images\\/rueda-spectre\\/RDPSpectre.jpg\",\"width\":\"1000\",\"height\":\"660\"},{\"title\":\"RDPSpectre2\",\"media\":\"images\\/rueda-spectre\\/RDPSpectre2.jpg\",\"width\":\"1000\",\"height\":\"660\"},{\"title\":\"RDPSpectre3\",\"media\":\"images\\/rueda-spectre\\/RDPSpectre3.jpg\",\"width\":\"1000\",\"height\":\"660\"},{\"title\":\"RDPSpectre4\",\"media\":\"images\\/rueda-spectre\\/RDPSpectre4.jpg\",\"width\":\"1000\",\"height\":\"660\"},{\"title\":\"RDPSpectre5\",\"media\":\"images\\/rueda-spectre\\/RDPSpectre5.jpg\",\"width\":\"1000\",\"height\":\"660\"},{\"title\":\"RDPSpectre6\",\"media\":\"images\\/rueda-spectre\\/RDPSpectre6.jpg\",\"width\":\"1000\",\"height\":\"660\",\"options\":{\"media\":{\"width\":1000,\"height\":660}}}]}'),
(75, 'Salvatore Ferragamo', 'custom', '{\"_widget\":{\"name\":\"gallery\",\"data\":{\"grid\":\"default\",\"gutter\":\"collapse\",\"gutter_dynamic\":\"20\",\"gutter_v_dynamic\":\"\",\"filter\":\"none\",\"filter_align\":\"left\",\"filter_all\":true,\"columns\":\"1\",\"columns_small\":\"0\",\"columns_medium\":\"3\",\"columns_large\":0,\"columns_xlarge\":0,\"animation\":\"scale-up\",\"image_width\":\"auto\",\"image_height\":\"auto\",\"media_border\":\"none\",\"overlay\":\"bottom\",\"panel\":\"blank\",\"overlay_center\":\"icon\",\"overlay_background\":\"hover\",\"overlay_image\":false,\"hover_overlay\":true,\"overlay_animation\":\"slide-bottom\",\"image_animation\":\"spin\",\"title\":true,\"content\":true,\"title_size\":\"panel\",\"link\":false,\"link_style\":\"button\",\"link_icon\":\"share\",\"link_text\":\"View\",\"lightbox\":true,\"lightbox_width\":\"auto\",\"lightbox_height\":\"auto\",\"lightbox_caption\":\"none\",\"lightbox_link\":false,\"lightbox_style\":\"button\",\"lightbox_icon\":\"search\",\"lightbox_text\":\"Details\",\"link_target\":false,\"class\":\"\"}},\"folder\":\"images\\/social-scene-galery\",\"sort_by\":\"filename_asc\",\"strip_leading_numbers\":false,\"strip_trailing_numbers\":false,\"_fields\":[],\"items\":[{\"title\":\"FERRAGAMO\",\"media\":\"images\\/salvatore\\/FERRAGAMO.jpg\",\"width\":\"1000\",\"height\":\"600\"},{\"title\":\"FERRAGAMO10\",\"media\":\"images\\/salvatore\\/FERRAGAMO10.jpg\",\"width\":\"1000\",\"height\":\"600\"},{\"title\":\"FERRAGAMO11\",\"media\":\"images\\/salvatore\\/FERRAGAMO11.jpg\",\"width\":\"1000\",\"height\":\"600\"},{\"title\":\"FERRAGAMO3\",\"media\":\"images\\/salvatore\\/FERRAGAMO3.jpg\",\"width\":\"1000\",\"height\":\"600\"},{\"title\":\"FERRAGAMO6\",\"media\":\"images\\/salvatore\\/FERRAGAMO6.jpg\",\"width\":\"1000\",\"height\":\"600\"},{\"title\":\"FERRAGAMO7\",\"media\":\"images\\/salvatore\\/FERRAGAMO7.jpg\",\"width\":\"1000\",\"height\":\"600\"},{\"title\":\"FERRAGAMO8\",\"media\":\"images\\/salvatore\\/FERRAGAMO8.jpg\",\"width\":\"1000\",\"height\":\"600\"},{\"title\":\"FERRAGAMO9\",\"media\":\"images\\/salvatore\\/FERRAGAMO9.jpg\",\"width\":\"1000\",\"height\":\"600\",\"options\":{\"media\":{\"width\":1000,\"height\":600}}}]}'),
(76, 'Kah Kow', 'custom', '{\"_widget\":{\"name\":\"gallery\",\"data\":{\"grid\":\"default\",\"gutter\":\"collapse\",\"gutter_dynamic\":\"20\",\"gutter_v_dynamic\":\"\",\"filter\":\"none\",\"filter_align\":\"left\",\"filter_all\":true,\"columns\":\"1\",\"columns_small\":\"0\",\"columns_medium\":\"3\",\"columns_large\":0,\"columns_xlarge\":0,\"animation\":\"scale-up\",\"image_width\":\"auto\",\"image_height\":\"auto\",\"media_border\":\"none\",\"overlay\":\"bottom\",\"panel\":\"blank\",\"overlay_center\":\"icon\",\"overlay_background\":\"hover\",\"overlay_image\":false,\"hover_overlay\":true,\"overlay_animation\":\"slide-bottom\",\"image_animation\":\"spin\",\"title\":true,\"content\":true,\"title_size\":\"panel\",\"link\":false,\"link_style\":\"button\",\"link_icon\":\"share\",\"link_text\":\"View\",\"lightbox\":true,\"lightbox_width\":\"auto\",\"lightbox_height\":\"auto\",\"lightbox_caption\":\"none\",\"lightbox_link\":false,\"lightbox_style\":\"button\",\"lightbox_icon\":\"search\",\"lightbox_text\":\"Details\",\"link_target\":false,\"class\":\"\"}},\"folder\":\"images\\/social-scene-galery\",\"sort_by\":\"filename_asc\",\"strip_leading_numbers\":false,\"strip_trailing_numbers\":false,\"_fields\":[],\"items\":[{\"title\":\"Kah Kow\",\"media\":\"images\\/-Kah-Kow\\/Abr08KahKow.jpg\",\"width\":\"1000\",\"height\":\"600\",\"options\":{\"media\":{\"width\":1000,\"height\":600}}},{\"title\":\"Kah Kow\",\"media\":\"images\\/-Kah-Kow\\/Abr08KahKow2.jpg\",\"width\":\"1000\",\"height\":\"600\",\"options\":{\"media\":{\"width\":1000,\"height\":600}}},{\"title\":\"Kah Kow\",\"media\":\"images\\/-Kah-Kow\\/Abr08KahKow3.jpg\",\"width\":\"1000\",\"height\":\"600\",\"options\":{\"media\":{\"width\":1000,\"height\":600}}},{\"title\":\"Kah Kow\",\"media\":\"images\\/-Kah-Kow\\/Abr08KahKow4.jpg\",\"width\":\"1000\",\"height\":\"600\",\"options\":{\"media\":{\"width\":1000,\"height\":600}}},{\"title\":\"Kah Kow\",\"media\":\"images\\/-Kah-Kow\\/Abr08KahKow6.jpg\",\"width\":\"1000\",\"height\":\"600\",\"options\":{\"media\":{\"width\":1000,\"height\":600}}},{\"title\":\"Kah Kow\",\"media\":\"images\\/-Kah-Kow\\/Abr08KahKow7.jpg\",\"width\":\"1000\",\"height\":\"600\",\"options\":{\"media\":{\"width\":1000,\"height\":600}}},{\"title\":\"Kah Kow\",\"media\":\"images\\/-Kah-Kow\\/Abr08KahKow8.jpg\",\"width\":\"1000\",\"height\":\"600\",\"options\":{\"media\":{\"width\":1000,\"height\":600}}},{\"title\":\"Kah Kow\",\"media\":\"images\\/-Kah-Kow\\/Abr08KahKow9.jpg\",\"width\":\"1000\",\"height\":\"600\",\"options\":{\"media\":{\"width\":1000,\"height\":600}}}]}');
INSERT INTO `i0adu_widgetkit` (`id`, `name`, `type`, `data`) VALUES
(77, 'MÚSICA EN VIVO PARA NUESTROS VISITANTES', 'custom', '{\"_widget\":{\"name\":\"gallery\",\"data\":{\"grid\":\"default\",\"gutter\":\"collapse\",\"gutter_dynamic\":\"20\",\"gutter_v_dynamic\":\"\",\"filter\":\"none\",\"filter_align\":\"left\",\"filter_all\":true,\"columns\":\"1\",\"columns_small\":\"0\",\"columns_medium\":\"3\",\"columns_large\":0,\"columns_xlarge\":0,\"animation\":\"scale-up\",\"image_width\":\"auto\",\"image_height\":\"auto\",\"media_border\":\"none\",\"overlay\":\"bottom\",\"panel\":\"blank\",\"overlay_center\":\"icon\",\"overlay_background\":\"hover\",\"overlay_image\":false,\"hover_overlay\":true,\"overlay_animation\":\"slide-bottom\",\"image_animation\":\"spin\",\"title\":true,\"content\":true,\"title_size\":\"panel\",\"link\":false,\"link_style\":\"button\",\"link_icon\":\"share\",\"link_text\":\"View\",\"lightbox\":true,\"lightbox_width\":\"auto\",\"lightbox_height\":\"auto\",\"lightbox_caption\":\"none\",\"lightbox_link\":false,\"lightbox_style\":\"button\",\"lightbox_icon\":\"search\",\"lightbox_text\":\"Details\",\"link_target\":false,\"class\":\"\"}},\"folder\":\"images\\/social-scene-galery\",\"sort_by\":\"filename_asc\",\"strip_leading_numbers\":false,\"strip_trailing_numbers\":false,\"_fields\":[],\"items\":[{\"title\":\"M\\u00daSICA\",\"media\":\"images\\/-MUSICAENVIVO\\/ABRIL09_MUSICAENVIVO10.jpg\",\"width\":\"1000\",\"height\":\"600\",\"options\":{\"media\":{\"width\":1000,\"height\":600}}},{\"title\":\"M\\u00daSICA\",\"media\":\"images\\/-MUSICAENVIVO\\/ABRIL09_MUSICAENVIVO11.jpg\",\"width\":\"1000\",\"height\":\"600\",\"options\":{\"media\":{\"width\":1000,\"height\":600}}},{\"title\":\"M\\u00daSICA\",\"media\":\"images\\/-MUSICAENVIVO\\/ABRIL09_MUSICAENVIVO2.jpg\",\"width\":\"1000\",\"height\":\"600\",\"options\":{\"media\":{\"width\":1000,\"height\":600}}},{\"title\":\"M\\u00daSICA\",\"media\":\"images\\/-MUSICAENVIVO\\/ABRIL09_MUSICAENVIVO3.jpg\",\"width\":\"1000\",\"height\":\"600\",\"options\":{\"media\":{\"width\":1000,\"height\":600}}},{\"title\":\"M\\u00daSICA\",\"media\":\"images\\/-MUSICAENVIVO\\/ABRIL09_MUSICAENVIVO4.jpg\",\"width\":\"1000\",\"height\":\"600\",\"options\":{\"media\":{\"width\":1000,\"height\":600}}},{\"title\":\"M\\u00daSICA\",\"media\":\"images\\/-MUSICAENVIVO\\/ABRIL09_MUSICAENVIVO6.jpg\",\"width\":\"1000\",\"height\":\"600\",\"options\":{\"media\":{\"width\":1000,\"height\":600}}},{\"title\":\"M\\u00daSICA\",\"media\":\"images\\/-MUSICAENVIVO\\/ABRIL09_MUSICAENVIVO7.jpg\",\"width\":\"1000\",\"height\":\"600\",\"options\":{\"media\":{\"width\":1000,\"height\":600}}},{\"title\":\"M\\u00daSICA\",\"media\":\"images\\/-MUSICAENVIVO\\/ABRIL09_MUSICAENVIVO9.jpg\",\"width\":\"1000\",\"height\":\"600\",\"options\":{\"media\":{\"width\":1000,\"height\":600}}}]}'),
(78, 'Inauguración Balú Hogar', 'custom', '{\"_widget\":{\"name\":\"gallery\",\"data\":{\"grid\":\"default\",\"gutter\":\"collapse\",\"gutter_dynamic\":\"20\",\"gutter_v_dynamic\":\"\",\"filter\":\"none\",\"filter_align\":\"left\",\"filter_all\":true,\"columns\":\"1\",\"columns_small\":\"0\",\"columns_medium\":\"3\",\"columns_large\":0,\"columns_xlarge\":0,\"animation\":\"scale-up\",\"image_width\":\"auto\",\"image_height\":\"auto\",\"media_border\":\"none\",\"overlay\":\"bottom\",\"panel\":\"blank\",\"overlay_center\":\"icon\",\"overlay_background\":\"hover\",\"overlay_image\":false,\"hover_overlay\":true,\"overlay_animation\":\"slide-bottom\",\"image_animation\":\"spin\",\"title\":true,\"content\":true,\"title_size\":\"panel\",\"link\":false,\"link_style\":\"button\",\"link_icon\":\"share\",\"link_text\":\"View\",\"lightbox\":true,\"lightbox_width\":\"auto\",\"lightbox_height\":\"auto\",\"lightbox_caption\":\"none\",\"lightbox_link\":false,\"lightbox_style\":\"button\",\"lightbox_icon\":\"search\",\"lightbox_text\":\"Details\",\"link_target\":false,\"class\":\"\"}},\"folder\":\"images\\/social-scene-galery\",\"sort_by\":\"filename_asc\",\"strip_leading_numbers\":false,\"strip_trailing_numbers\":false,\"_fields\":[],\"items\":[{\"title\":\"Inauguraci\\u00f3n\",\"media\":\"images\\/-Inauguracion-Balu\\/Abr13Balu-Casa-al-Dia10.jpg\",\"width\":\"1000\",\"height\":\"600\",\"options\":{\"media\":{\"width\":1000,\"height\":600}}},{\"title\":\"Inauguraci\\u00f3n\",\"media\":\"images\\/-Inauguracion-Balu\\/Abr13Balu-Casa-al-Dia12.jpg\",\"width\":\"1000\",\"height\":\"600\",\"options\":{\"media\":{\"width\":1000,\"height\":600}}},{\"title\":\"Inauguraci\\u00f3n\",\"media\":\"images\\/-Inauguracion-Balu\\/Abr13Balu-Casa-al-Dia2.jpg\",\"width\":\"1000\",\"height\":\"600\",\"options\":{\"media\":{\"width\":1000,\"height\":600}}},{\"title\":\"Inauguraci\\u00f3n\",\"media\":\"images\\/-Inauguracion-Balu\\/Abr13Balu-Casa-al-Dia3.jpg\",\"width\":\"1000\",\"height\":\"600\",\"options\":{\"media\":{\"width\":1000,\"height\":600}}},{\"title\":\"Inauguraci\\u00f3n\",\"media\":\"images\\/-Inauguracion-Balu\\/Abr13Balu-Casa-al-Dia4.jpg\",\"width\":\"1000\",\"height\":\"600\",\"options\":{\"media\":{\"width\":1000,\"height\":600}}},{\"title\":\"Inauguraci\\u00f3n\",\"media\":\"images\\/-Inauguracion-Balu\\/Abr13Balu-Casa-al-Dia5.jpg\",\"width\":\"1000\",\"height\":\"600\",\"options\":{\"media\":{\"width\":1000,\"height\":600}}},{\"title\":\"Inauguraci\\u00f3n\",\"media\":\"images\\/-Inauguracion-Balu\\/Abr13Balu-Casa-al-Dia7.jpg\",\"width\":\"1000\",\"height\":\"600\",\"options\":{\"media\":{\"width\":1000,\"height\":600}}},{\"title\":\"Inauguraci\\u00f3n\",\"media\":\"images\\/-Inauguracion-Balu\\/Abr13Balu-Casa-al-Dia8.jpg\",\"width\":\"1000\",\"height\":\"600\",\"options\":{\"media\":{\"width\":1000,\"height\":600}}}]}'),
(79, 'Forever flawless', 'custom', '{\"_widget\":{\"name\":\"gallery\",\"data\":{\"grid\":\"default\",\"gutter\":\"collapse\",\"gutter_dynamic\":\"20\",\"gutter_v_dynamic\":\"\",\"filter\":\"none\",\"filter_align\":\"left\",\"filter_all\":true,\"columns\":\"1\",\"columns_small\":\"0\",\"columns_medium\":\"3\",\"columns_large\":0,\"columns_xlarge\":0,\"animation\":\"scale-up\",\"image_width\":\"auto\",\"image_height\":\"auto\",\"media_border\":\"none\",\"overlay\":\"bottom\",\"panel\":\"blank\",\"overlay_center\":\"icon\",\"overlay_background\":\"hover\",\"overlay_image\":false,\"hover_overlay\":true,\"overlay_animation\":\"slide-bottom\",\"image_animation\":\"spin\",\"title\":true,\"content\":true,\"title_size\":\"panel\",\"link\":false,\"link_style\":\"button\",\"link_icon\":\"share\",\"link_text\":\"View\",\"lightbox\":true,\"lightbox_width\":\"auto\",\"lightbox_height\":\"auto\",\"lightbox_caption\":\"none\",\"lightbox_link\":false,\"lightbox_style\":\"button\",\"lightbox_icon\":\"search\",\"lightbox_text\":\"Details\",\"link_target\":false,\"class\":\"\"}},\"folder\":\"images\\/social-scene-galery\",\"sort_by\":\"filename_asc\",\"strip_leading_numbers\":false,\"strip_trailing_numbers\":false,\"_fields\":[],\"items\":[{\"title\":\"Forever flawless\",\"media\":\"images\\/-Forever-flawless\\/Abr22ForeverFlawless.jpg\",\"width\":\"1000\",\"height\":\"600\",\"options\":{\"media\":{\"width\":1000,\"height\":600}}},{\"title\":\"Forever flawless\",\"media\":\"images\\/-Forever-flawless\\/Abr22ForeverFlawless1.jpg\",\"width\":\"1000\",\"height\":\"600\",\"options\":{\"media\":{\"width\":1000,\"height\":600}}},{\"title\":\"Forever flawless\",\"media\":\"images\\/-Forever-flawless\\/Abr22ForeverFlawless10.jpg\",\"width\":\"1000\",\"height\":\"600\",\"options\":{\"media\":{\"width\":1000,\"height\":600}}},{\"title\":\"Forever flawless\",\"media\":\"images\\/-Forever-flawless\\/Abr22ForeverFlawless11.jpg\",\"width\":\"1000\",\"height\":\"600\",\"options\":{\"media\":{\"width\":1000,\"height\":600}}},{\"title\":\"Forever flawless\",\"media\":\"images\\/-Forever-flawless\\/Abr22ForeverFlawless2.jpg\",\"width\":\"1000\",\"height\":\"600\",\"options\":{\"media\":{\"width\":1000,\"height\":600}}},{\"title\":\"Forever flawless\",\"media\":\"images\\/-Forever-flawless\\/Abr22ForeverFlawless3.jpg\",\"width\":\"1000\",\"height\":\"600\",\"options\":{\"media\":{\"width\":1000,\"height\":600}}},{\"title\":\"Forever flawless\",\"media\":\"images\\/-Forever-flawless\\/Abr22ForeverFlawless4.jpg\",\"width\":\"1000\",\"height\":\"600\",\"options\":{\"media\":{\"width\":1000,\"height\":600}}},{\"title\":\"Forever flawless\",\"media\":\"images\\/-Forever-flawless\\/Abr22ForeverFlawless5.jpg\",\"width\":\"1000\",\"height\":\"600\",\"options\":{\"media\":{\"width\":1000,\"height\":600}}},{\"title\":\"Forever flawless\",\"media\":\"images\\/-Forever-flawless\\/Abr22ForeverFlawless7.jpg\",\"width\":\"1000\",\"height\":\"600\",\"options\":{\"media\":{\"width\":1000,\"height\":600}}}]}'),
(80, 'Taller Reciclaje', 'custom', '{\"_widget\":{\"name\":\"gallery\",\"data\":{\"grid\":\"default\",\"gutter\":\"collapse\",\"gutter_dynamic\":\"20\",\"gutter_v_dynamic\":\"\",\"filter\":\"none\",\"filter_align\":\"left\",\"filter_all\":true,\"columns\":\"1\",\"columns_small\":\"0\",\"columns_medium\":\"3\",\"columns_large\":0,\"columns_xlarge\":0,\"animation\":\"scale-up\",\"image_width\":\"auto\",\"image_height\":\"auto\",\"media_border\":\"none\",\"overlay\":\"bottom\",\"panel\":\"blank\",\"overlay_center\":\"icon\",\"overlay_background\":\"hover\",\"overlay_image\":false,\"hover_overlay\":true,\"overlay_animation\":\"slide-bottom\",\"image_animation\":\"spin\",\"title\":true,\"content\":true,\"title_size\":\"panel\",\"link\":false,\"link_style\":\"button\",\"link_icon\":\"share\",\"link_text\":\"View\",\"lightbox\":true,\"lightbox_width\":\"auto\",\"lightbox_height\":\"auto\",\"lightbox_caption\":\"none\",\"lightbox_link\":false,\"lightbox_style\":\"button\",\"lightbox_icon\":\"search\",\"lightbox_text\":\"Details\",\"link_target\":false,\"class\":\"\"}},\"folder\":\"images\\/social-scene-galery\",\"sort_by\":\"filename_asc\",\"strip_leading_numbers\":false,\"strip_trailing_numbers\":false,\"_fields\":[],\"items\":[{\"title\":\"Taller Reciclaje\",\"media\":\"images\\/-Taller-Reciclaje\\/Abr23TallerReciclaje.jpg\",\"width\":\"1000\",\"height\":\"600\",\"options\":{\"media\":{\"width\":1000,\"height\":600}}},{\"title\":\"Taller Reciclaje\",\"media\":\"images\\/-Taller-Reciclaje\\/Abr23TallerReciclaje10.jpg\",\"width\":\"1000\",\"height\":\"600\",\"options\":{\"media\":{\"width\":1000,\"height\":600}}},{\"title\":\"Taller Reciclaje\",\"media\":\"images\\/-Taller-Reciclaje\\/Abr23TallerReciclaje11.jpg\",\"width\":\"1000\",\"height\":\"600\",\"options\":{\"media\":{\"width\":1000,\"height\":600}}},{\"title\":\"Taller Reciclaje\",\"media\":\"images\\/-Taller-Reciclaje\\/Abr23TallerReciclaje12.jpg\",\"width\":\"1000\",\"height\":\"600\",\"options\":{\"media\":{\"width\":1000,\"height\":600}}},{\"title\":\"Taller Reciclaje\",\"media\":\"images\\/-Taller-Reciclaje\\/Abr23TallerReciclaje5.jpg\",\"width\":\"1000\",\"height\":\"600\",\"options\":{\"media\":{\"width\":1000,\"height\":600}}},{\"title\":\"Taller Reciclaje\",\"media\":\"images\\/-Taller-Reciclaje\\/Abr23TallerReciclaje6.jpg\",\"width\":\"1000\",\"height\":\"600\",\"options\":{\"media\":{\"width\":1000,\"height\":600}}},{\"title\":\"Taller Reciclaje\",\"media\":\"images\\/-Taller-Reciclaje\\/Abr23TallerReciclaje8.jpg\",\"width\":\"1000\",\"height\":\"600\",\"options\":{\"media\":{\"width\":1000,\"height\":600}}},{\"title\":\"Taller Reciclaje\",\"media\":\"images\\/-Taller-Reciclaje\\/Abr23TallerReciclaje9.jpg\",\"width\":\"1000\",\"height\":\"600\",\"options\":{\"media\":{\"width\":1000,\"height\":600}}}]}'),
(81, 'MÚSICA EN VIVO PARA NUESTROS VISITANTES 2', 'custom', '{\"_widget\":{\"name\":\"gallery\",\"data\":{\"grid\":\"default\",\"gutter\":\"collapse\",\"gutter_dynamic\":\"20\",\"gutter_v_dynamic\":\"\",\"filter\":\"none\",\"filter_align\":\"left\",\"filter_all\":true,\"columns\":\"1\",\"columns_small\":\"0\",\"columns_medium\":\"3\",\"columns_large\":0,\"columns_xlarge\":0,\"animation\":\"scale-up\",\"image_width\":\"auto\",\"image_height\":\"auto\",\"media_border\":\"none\",\"overlay\":\"bottom\",\"panel\":\"blank\",\"overlay_center\":\"icon\",\"overlay_background\":\"hover\",\"overlay_image\":false,\"hover_overlay\":true,\"overlay_animation\":\"slide-bottom\",\"image_animation\":\"spin\",\"title\":true,\"content\":true,\"title_size\":\"panel\",\"link\":false,\"link_style\":\"button\",\"link_icon\":\"share\",\"link_text\":\"View\",\"lightbox\":true,\"lightbox_width\":\"auto\",\"lightbox_height\":\"auto\",\"lightbox_caption\":\"none\",\"lightbox_link\":false,\"lightbox_style\":\"button\",\"lightbox_icon\":\"search\",\"lightbox_text\":\"Details\",\"link_target\":false,\"class\":\"\"}},\"folder\":\"images\\/social-scene-galery\",\"sort_by\":\"filename_asc\",\"strip_leading_numbers\":false,\"strip_trailing_numbers\":false,\"_fields\":[],\"items\":[{\"title\":\"DjKorduroy\",\"media\":\"images\\/-MUSICAENVIVOPARA\\/DjKorduroy.jpg\",\"width\":\"1000\",\"height\":\"600\"},{\"title\":\"DjKorduroy10\",\"media\":\"images\\/-MUSICAENVIVOPARA\\/DjKorduroy10.jpg\",\"width\":\"1000\",\"height\":\"600\"},{\"title\":\"DjKorduroy11\",\"media\":\"images\\/-MUSICAENVIVOPARA\\/DjKorduroy11.jpg\",\"width\":\"1000\",\"height\":\"600\"},{\"title\":\"DjKorduroy12\",\"media\":\"images\\/-MUSICAENVIVOPARA\\/DjKorduroy12.jpg\",\"width\":\"1000\",\"height\":\"600\"},{\"title\":\"DjKorduroy2\",\"media\":\"images\\/-MUSICAENVIVOPARA\\/DjKorduroy2.jpg\",\"width\":\"1000\",\"height\":\"600\"},{\"title\":\"DjKorduroy7\",\"media\":\"images\\/-MUSICAENVIVOPARA\\/DjKorduroy7.jpg\",\"width\":\"1000\",\"height\":\"600\"},{\"title\":\"DjKorduroy8\",\"media\":\"images\\/-MUSICAENVIVOPARA\\/DjKorduroy8.jpg\",\"width\":\"1000\",\"height\":\"600\"},{\"title\":\"DjKorduroy9\",\"media\":\"images\\/-MUSICAENVIVOPARA\\/DjKorduroy9.jpg\",\"width\":\"1000\",\"height\":\"600\",\"options\":{\"media\":{\"width\":1000,\"height\":600}}}]}'),
(82, 'Latin Night HRC', 'custom', '{\"_widget\":{\"name\":\"gallery\",\"data\":{\"grid\":\"default\",\"gutter\":\"collapse\",\"gutter_dynamic\":\"20\",\"gutter_v_dynamic\":\"\",\"filter\":\"none\",\"filter_align\":\"left\",\"filter_all\":true,\"columns\":\"1\",\"columns_small\":\"0\",\"columns_medium\":\"3\",\"columns_large\":0,\"columns_xlarge\":0,\"animation\":\"scale-up\",\"image_width\":\"auto\",\"image_height\":\"auto\",\"media_border\":\"none\",\"overlay\":\"bottom\",\"panel\":\"blank\",\"overlay_center\":\"icon\",\"overlay_background\":\"hover\",\"overlay_image\":false,\"hover_overlay\":true,\"overlay_animation\":\"slide-bottom\",\"image_animation\":\"spin\",\"title\":true,\"content\":true,\"title_size\":\"panel\",\"link\":false,\"link_style\":\"button\",\"link_icon\":\"share\",\"link_text\":\"View\",\"lightbox\":true,\"lightbox_width\":\"auto\",\"lightbox_height\":\"auto\",\"lightbox_caption\":\"none\",\"lightbox_link\":false,\"lightbox_style\":\"button\",\"lightbox_icon\":\"search\",\"lightbox_text\":\"Details\",\"link_target\":false,\"class\":\"\"}},\"folder\":\"images\\/social-scene-galery\",\"sort_by\":\"filename_asc\",\"strip_leading_numbers\":false,\"strip_trailing_numbers\":false,\"_fields\":[],\"items\":[{\"title\":\"Latin Night HRC\",\"media\":\"images\\/-LatinNightHRC\\/Abr26LatinNightHRC.jpg\",\"width\":\"1000\",\"height\":\"600\",\"options\":{\"media\":{\"width\":1000,\"height\":600}}},{\"title\":\"Latin Night HRC\",\"media\":\"images\\/-LatinNightHRC\\/Abr26LatinNightHRC10.jpg\",\"width\":\"1000\",\"height\":\"600\",\"options\":{\"media\":{\"width\":1000,\"height\":600}}},{\"title\":\"Latin Night HRC\",\"media\":\"images\\/-LatinNightHRC\\/Abr26LatinNightHRC12.jpg\",\"width\":\"1000\",\"height\":\"600\",\"options\":{\"media\":{\"width\":1000,\"height\":600}}},{\"title\":\"Latin Night HRC\",\"media\":\"images\\/-LatinNightHRC\\/Abr26LatinNightHRC4.jpg\",\"width\":\"1000\",\"height\":\"600\",\"options\":{\"media\":{\"width\":1000,\"height\":600}}},{\"title\":\"Latin Night HRC\",\"media\":\"images\\/-LatinNightHRC\\/Abr26LatinNightHRC6.jpg\",\"width\":\"1000\",\"height\":\"600\",\"options\":{\"media\":{\"width\":1000,\"height\":600}}},{\"title\":\"Latin Night HRC\",\"media\":\"images\\/-LatinNightHRC\\/Abr26LatinNightHRC7.jpg\",\"width\":\"1000\",\"height\":\"600\",\"options\":{\"media\":{\"width\":1000,\"height\":600}}},{\"title\":\"Latin Night HRC\",\"media\":\"images\\/-LatinNightHRC\\/Abr26LatinNightHRC8.jpg\",\"width\":\"1000\",\"height\":\"600\",\"options\":{\"media\":{\"width\":1000,\"height\":600}}},{\"title\":\"Latin Night HRC\",\"media\":\"images\\/-LatinNightHRC\\/Abr26LatinNightHRC9.jpg\",\"width\":\"1000\",\"height\":\"600\",\"options\":{\"media\":{\"width\":1000,\"height\":600}}}]}'),
(83, 'Show de Magia', 'custom', '{\"_widget\":{\"name\":\"gallery\",\"data\":{\"grid\":\"default\",\"gutter\":\"collapse\",\"gutter_dynamic\":\"20\",\"gutter_v_dynamic\":\"\",\"filter\":\"none\",\"filter_align\":\"left\",\"filter_all\":true,\"columns\":\"1\",\"columns_small\":\"0\",\"columns_medium\":\"3\",\"columns_large\":0,\"columns_xlarge\":0,\"animation\":\"scale-up\",\"image_width\":\"auto\",\"image_height\":\"auto\",\"media_border\":\"none\",\"overlay\":\"bottom\",\"panel\":\"blank\",\"overlay_center\":\"icon\",\"overlay_background\":\"hover\",\"overlay_image\":false,\"hover_overlay\":true,\"overlay_animation\":\"slide-bottom\",\"image_animation\":\"spin\",\"title\":true,\"content\":true,\"title_size\":\"panel\",\"link\":false,\"link_style\":\"button\",\"link_icon\":\"share\",\"link_text\":\"View\",\"lightbox\":true,\"lightbox_width\":\"auto\",\"lightbox_height\":\"auto\",\"lightbox_caption\":\"none\",\"lightbox_link\":false,\"lightbox_style\":\"button\",\"lightbox_icon\":\"search\",\"lightbox_text\":\"Details\",\"link_target\":false,\"class\":\"\"}},\"folder\":\"images\\/social-scene-galery\",\"sort_by\":\"filename_asc\",\"strip_leading_numbers\":false,\"strip_trailing_numbers\":false,\"_fields\":[],\"items\":[{\"title\":\"ABRIL SHOWMAGIA\",\"media\":\"images\\/-ShowdeMagia\\/ABRIL_SHOWMAGIA.jpg\",\"width\":\"1000\",\"height\":\"600\"},{\"title\":\"ABRIL SHOWMAGIA1\",\"media\":\"images\\/-ShowdeMagia\\/ABRIL_SHOWMAGIA1.jpg\",\"width\":\"1000\",\"height\":\"600\"},{\"title\":\"ABRIL SHOWMAGIA2\",\"media\":\"images\\/-ShowdeMagia\\/ABRIL_SHOWMAGIA2.jpg\",\"width\":\"1000\",\"height\":\"600\"},{\"title\":\"ABRIL SHOWMAGIA5\",\"media\":\"images\\/-ShowdeMagia\\/ABRIL_SHOWMAGIA5.jpg\",\"width\":\"1000\",\"height\":\"600\"},{\"title\":\"ABRIL SHOWMAGIA6\",\"media\":\"images\\/-ShowdeMagia\\/ABRIL_SHOWMAGIA6.jpg\",\"width\":\"1000\",\"height\":\"600\"},{\"title\":\"ABRIL SHOWMAGIA7\",\"media\":\"images\\/-ShowdeMagia\\/ABRIL_SHOWMAGIA7.jpg\",\"width\":\"1000\",\"height\":\"600\"},{\"title\":\"ABRIL SHOWMAGIA8\",\"media\":\"images\\/-ShowdeMagia\\/ABRIL_SHOWMAGIA8.jpg\",\"width\":\"1000\",\"height\":\"600\"},{\"title\":\"ABRIL SHOWMAGIA9\",\"media\":\"images\\/-ShowdeMagia\\/ABRIL_SHOWMAGIA9.jpg\",\"width\":\"1000\",\"height\":\"600\",\"options\":{\"media\":{\"width\":1000,\"height\":600}}}]}'),
(84, 'Vitamina HRC', 'custom', '{\"_widget\":{\"name\":\"gallery\",\"data\":{\"grid\":\"default\",\"gutter\":\"collapse\",\"gutter_dynamic\":\"20\",\"gutter_v_dynamic\":\"\",\"filter\":\"none\",\"filter_align\":\"left\",\"filter_all\":true,\"columns\":\"1\",\"columns_small\":\"0\",\"columns_medium\":\"3\",\"columns_large\":0,\"columns_xlarge\":0,\"animation\":\"scale-up\",\"image_width\":\"auto\",\"image_height\":\"auto\",\"media_border\":\"none\",\"overlay\":\"bottom\",\"panel\":\"blank\",\"overlay_center\":\"icon\",\"overlay_background\":\"hover\",\"overlay_image\":false,\"hover_overlay\":true,\"overlay_animation\":\"slide-bottom\",\"image_animation\":\"spin\",\"title\":true,\"content\":true,\"title_size\":\"panel\",\"link\":false,\"link_style\":\"button\",\"link_icon\":\"share\",\"link_text\":\"View\",\"lightbox\":true,\"lightbox_width\":\"auto\",\"lightbox_height\":\"auto\",\"lightbox_caption\":\"none\",\"lightbox_link\":false,\"lightbox_style\":\"button\",\"lightbox_icon\":\"search\",\"lightbox_text\":\"Details\",\"link_target\":false,\"class\":\"\"}},\"folder\":\"images\\/social-scene-galery\",\"sort_by\":\"filename_asc\",\"strip_leading_numbers\":false,\"strip_trailing_numbers\":false,\"_fields\":[],\"items\":[{\"title\":\"ABRIL29 VITAMINAHRC10\",\"media\":\"images\\/-VitaminaHRC\\/ABRIL29_VITAMINAHRC10.jpg\",\"width\":\"1000\",\"height\":\"600\"},{\"title\":\"ABRIL29 VITAMINAHRC11\",\"media\":\"images\\/-VitaminaHRC\\/ABRIL29_VITAMINAHRC11.jpg\",\"width\":\"1000\",\"height\":\"600\"},{\"title\":\"ABRIL29 VITAMINAHRC13\",\"media\":\"images\\/-VitaminaHRC\\/ABRIL29_VITAMINAHRC13.jpg\",\"width\":\"1000\",\"height\":\"600\"},{\"title\":\"ABRIL29 VITAMINAHRC14\",\"media\":\"images\\/-VitaminaHRC\\/ABRIL29_VITAMINAHRC14.jpg\",\"width\":\"1000\",\"height\":\"600\"},{\"title\":\"ABRIL29 VITAMINAHRC15\",\"media\":\"images\\/-VitaminaHRC\\/ABRIL29_VITAMINAHRC15.jpg\",\"width\":\"1000\",\"height\":\"600\"},{\"title\":\"ABRIL29 VITAMINAHRC16\",\"media\":\"images\\/-VitaminaHRC\\/ABRIL29_VITAMINAHRC16.jpg\",\"width\":\"1000\",\"height\":\"600\"},{\"title\":\"ABRIL29 VITAMINAHRC6\",\"media\":\"images\\/-VitaminaHRC\\/ABRIL29_VITAMINAHRC6.jpg\",\"width\":\"1000\",\"height\":\"600\"},{\"title\":\"ABRIL29 VITAMINAHRC8\",\"media\":\"images\\/-VitaminaHRC\\/ABRIL29_VITAMINAHRC8.jpg\",\"width\":\"1000\",\"height\":\"600\",\"options\":{\"media\":{\"width\":1000,\"height\":600}}}]}'),
(85, 'Mercedes Benz Classic Show  Galeria', 'custom', '{\"_widget\":{\"name\":\"gallery\",\"data\":{\"grid\":\"default\",\"gutter\":\"collapse\",\"gutter_dynamic\":\"20\",\"gutter_v_dynamic\":\"\",\"filter\":\"none\",\"filter_align\":\"left\",\"filter_all\":true,\"columns\":\"1\",\"columns_small\":\"0\",\"columns_medium\":\"3\",\"columns_large\":0,\"columns_xlarge\":0,\"animation\":\"scale-up\",\"image_width\":\"343\",\"image_height\":\"227\",\"media_border\":\"none\",\"overlay\":\"bottom\",\"panel\":\"blank\",\"overlay_center\":\"icon\",\"overlay_background\":\"hover\",\"overlay_image\":false,\"hover_overlay\":true,\"overlay_animation\":\"slide-bottom\",\"image_animation\":\"spin\",\"title\":true,\"content\":true,\"title_size\":\"panel\",\"link\":false,\"link_style\":\"button\",\"link_icon\":\"share\",\"link_text\":\"View\",\"lightbox\":true,\"lightbox_width\":\"auto\",\"lightbox_height\":\"auto\",\"lightbox_caption\":\"none\",\"lightbox_link\":false,\"lightbox_style\":\"button\",\"lightbox_icon\":\"search\",\"lightbox_text\":\"Details\",\"link_target\":false,\"class\":\"\"}},\"folder\":\"images\\/social-scene-galery\",\"sort_by\":\"filename_asc\",\"strip_leading_numbers\":false,\"strip_trailing_numbers\":false,\"_fields\":[],\"items\":[{\"title\":\"Jul06BrindisMercedes\",\"media\":\"images\\/Mercedes-Benz-Classic\\/Jul06BrindisMercedes.jpg\",\"width\":\"1000\",\"height\":\"600\"},{\"title\":\"Mercedes Benz Classic Show\",\"media\":\"images\\/Mercedes-Benz-Classic\\/Jul06BrindisMercedes10.jpg\",\"width\":\"1000\",\"height\":\"600\",\"options\":{\"media\":{\"width\":1000,\"height\":600}}},{\"title\":\"Mercedes Benz Classic Show\",\"media\":\"images\\/Mercedes-Benz-Classic\\/Jul06BrindisMercedes12.jpg\",\"width\":\"1000\",\"height\":\"600\",\"options\":{\"media\":{\"width\":1000,\"height\":600}}},{\"title\":\"Mercedes Benz Classic Show\",\"media\":\"images\\/Mercedes-Benz-Classic\\/Jul06BrindisMercedes13.jpg\",\"width\":\"1000\",\"height\":\"600\",\"options\":{\"media\":{\"width\":1000,\"height\":600}}},{\"title\":\"Mercedes Benz Classic Show\",\"media\":\"images\\/Mercedes-Benz-Classic\\/Jul06BrindisMercedes2.jpg\",\"width\":\"1000\",\"height\":\"600\",\"options\":{\"media\":{\"width\":1000,\"height\":600}}},{\"title\":\"Mercedes Benz Classic Show\",\"media\":\"images\\/Mercedes-Benz-Classic\\/Jul06BrindisMercedes3.jpg\",\"width\":\"1000\",\"height\":\"600\",\"options\":{\"media\":{\"width\":1000,\"height\":600}}},{\"title\":\"Mercedes Benz Classic Show\",\"media\":\"images\\/Mercedes-Benz-Classic\\/Jul06BrindisMercedes5.jpg\",\"width\":\"1000\",\"height\":\"600\",\"options\":{\"media\":{\"width\":1000,\"height\":600}}},{\"title\":\"Mercedes Benz Classic Show\",\"media\":\"images\\/Mercedes-Benz-Classic\\/Jul06BrindisMercedes7.jpg\",\"width\":\"1000\",\"height\":\"600\",\"options\":{\"media\":{\"width\":1000,\"height\":600}}},{\"title\":\"Mercedes Benz Classic Show\",\"media\":\"images\\/Mercedes-Benz-Classic\\/Jul06BrindisMercedes8.jpg\",\"width\":\"1000\",\"height\":\"600\",\"options\":{\"media\":{\"width\":1000,\"height\":600}}}]}'),
(86, 'Prestige Galeria', 'custom', '{\"_widget\":{\"name\":\"gallery\",\"data\":{\"grid\":\"default\",\"gutter\":\"collapse\",\"gutter_dynamic\":\"20\",\"gutter_v_dynamic\":\"\",\"filter\":\"none\",\"filter_align\":\"left\",\"filter_all\":true,\"columns\":\"1\",\"columns_small\":\"0\",\"columns_medium\":\"3\",\"columns_large\":0,\"columns_xlarge\":0,\"animation\":\"scale-up\",\"image_width\":\"343\",\"image_height\":\"227\",\"media_border\":\"none\",\"overlay\":\"bottom\",\"panel\":\"blank\",\"overlay_center\":\"icon\",\"overlay_background\":\"hover\",\"overlay_image\":false,\"hover_overlay\":true,\"overlay_animation\":\"slide-bottom\",\"image_animation\":\"spin\",\"title\":true,\"content\":true,\"title_size\":\"panel\",\"link\":false,\"link_style\":\"button\",\"link_icon\":\"share\",\"link_text\":\"View\",\"lightbox\":true,\"lightbox_width\":\"auto\",\"lightbox_height\":\"auto\",\"lightbox_caption\":\"none\",\"lightbox_link\":false,\"lightbox_style\":\"button\",\"lightbox_icon\":\"search\",\"lightbox_text\":\"Details\",\"link_target\":false,\"class\":\"\"}},\"folder\":\"images\\/social-scene-galery\",\"sort_by\":\"filename_asc\",\"strip_leading_numbers\":false,\"strip_trailing_numbers\":false,\"_fields\":[],\"items\":[{\"title\":\"Prestige\",\"media\":\"images\\/Prestige\\/Jul12EventoPrestige.jpg\",\"width\":\"1000\",\"height\":\"600\",\"options\":{\"media\":{\"width\":1000,\"height\":600}}},{\"title\":\"Prestige\",\"media\":\"images\\/Prestige\\/Jul12EventoPrestige10.jpg\",\"width\":\"1000\",\"height\":\"600\",\"options\":{\"media\":{\"width\":1000,\"height\":600}}},{\"title\":\"Prestige\",\"media\":\"images\\/Prestige\\/Jul12EventoPrestige2.jpg\",\"width\":\"1000\",\"height\":\"600\",\"options\":{\"media\":{\"width\":1000,\"height\":600}}},{\"title\":\"Prestige\",\"media\":\"images\\/Prestige\\/Jul12EventoPrestige3.jpg\",\"width\":\"1000\",\"height\":\"600\",\"options\":{\"media\":{\"width\":1000,\"height\":600}}},{\"title\":\"Prestige\",\"media\":\"images\\/Prestige\\/Jul12EventoPrestige4.jpg\",\"width\":\"1000\",\"height\":\"600\",\"options\":{\"media\":{\"width\":1000,\"height\":600}}},{\"title\":\"Prestige\",\"media\":\"images\\/Prestige\\/Jul12EventoPrestige6.jpg\",\"width\":\"1000\",\"height\":\"600\",\"options\":{\"media\":{\"width\":1000,\"height\":600}}},{\"title\":\"Prestige\",\"media\":\"images\\/Prestige\\/Jul12EventoPrestige7.jpg\",\"width\":\"1000\",\"height\":\"600\",\"options\":{\"media\":{\"width\":1000,\"height\":600}}},{\"title\":\"Prestige\",\"media\":\"images\\/Prestige\\/Jul12EventoPrestige8.jpg\",\"width\":\"1000\",\"height\":\"600\",\"options\":{\"media\":{\"width\":1000,\"height\":600}}},{\"title\":\"Prestige\",\"media\":\"images\\/Prestige\\/Jul12EventoPrestige9.jpg\",\"width\":\"1000\",\"height\":\"600\",\"options\":{\"media\":{\"width\":1000,\"height\":600}}}]}'),
(87, 'Personajes Discovery Kids Galeria', 'custom', '{\"_widget\":{\"name\":\"gallery\",\"data\":{\"grid\":\"default\",\"gutter\":\"collapse\",\"gutter_dynamic\":\"20\",\"gutter_v_dynamic\":\"\",\"filter\":\"none\",\"filter_align\":\"left\",\"filter_all\":true,\"columns\":\"1\",\"columns_small\":\"0\",\"columns_medium\":\"3\",\"columns_large\":0,\"columns_xlarge\":0,\"animation\":\"scale-up\",\"image_width\":\"343\",\"image_height\":\"227\",\"media_border\":\"none\",\"overlay\":\"bottom\",\"panel\":\"blank\",\"overlay_center\":\"icon\",\"overlay_background\":\"hover\",\"overlay_image\":false,\"hover_overlay\":true,\"overlay_animation\":\"slide-bottom\",\"image_animation\":\"spin\",\"title\":true,\"content\":true,\"title_size\":\"panel\",\"link\":false,\"link_style\":\"button\",\"link_icon\":\"share\",\"link_text\":\"View\",\"lightbox\":true,\"lightbox_width\":\"auto\",\"lightbox_height\":\"auto\",\"lightbox_caption\":\"none\",\"lightbox_link\":false,\"lightbox_style\":\"button\",\"lightbox_icon\":\"search\",\"lightbox_text\":\"Details\",\"link_target\":false,\"class\":\"\"}},\"folder\":\"images\\/social-scene-galery\",\"sort_by\":\"filename_asc\",\"strip_leading_numbers\":false,\"strip_trailing_numbers\":false,\"_fields\":[],\"items\":[{\"title\":\"Personajes Discovery Kids\",\"media\":\"images\\/-Discovery-Kids\\/Jul16PersonajesDiscovery.jpg\",\"width\":\"1000\",\"height\":\"600\",\"options\":{\"media\":{\"width\":1000,\"height\":600}}},{\"title\":\"Personajes Discovery Kids\",\"media\":\"images\\/-Discovery-Kids\\/Jul16PersonajesDiscovery10.jpg\",\"width\":\"1000\",\"height\":\"600\",\"options\":{\"media\":{\"width\":1000,\"height\":600}}},{\"title\":\"Personajes Discovery Kids\",\"media\":\"images\\/-Discovery-Kids\\/Jul16PersonajesDiscovery3.jpg\",\"width\":\"1000\",\"height\":\"600\",\"options\":{\"media\":{\"width\":1000,\"height\":600}}},{\"title\":\"Personajes Discovery Kids\",\"media\":\"images\\/-Discovery-Kids\\/Jul16PersonajesDiscovery4.jpg\",\"width\":\"1000\",\"height\":\"600\",\"options\":{\"media\":{\"width\":1000,\"height\":600}}},{\"title\":\"Personajes Discovery Kids\",\"media\":\"images\\/-Discovery-Kids\\/Jul16PersonajesDiscovery5.jpg\",\"width\":\"1000\",\"height\":\"600\",\"options\":{\"media\":{\"width\":1000,\"height\":600}}},{\"title\":\"Personajes Discovery Kids\",\"media\":\"images\\/-Discovery-Kids\\/Jul16PersonajesDiscovery6.jpg\",\"width\":\"1000\",\"height\":\"600\",\"options\":{\"media\":{\"width\":1000,\"height\":600}}},{\"title\":\"Personajes Discovery Kids\",\"media\":\"images\\/-Discovery-Kids\\/Jul16PersonajesDiscovery7.jpg\",\"width\":\"1000\",\"height\":\"600\",\"options\":{\"media\":{\"width\":1000,\"height\":600}}},{\"title\":\"Personajes Discovery Kids\",\"media\":\"images\\/-Discovery-Kids\\/Jul16PersonajesDiscovery8.jpg\",\"width\":\"1000\",\"height\":\"600\",\"options\":{\"media\":{\"width\":1000,\"height\":600}}},{\"title\":\"Personajes Discovery Kids\",\"media\":\"images\\/-Discovery-Kids\\/Jul16PersonajesDiscovery9.jpg\",\"width\":\"1000\",\"height\":\"600\",\"options\":{\"media\":{\"width\":1000,\"height\":600}}}]}'),
(88, 'Carrera Discovery Kids Galeria', 'custom', '{\"_widget\":{\"name\":\"gallery\",\"data\":{\"grid\":\"default\",\"gutter\":\"collapse\",\"gutter_dynamic\":\"20\",\"gutter_v_dynamic\":\"\",\"filter\":\"none\",\"filter_align\":\"left\",\"filter_all\":true,\"columns\":\"1\",\"columns_small\":\"0\",\"columns_medium\":\"3\",\"columns_large\":0,\"columns_xlarge\":0,\"animation\":\"scale-up\",\"image_width\":\"auto\",\"image_height\":\"auto\",\"media_border\":\"none\",\"overlay\":\"bottom\",\"panel\":\"blank\",\"overlay_center\":\"icon\",\"overlay_background\":\"hover\",\"overlay_image\":false,\"hover_overlay\":true,\"overlay_animation\":\"slide-bottom\",\"image_animation\":\"spin\",\"title\":true,\"content\":true,\"title_size\":\"panel\",\"link\":false,\"link_style\":\"button\",\"link_icon\":\"share\",\"link_text\":\"View\",\"lightbox\":true,\"lightbox_width\":\"auto\",\"lightbox_height\":\"auto\",\"lightbox_caption\":\"none\",\"lightbox_link\":false,\"lightbox_style\":\"button\",\"lightbox_icon\":\"search\",\"lightbox_text\":\"Details\",\"link_target\":false,\"class\":\"\"}},\"folder\":\"images\\/social-scene-galery\",\"sort_by\":\"filename_asc\",\"strip_leading_numbers\":false,\"strip_trailing_numbers\":false,\"_fields\":[],\"items\":[{\"title\":\"Carrera Discovery Kids\",\"media\":\"images\\/-Carrera-Discovery\\/Jun22RuedaDePrensa.jpg\",\"width\":\"1000\",\"height\":\"600\",\"options\":{\"media\":{\"width\":1000,\"height\":600}}},{\"title\":\"Carrera Discovery Kids\",\"media\":\"images\\/-Carrera-Discovery\\/Jun22RuedaDePrensa11.jpg\",\"width\":\"1000\",\"height\":\"600\",\"options\":{\"media\":{\"width\":1000,\"height\":600}}},{\"title\":\"Carrera Discovery Kids\",\"media\":\"images\\/-Carrera-Discovery\\/Jun22RuedaDePrensa12.jpg\",\"width\":\"1000\",\"height\":\"600\",\"options\":{\"media\":{\"width\":1000,\"height\":600}}},{\"title\":\"Carrera Discovery Kids\",\"media\":\"images\\/-Carrera-Discovery\\/Jun22RuedaDePrensa13.jpg\",\"width\":\"1000\",\"height\":\"600\",\"options\":{\"media\":{\"width\":1000,\"height\":600}}},{\"title\":\"Carrera Discovery Kids\",\"media\":\"images\\/-Carrera-Discovery\\/Jun22RuedaDePrensa14.jpg\",\"width\":\"1000\",\"height\":\"600\",\"options\":{\"media\":{\"width\":1000,\"height\":600}}},{\"title\":\"Carrera Discovery Kids\",\"media\":\"images\\/-Carrera-Discovery\\/Jun22RuedaDePrensa2.jpg\",\"width\":\"1000\",\"height\":\"600\",\"options\":{\"media\":{\"width\":1000,\"height\":600}}},{\"title\":\"Carrera Discovery Kids\",\"media\":\"images\\/-Carrera-Discovery\\/Jun22RuedaDePrensa3.jpg\",\"width\":\"1000\",\"height\":\"600\",\"options\":{\"media\":{\"width\":1000,\"height\":600}}},{\"title\":\"Carrera Discovery Kids\",\"media\":\"images\\/-Carrera-Discovery\\/Jun22RuedaDePrensa6.jpg\",\"width\":\"1000\",\"height\":\"600\",\"options\":{\"media\":{\"width\":1000,\"height\":600}}},{\"title\":\"Carrera Discovery Kids\",\"media\":\"images\\/-Carrera-Discovery\\/Jun22RuedaDePrensa8.jpg\",\"width\":\"1000\",\"height\":\"600\",\"options\":{\"media\":{\"width\":1000,\"height\":600}}}]}'),
(89, 'Enamorado de Venecia Galeria (copy)', 'custom', '{\"_widget\":{\"name\":\"gallery\",\"data\":{\"grid\":\"default\",\"gutter\":\"collapse\",\"gutter_dynamic\":\"20\",\"gutter_v_dynamic\":\"\",\"filter\":\"none\",\"filter_align\":\"left\",\"filter_all\":true,\"columns\":\"1\",\"columns_small\":\"0\",\"columns_medium\":\"3\",\"columns_large\":0,\"columns_xlarge\":0,\"animation\":\"scale-up\",\"image_width\":\"auto\",\"image_height\":\"auto\",\"media_border\":\"none\",\"overlay\":\"bottom\",\"panel\":\"blank\",\"overlay_center\":\"icon\",\"overlay_background\":\"hover\",\"overlay_image\":false,\"hover_overlay\":true,\"overlay_animation\":\"slide-bottom\",\"image_animation\":\"spin\",\"title\":true,\"content\":true,\"title_size\":\"panel\",\"link\":false,\"link_style\":\"button\",\"link_icon\":\"share\",\"link_text\":\"View\",\"lightbox\":true,\"lightbox_width\":\"auto\",\"lightbox_height\":\"auto\",\"lightbox_caption\":\"none\",\"lightbox_link\":false,\"lightbox_style\":\"button\",\"lightbox_icon\":\"search\",\"lightbox_text\":\"Details\",\"link_target\":false,\"class\":\"\"}},\"folder\":\"images\\/social-scene-galery\",\"sort_by\":\"filename_asc\",\"strip_leading_numbers\":false,\"strip_trailing_numbers\":false,\"_fields\":[],\"items\":[{\"media\":\"images\\/Enamorado-de-Venecia-de-BlueMall-0581.jpg\",\"options\":{\"media\":{\"width\":800,\"height\":533}},\"title\":\"Enamorado De Venecia\"},{\"media\":\"images\\/Enamorado-de-Venecia-de-BlueMall-0582.jpg\",\"options\":{\"media\":{\"width\":800,\"height\":533}},\"title\":\"Enamorado De Venecia\"},{\"media\":\"images\\/Enamorado-de-Venecia-de-BlueMall-058578.jpg\",\"options\":{\"media\":{\"width\":800,\"height\":533}},\"title\":\"Enamorado De Venecia\"},{\"media\":\"images\\/Enamorado-de-Venecia-de-BlueMall-05867.jpg\",\"options\":{\"media\":{\"width\":800,\"height\":533}},\"title\":\"Enamorado De Venecia\"},{\"media\":\"images\\/Enamorado-de-Venecia-de-BlueMall-059.jpg\",\"options\":{\"media\":{\"width\":800,\"height\":533}},\"title\":\"Enamorado De Venecia\"},{\"media\":\"images\\/PORTADA-Enamorado-de-Venecia-de-BlueMall-05-1.jpg\",\"options\":{\"media\":{\"width\":800,\"height\":534}},\"title\":\"PORTADA Enamorado De Venecia\"}]}'),
(90, 'Enamorado de Venecia Galeria (copy)', 'custom', '{\"_widget\":{\"name\":\"gallery\",\"data\":{\"grid\":\"default\",\"gutter\":\"collapse\",\"gutter_dynamic\":\"20\",\"gutter_v_dynamic\":\"\",\"filter\":\"none\",\"filter_align\":\"left\",\"filter_all\":true,\"columns\":\"1\",\"columns_small\":\"0\",\"columns_medium\":\"3\",\"columns_large\":0,\"columns_xlarge\":0,\"animation\":\"scale-up\",\"image_width\":\"auto\",\"image_height\":\"auto\",\"media_border\":\"none\",\"overlay\":\"bottom\",\"panel\":\"blank\",\"overlay_center\":\"icon\",\"overlay_background\":\"hover\",\"overlay_image\":false,\"hover_overlay\":true,\"overlay_animation\":\"slide-bottom\",\"image_animation\":\"spin\",\"title\":true,\"content\":true,\"title_size\":\"panel\",\"link\":false,\"link_style\":\"button\",\"link_icon\":\"share\",\"link_text\":\"View\",\"lightbox\":true,\"lightbox_width\":\"auto\",\"lightbox_height\":\"auto\",\"lightbox_caption\":\"none\",\"lightbox_link\":false,\"lightbox_style\":\"button\",\"lightbox_icon\":\"search\",\"lightbox_text\":\"Details\",\"link_target\":false,\"class\":\"\"}},\"folder\":\"images\\/social-scene-galery\",\"sort_by\":\"filename_asc\",\"strip_leading_numbers\":false,\"strip_trailing_numbers\":false,\"_fields\":[],\"items\":[{\"media\":\"images\\/Enamorado-de-Venecia-de-BlueMall-0581.jpg\",\"options\":{\"media\":{\"width\":800,\"height\":533}},\"title\":\"Enamorado De Venecia\"},{\"media\":\"images\\/Enamorado-de-Venecia-de-BlueMall-0582.jpg\",\"options\":{\"media\":{\"width\":800,\"height\":533}},\"title\":\"Enamorado De Venecia\"},{\"media\":\"images\\/Enamorado-de-Venecia-de-BlueMall-058578.jpg\",\"options\":{\"media\":{\"width\":800,\"height\":533}},\"title\":\"Enamorado De Venecia\"},{\"media\":\"images\\/Enamorado-de-Venecia-de-BlueMall-05867.jpg\",\"options\":{\"media\":{\"width\":800,\"height\":533}},\"title\":\"Enamorado De Venecia\"},{\"media\":\"images\\/Enamorado-de-Venecia-de-BlueMall-059.jpg\",\"options\":{\"media\":{\"width\":800,\"height\":533}},\"title\":\"Enamorado De Venecia\"},{\"media\":\"images\\/PORTADA-Enamorado-de-Venecia-de-BlueMall-05-1.jpg\",\"options\":{\"media\":{\"width\":800,\"height\":534}},\"title\":\"PORTADA Enamorado De Venecia\"}]}'),
(91, 'Scalpers Galeria', 'custom', '{\"_widget\":{\"name\":\"gallery\",\"data\":{\"grid\":\"default\",\"gutter\":\"collapse\",\"gutter_dynamic\":\"20\",\"gutter_v_dynamic\":\"\",\"filter\":\"none\",\"filter_align\":\"left\",\"filter_all\":true,\"columns\":\"1\",\"columns_small\":\"0\",\"columns_medium\":\"3\",\"columns_large\":0,\"columns_xlarge\":0,\"animation\":\"scale-up\",\"image_width\":\"343\",\"image_height\":\"227\",\"media_border\":\"none\",\"overlay\":\"bottom\",\"panel\":\"blank\",\"overlay_center\":\"icon\",\"overlay_background\":\"hover\",\"overlay_image\":false,\"hover_overlay\":true,\"overlay_animation\":\"slide-bottom\",\"image_animation\":\"spin\",\"title\":true,\"content\":true,\"title_size\":\"panel\",\"link\":false,\"link_style\":\"button\",\"link_icon\":\"share\",\"link_text\":\"View\",\"lightbox\":true,\"lightbox_width\":\"auto\",\"lightbox_height\":\"auto\",\"lightbox_caption\":\"none\",\"lightbox_link\":false,\"lightbox_style\":\"button\",\"lightbox_icon\":\"search\",\"lightbox_text\":\"Details\",\"link_target\":false,\"class\":\"\"}},\"folder\":\"images\\/social-scene-galery\",\"sort_by\":\"filename_asc\",\"strip_leading_numbers\":false,\"strip_trailing_numbers\":false,\"_fields\":[],\"items\":[{\"title\":\"Scalpers\",\"media\":\"images\\/Scalpers\\/Jun23Scalpers.jpg\",\"width\":\"1000\",\"height\":\"600\",\"options\":{\"media\":{\"width\":1000,\"height\":600}}},{\"title\":\"Scalpers\",\"media\":\"images\\/Scalpers\\/Jun23Scalpers2.jpg\",\"width\":\"1000\",\"height\":\"600\",\"options\":{\"media\":{\"width\":1000,\"height\":600}}},{\"title\":\"Scalpers\",\"media\":\"images\\/Scalpers\\/Jun23Scalpers3.jpg\",\"width\":\"1000\",\"height\":\"600\",\"options\":{\"media\":{\"width\":1000,\"height\":600}}},{\"title\":\"Scalpers\",\"media\":\"images\\/Scalpers\\/Jun23Scalpers4.jpg\",\"width\":\"1000\",\"height\":\"600\",\"options\":{\"media\":{\"width\":1000,\"height\":600}}},{\"title\":\"Scalpers\",\"media\":\"images\\/Scalpers\\/Jun23Scalpers5.jpg\",\"width\":\"1000\",\"height\":\"600\",\"options\":{\"media\":{\"width\":1000,\"height\":600}}},{\"title\":\"Scalpers\",\"media\":\"images\\/Scalpers\\/Jun23Scalpers6.jpg\",\"width\":\"1000\",\"height\":\"600\",\"options\":{\"media\":{\"width\":1000,\"height\":600}}},{\"title\":\"Scalpers\",\"media\":\"images\\/Scalpers\\/Jun23Scalpers7.jpg\",\"width\":\"1000\",\"height\":\"600\",\"options\":{\"media\":{\"width\":1000,\"height\":600}}},{\"title\":\"Scalpers\",\"media\":\"images\\/Scalpers\\/Jun23Scalpers8.jpg\",\"width\":\"1000\",\"height\":\"600\",\"options\":{\"media\":{\"width\":1000,\"height\":600}}},{\"title\":\"Scalpers\",\"media\":\"images\\/Scalpers\\/Jun23Scalpers9.jpg\",\"width\":\"1000\",\"height\":\"600\",\"options\":{\"media\":{\"width\":1000,\"height\":600}}}]}'),
(92, 'Ghostbusters Galeria', 'custom', '{\"_widget\":{\"name\":\"gallery\",\"data\":{\"grid\":\"default\",\"gutter\":\"collapse\",\"gutter_dynamic\":\"20\",\"gutter_v_dynamic\":\"\",\"filter\":\"none\",\"filter_align\":\"left\",\"filter_all\":true,\"columns\":\"1\",\"columns_small\":\"0\",\"columns_medium\":\"3\",\"columns_large\":0,\"columns_xlarge\":0,\"animation\":\"scale-up\",\"image_width\":\"343\",\"image_height\":\"227\",\"media_border\":\"none\",\"overlay\":\"bottom\",\"panel\":\"blank\",\"overlay_center\":\"icon\",\"overlay_background\":\"hover\",\"overlay_image\":false,\"hover_overlay\":true,\"overlay_animation\":\"slide-bottom\",\"image_animation\":\"spin\",\"title\":true,\"content\":true,\"title_size\":\"panel\",\"link\":false,\"link_style\":\"button\",\"link_icon\":\"share\",\"link_text\":\"View\",\"lightbox\":true,\"lightbox_width\":\"auto\",\"lightbox_height\":\"auto\",\"lightbox_caption\":\"none\",\"lightbox_link\":false,\"lightbox_style\":\"button\",\"lightbox_icon\":\"search\",\"lightbox_text\":\"Details\",\"link_target\":false,\"class\":\"\"}},\"folder\":\"images\\/social-scene-galery\",\"sort_by\":\"filename_asc\",\"strip_leading_numbers\":false,\"strip_trailing_numbers\":false,\"_fields\":[],\"items\":[{\"title\":\"Ghostbusters Galeria\",\"media\":\"images\\/-Ghostbusters\\/Jul19Ghostbusters.jpg\",\"width\":\"1000\",\"height\":\"600\",\"options\":{\"media\":{\"width\":1000,\"height\":600}}},{\"title\":\"Ghostbusters Galeria\",\"media\":\"images\\/-Ghostbusters\\/Jul19Ghostbusters3.jpg\",\"width\":\"1000\",\"height\":\"600\",\"options\":{\"media\":{\"width\":1000,\"height\":600}}},{\"title\":\"Ghostbusters Galeria\",\"media\":\"images\\/-Ghostbusters\\/Jul19Ghostbusters4.jpg\",\"width\":\"1000\",\"height\":\"600\",\"options\":{\"media\":{\"width\":1000,\"height\":600}}},{\"title\":\"Ghostbusters Galeria\",\"media\":\"images\\/-Ghostbusters\\/Jul19Ghostbusters5.jpg\",\"width\":\"1000\",\"height\":\"600\",\"options\":{\"media\":{\"width\":1000,\"height\":600}}},{\"title\":\"Ghostbusters Galeria\",\"media\":\"images\\/-Ghostbusters\\/Jul19Ghostbusters6.jpg\",\"width\":\"1000\",\"height\":\"600\",\"options\":{\"media\":{\"width\":1000,\"height\":600}}},{\"title\":\"Ghostbusters Galeria\",\"media\":\"images\\/-Ghostbusters\\/Jul19Ghostbusters7.jpg\",\"width\":\"1000\",\"height\":\"600\",\"options\":{\"media\":{\"width\":1000,\"height\":600}}}]}'),
(93, 'ASOVERD Galeria', 'custom', '{\"_widget\":{\"name\":\"gallery\",\"data\":{\"grid\":\"default\",\"gutter\":\"collapse\",\"gutter_dynamic\":\"20\",\"gutter_v_dynamic\":\"\",\"filter\":\"none\",\"filter_align\":\"left\",\"filter_all\":true,\"columns\":\"1\",\"columns_small\":\"0\",\"columns_medium\":\"3\",\"columns_large\":0,\"columns_xlarge\":0,\"animation\":\"scale-up\",\"image_width\":\"343\",\"image_height\":\"227\",\"media_border\":\"none\",\"overlay\":\"bottom\",\"panel\":\"blank\",\"overlay_center\":\"icon\",\"overlay_background\":\"hover\",\"overlay_image\":false,\"hover_overlay\":true,\"overlay_animation\":\"slide-bottom\",\"image_animation\":\"spin\",\"title\":true,\"content\":true,\"title_size\":\"panel\",\"link\":false,\"link_style\":\"button\",\"link_icon\":\"share\",\"link_text\":\"View\",\"lightbox\":true,\"lightbox_width\":\"auto\",\"lightbox_height\":\"auto\",\"lightbox_caption\":\"none\",\"lightbox_link\":false,\"lightbox_style\":\"button\",\"lightbox_icon\":\"search\",\"lightbox_text\":\"Details\",\"link_target\":false,\"class\":\"\"}},\"folder\":\"images\\/social-scene-galery\",\"sort_by\":\"filename_asc\",\"strip_leading_numbers\":false,\"strip_trailing_numbers\":false,\"_fields\":[],\"items\":[{\"title\":\"ASOVERD\",\"media\":\"images\\/-ASOVERD\\/Jul19ASOVERD.jpg\",\"width\":\"1000\",\"height\":\"600\",\"options\":{\"media\":{\"width\":1000,\"height\":600}}},{\"title\":\"ASOVERD\",\"media\":\"images\\/-ASOVERD\\/Jul19ASOVERD10.jpg\",\"width\":\"1000\",\"height\":\"600\",\"options\":{\"media\":{\"width\":1000,\"height\":600}}},{\"title\":\"ASOVERD\",\"media\":\"images\\/-ASOVERD\\/Jul19ASOVERD11.jpg\",\"width\":\"1000\",\"height\":\"600\",\"options\":{\"media\":{\"width\":1000,\"height\":600}}},{\"title\":\"ASOVERD\",\"media\":\"images\\/-ASOVERD\\/Jul19ASOVERD2.jpg\",\"width\":\"1000\",\"height\":\"600\",\"options\":{\"media\":{\"width\":1000,\"height\":600}}},{\"title\":\"ASOVERD\",\"media\":\"images\\/-ASOVERD\\/Jul19ASOVERD3.jpg\",\"width\":\"1000\",\"height\":\"600\",\"options\":{\"media\":{\"width\":1000,\"height\":600}}},{\"title\":\"ASOVERD\",\"media\":\"images\\/-ASOVERD\\/Jul19ASOVERD4.jpg\",\"width\":\"1000\",\"height\":\"600\",\"options\":{\"media\":{\"width\":1000,\"height\":600}}},{\"title\":\"ASOVERD\",\"media\":\"images\\/-ASOVERD\\/Jul19ASOVERD7.jpg\",\"width\":\"1000\",\"height\":\"600\",\"options\":{\"media\":{\"width\":1000,\"height\":600}}},{\"title\":\"ASOVERD\",\"media\":\"images\\/-ASOVERD\\/Jul19ASOVERD8.jpg\",\"width\":\"1000\",\"height\":\"600\",\"options\":{\"media\":{\"width\":1000,\"height\":600}}},{\"title\":\"ASOVERD\",\"media\":\"images\\/-ASOVERD\\/Jul19ASOVERD9.jpg\",\"width\":\"1000\",\"height\":\"600\",\"options\":{\"media\":{\"width\":1000,\"height\":600}}}]}'),
(94, 'Fundación RealMadrid Galeria', 'custom', '{\"_widget\":{\"name\":\"gallery\",\"data\":{\"grid\":\"default\",\"gutter\":\"collapse\",\"gutter_dynamic\":\"20\",\"gutter_v_dynamic\":\"\",\"filter\":\"none\",\"filter_align\":\"left\",\"filter_all\":true,\"columns\":\"1\",\"columns_small\":\"0\",\"columns_medium\":\"3\",\"columns_large\":0,\"columns_xlarge\":0,\"animation\":\"scale-up\",\"image_width\":\"343\",\"image_height\":\"227\",\"media_border\":\"none\",\"overlay\":\"bottom\",\"panel\":\"blank\",\"overlay_center\":\"icon\",\"overlay_background\":\"hover\",\"overlay_image\":false,\"hover_overlay\":true,\"overlay_animation\":\"slide-bottom\",\"image_animation\":\"spin\",\"title\":true,\"content\":true,\"title_size\":\"panel\",\"link\":false,\"link_style\":\"button\",\"link_icon\":\"share\",\"link_text\":\"View\",\"lightbox\":true,\"lightbox_width\":\"auto\",\"lightbox_height\":\"auto\",\"lightbox_caption\":\"none\",\"lightbox_link\":false,\"lightbox_style\":\"button\",\"lightbox_icon\":\"search\",\"lightbox_text\":\"Details\",\"link_target\":false,\"class\":\"\"}},\"folder\":\"images\\/social-scene-galery\",\"sort_by\":\"filename_asc\",\"strip_leading_numbers\":false,\"strip_trailing_numbers\":false,\"_fields\":[],\"items\":[{\"title\":\"RealMadrid\",\"media\":\"images\\/--RealMadrid\\/JUN11FundacionRealMadrid.jpg\",\"width\":\"1000\",\"height\":\"600\",\"options\":{\"media\":{\"width\":1000,\"height\":600}}},{\"title\":\"RealMadrid\",\"media\":\"images\\/--RealMadrid\\/JUN11FundacionRealMadrid10.jpg\",\"width\":\"1000\",\"height\":\"600\",\"options\":{\"media\":{\"width\":1000,\"height\":600}}},{\"title\":\"RealMadrid\",\"media\":\"images\\/--RealMadrid\\/JUN11FundacionRealMadrid2.jpg\",\"width\":\"1000\",\"height\":\"600\",\"options\":{\"media\":{\"width\":1000,\"height\":600}}},{\"title\":\"RealMadrid\",\"media\":\"images\\/--RealMadrid\\/JUN11FundacionRealMadrid3.jpg\",\"width\":\"1000\",\"height\":\"600\",\"options\":{\"media\":{\"width\":1000,\"height\":600}}},{\"title\":\"RealMadrid\",\"media\":\"images\\/--RealMadrid\\/JUN11FundacionRealMadrid4.jpg\",\"width\":\"1000\",\"height\":\"600\",\"options\":{\"media\":{\"width\":1000,\"height\":600}}},{\"title\":\"RealMadrid\",\"media\":\"images\\/--RealMadrid\\/JUN11FundacionRealMadrid5.jpg\",\"width\":\"1000\",\"height\":\"600\",\"options\":{\"media\":{\"width\":1000,\"height\":600}}},{\"title\":\"RealMadrid\",\"media\":\"images\\/--RealMadrid\\/JUN11FundacionRealMadrid6.jpg\",\"width\":\"1000\",\"height\":\"600\",\"options\":{\"media\":{\"width\":1000,\"height\":600}}},{\"title\":\"RealMadrid\",\"media\":\"images\\/--RealMadrid\\/JUN11FundacionRealMadrid7.jpg\",\"width\":\"1000\",\"height\":\"600\",\"options\":{\"media\":{\"width\":1000,\"height\":600}}},{\"title\":\"RealMadrid\",\"media\":\"images\\/--RealMadrid\\/JUN11FundacionRealMadrid8.jpg\",\"width\":\"1000\",\"height\":\"600\",\"options\":{\"media\":{\"width\":1000,\"height\":600}}}]}');
INSERT INTO `i0adu_widgetkit` (`id`, `name`, `type`, `data`) VALUES
(95, 'Salvatore Ferragamo Galeria', 'custom', '{\"_widget\":{\"name\":\"gallery\",\"data\":{\"grid\":\"default\",\"gutter\":\"collapse\",\"gutter_dynamic\":\"20\",\"gutter_v_dynamic\":\"\",\"filter\":\"none\",\"filter_align\":\"left\",\"filter_all\":true,\"columns\":\"1\",\"columns_small\":\"0\",\"columns_medium\":\"3\",\"columns_large\":0,\"columns_xlarge\":0,\"animation\":\"scale-up\",\"image_width\":\"343\",\"image_height\":\"227\",\"media_border\":\"none\",\"overlay\":\"bottom\",\"panel\":\"blank\",\"overlay_center\":\"icon\",\"overlay_background\":\"hover\",\"overlay_image\":false,\"hover_overlay\":true,\"overlay_animation\":\"slide-bottom\",\"image_animation\":\"spin\",\"title\":true,\"content\":true,\"title_size\":\"panel\",\"link\":false,\"link_style\":\"button\",\"link_icon\":\"share\",\"link_text\":\"View\",\"lightbox\":true,\"lightbox_width\":\"auto\",\"lightbox_height\":\"auto\",\"lightbox_caption\":\"none\",\"lightbox_link\":false,\"lightbox_style\":\"button\",\"lightbox_icon\":\"search\",\"lightbox_text\":\"Details\",\"link_target\":false,\"class\":\"\"}},\"folder\":\"images\\/social-scene-galery\",\"sort_by\":\"filename_asc\",\"strip_leading_numbers\":false,\"strip_trailing_numbers\":false,\"_fields\":[],\"items\":[{\"title\":\"JulSalvatore Ferragamo\",\"media\":\"images\\/-Salvatore-Ferragamo\\/Jul21Ferragamo.jpg\",\"width\":\"1000\",\"height\":\"600\",\"options\":{\"media\":{\"width\":1000,\"height\":600}}},{\"title\":\"Salvatore Ferragamo\",\"media\":\"images\\/-Salvatore-Ferragamo\\/Jul21Ferragamo2.jpg\",\"width\":\"1000\",\"height\":\"600\",\"options\":{\"media\":{\"width\":1000,\"height\":600}}},{\"title\":\"Salvatore Ferragamo\",\"media\":\"images\\/-Salvatore-Ferragamo\\/Jul21Ferragamo3.jpg\",\"width\":\"1000\",\"height\":\"600\",\"options\":{\"media\":{\"width\":1000,\"height\":600}}},{\"title\":\"Salvatore Ferragamo\",\"media\":\"images\\/-Salvatore-Ferragamo\\/Jul21Ferragamo4.jpg\",\"width\":\"1000\",\"height\":\"600\",\"options\":{\"media\":{\"width\":1000,\"height\":600}}},{\"title\":\"Salvatore Ferragamo\",\"media\":\"images\\/-Salvatore-Ferragamo\\/Jul21Ferragamo5.jpg\",\"width\":\"1000\",\"height\":\"600\",\"options\":{\"media\":{\"width\":1000,\"height\":600}}},{\"title\":\"Salvatore Ferragamo\",\"media\":\"images\\/-Salvatore-Ferragamo\\/Jul21Ferragamo6.jpg\",\"width\":\"1000\",\"height\":\"600\",\"options\":{\"media\":{\"width\":1000,\"height\":600}}},{\"title\":\"Salvatore Ferragamo\",\"media\":\"images\\/-Salvatore-Ferragamo\\/Jul21Ferragamo7.jpg\",\"width\":\"1000\",\"height\":\"600\",\"options\":{\"media\":{\"width\":1000,\"height\":600}}},{\"title\":\"Salvatore Ferragamo\",\"media\":\"images\\/-Salvatore-Ferragamo\\/Jul21Ferragamo8.jpg\",\"width\":\"1000\",\"height\":\"600\",\"options\":{\"media\":{\"width\":1000,\"height\":600}}},{\"title\":\"Salvatore Ferragamo\",\"media\":\"images\\/-Salvatore-Ferragamo\\/Jul21Ferragamo9.jpg\",\"width\":\"1000\",\"height\":\"600\",\"options\":{\"media\":{\"width\":1000,\"height\":600}}}]}'),
(96, 'Kah Kow Galeria', 'custom', '{\"_widget\":{\"name\":\"gallery\",\"data\":{\"grid\":\"default\",\"gutter\":\"collapse\",\"gutter_dynamic\":\"20\",\"gutter_v_dynamic\":\"\",\"filter\":\"none\",\"filter_align\":\"left\",\"filter_all\":true,\"columns\":\"1\",\"columns_small\":\"0\",\"columns_medium\":\"3\",\"columns_large\":0,\"columns_xlarge\":0,\"animation\":\"scale-up\",\"image_width\":\"343\",\"image_height\":\"227\",\"media_border\":\"none\",\"overlay\":\"bottom\",\"panel\":\"blank\",\"overlay_center\":\"icon\",\"overlay_background\":\"hover\",\"overlay_image\":false,\"hover_overlay\":true,\"overlay_animation\":\"slide-bottom\",\"image_animation\":\"spin\",\"title\":true,\"content\":true,\"title_size\":\"panel\",\"link\":false,\"link_style\":\"button\",\"link_icon\":\"share\",\"link_text\":\"View\",\"lightbox\":true,\"lightbox_width\":\"auto\",\"lightbox_height\":\"auto\",\"lightbox_caption\":\"none\",\"lightbox_link\":false,\"lightbox_style\":\"button\",\"lightbox_icon\":\"search\",\"lightbox_text\":\"Details\",\"link_target\":false,\"class\":\"\"}},\"folder\":\"images\\/social-scene-galery\",\"sort_by\":\"filename_asc\",\"strip_leading_numbers\":false,\"strip_trailing_numbers\":false,\"_fields\":[],\"items\":[{\"title\":\"Kah Kow\",\"media\":\"images\\/-Kah-Kow\\/Jul21KahKow.jpg\",\"width\":\"1000\",\"height\":\"600\",\"options\":{\"media\":{\"width\":1000,\"height\":600}}},{\"title\":\"Kah Kow\",\"media\":\"images\\/-Kah-Kow\\/Jul21KahKow10.jpg\",\"width\":\"1000\",\"height\":\"600\",\"options\":{\"media\":{\"width\":1000,\"height\":600}}},{\"title\":\"Kah Kow\",\"media\":\"images\\/-Kah-Kow\\/Jul21KahKow11.jpg\",\"width\":\"1000\",\"height\":\"600\",\"options\":{\"media\":{\"width\":1000,\"height\":600}}},{\"title\":\"Kah Kow\",\"media\":\"images\\/-Kah-Kow\\/Jul21KahKow12.jpg\",\"width\":\"1000\",\"height\":\"600\",\"options\":{\"media\":{\"width\":1000,\"height\":600}}},{\"title\":\"Kah Kow\",\"media\":\"images\\/-Kah-Kow\\/Jul21KahKow5.jpg\",\"width\":\"1000\",\"height\":\"600\",\"options\":{\"media\":{\"width\":1000,\"height\":600}}},{\"title\":\"Kah Kow\",\"media\":\"images\\/-Kah-Kow\\/Jul21KahKow6.jpg\",\"width\":\"1000\",\"height\":\"600\",\"options\":{\"media\":{\"width\":1000,\"height\":600}}},{\"title\":\"Kah Kow\",\"media\":\"images\\/-Kah-Kow\\/Jul21KahKow7.jpg\",\"width\":\"1000\",\"height\":\"600\",\"options\":{\"media\":{\"width\":1000,\"height\":600}}},{\"title\":\"Kah Kow\",\"media\":\"images\\/-Kah-Kow\\/Jul21KahKow8.jpg\",\"width\":\"1000\",\"height\":\"600\",\"options\":{\"media\":{\"width\":1000,\"height\":600}}},{\"title\":\"Kah Kow\",\"media\":\"images\\/-Kah-Kow\\/Jul21KahKow9.jpg\",\"width\":\"1000\",\"height\":\"600\",\"options\":{\"media\":{\"width\":1000,\"height\":600}}}]}'),
(97, 'Humano Seguros Galeria', 'custom', '{\"_widget\":{\"name\":\"gallery\",\"data\":{\"grid\":\"default\",\"gutter\":\"collapse\",\"gutter_dynamic\":\"20\",\"gutter_v_dynamic\":\"\",\"filter\":\"none\",\"filter_align\":\"left\",\"filter_all\":true,\"columns\":\"1\",\"columns_small\":\"0\",\"columns_medium\":\"3\",\"columns_large\":0,\"columns_xlarge\":0,\"animation\":\"scale-up\",\"image_width\":\"343\",\"image_height\":\"227\",\"media_border\":\"none\",\"overlay\":\"bottom\",\"panel\":\"blank\",\"overlay_center\":\"icon\",\"overlay_background\":\"hover\",\"overlay_image\":false,\"hover_overlay\":true,\"overlay_animation\":\"slide-bottom\",\"image_animation\":\"spin\",\"title\":true,\"content\":true,\"title_size\":\"panel\",\"link\":false,\"link_style\":\"button\",\"link_icon\":\"share\",\"link_text\":\"View\",\"lightbox\":true,\"lightbox_width\":\"auto\",\"lightbox_height\":\"auto\",\"lightbox_caption\":\"none\",\"lightbox_link\":false,\"lightbox_style\":\"button\",\"lightbox_icon\":\"search\",\"lightbox_text\":\"Details\",\"link_target\":false,\"class\":\"\"}},\"folder\":\"images\\/social-scene-galery\",\"sort_by\":\"filename_asc\",\"strip_leading_numbers\":false,\"strip_trailing_numbers\":false,\"_fields\":[],\"items\":[{\"title\":\"Humano Seguros\",\"media\":\"images\\/-Humano-Seguros\\/BlueMall-ARS-Humano.jpg\",\"width\":\"1000\",\"height\":\"600\",\"options\":{\"media\":{\"width\":1000,\"height\":600}}},{\"title\":\"Humano Seguros\",\"media\":\"images\\/-Humano-Seguros\\/BlueMall-ARS-Humano3.jpg\",\"width\":\"1000\",\"height\":\"600\",\"options\":{\"media\":{\"width\":1000,\"height\":600}}},{\"title\":\"Humano Seguros\",\"media\":\"images\\/-Humano-Seguros\\/BlueMall-ARS-Humano6.jpg\",\"width\":\"1000\",\"height\":\"600\",\"options\":{\"media\":{\"width\":1000,\"height\":600}}},{\"title\":\"Humano Seguros\",\"media\":\"images\\/-Humano-Seguros\\/BlueMall-ARS-Humano8.jpg\",\"width\":\"1000\",\"height\":\"600\",\"options\":{\"media\":{\"width\":1000,\"height\":600}}},{\"title\":\"Humano Seguros\",\"media\":\"images\\/-Humano-Seguros\\/Jul24ARSHumanoMago.jpg\",\"width\":\"1000\",\"height\":\"600\",\"options\":{\"media\":{\"width\":1000,\"height\":600}}},{\"title\":\"Humano Seguros\",\"media\":\"images\\/-Humano-Seguros\\/Jul24ARSHumanoMago3.jpg\",\"width\":\"1000\",\"height\":\"600\",\"options\":{\"media\":{\"width\":1000,\"height\":600}}},{\"title\":\"Humano Seguros\",\"media\":\"images\\/-Humano-Seguros\\/Jul24ARSHumanoMago5.jpg\",\"width\":\"1000\",\"height\":\"600\",\"options\":{\"media\":{\"width\":1000,\"height\":600}}},{\"title\":\"Humano Seguros\",\"media\":\"images\\/-Humano-Seguros\\/Jul24ARSHumanoMago7.jpg\",\"width\":\"1000\",\"height\":\"600\",\"options\":{\"media\":{\"width\":1000,\"height\":600}}},{\"title\":\"Humano Seguros\",\"media\":\"images\\/-Humano-Seguros\\/Jul24ARSHumanoMago9.jpg\",\"width\":\"1000\",\"height\":\"600\",\"options\":{\"media\":{\"width\":1000,\"height\":600}}}]}'),
(98, 'COMING SOON Pagina principal', 'custom', '{\"_widget\":{\"name\":\"grid-stack\",\"data\":{\"width\":\"1-2\",\"align\":\"left\",\"breakpoint\":\"medium\",\"alternate\":true,\"gutter\":false,\"gutter_vertical\":\"default\",\"divider\":false,\"panel\":true,\"content_align\":true,\"animation_media\":\"fade\",\"animation_content\":\"fade\",\"media\":true,\"image_width\":\"auto\",\"image_height\":\"auto\",\"media_border\":\"none\",\"media_overlay\":\"icon\",\"overlay_animation\":\"fade\",\"media_animation\":\"scale\",\"title\":true,\"content\":true,\"social_buttons\":true,\"title_size\":\"large\",\"text_align\":\"media\",\"link\":true,\"link_style\":\"button\",\"link_text\":\"Leer M\\u00e1s\",\"badge\":true,\"badge_style\":\"badge\",\"badge_position\":\"panel\",\"link_target\":false,\"class\":\"\"}},\"items\":[{\"title\":\"Banco del Progreso\",\"media\":\"images\\/--COMING-SOON-SECCION\\/BANCODEPROGRESO.jpg\",\"width\":\"600\",\"height\":\"401\",\"options\":{\"media\":{\"width\":600,\"height\":401}},\"content\":\"<p style=\\\"text-align: justify;\\\">Una de las entidades bancarias de mayor prestigio de Rep\\u00fablica Dominicana y una de las pioneras en la banca de servicios m\\u00faltiples en el pa\\u00eds. En sus 42 a\\u00f1os de trayectoria y con sucursales en todo el...<\\/p>\",\"link\":\"index.php\\/coming-soon-categoria\\/275-banco-de-progreso\"},{\"title\":\"Bvlgari\",\"media\":\"images\\/--COMING-SOON-SECCION\\/BVLGARI2.jpg\",\"width\":\"600\",\"height\":\"401\",\"options\":{\"media\":{\"width\":600,\"height\":401}},\"content\":\"<p style=\\\"text-align: justify;\\\">Marca italiana con m\\u00e1s de 130 a\\u00f1os de historia como fabricante de art\\u00edculos de lujo, incluyendo joyas, relojes, perfumes, marroquiner\\u00eda y hosteler\\u00eda. Mundialmente reconocida por la audacia en sus dise\\u00f1os...<\\/p>\",\"link\":\"index.php\\/coming-soon-categoria\\/276-bvlgari\"},{\"title\":\"Longchamp\",\"media\":\"images\\/--COMING-SOON-SECCION\\/LONGCHAMP.jpg\",\"width\":\"600\",\"height\":\"401\",\"options\":{\"media\":{\"width\":600,\"height\":401}},\"content\":\"<p style=\\\"text-align: justify;\\\">Firma francesa fundada en los a\\u00f1os 40 y famosa por sus espectaculares carteras y bolsos de viaje, favorita de celebridades, royals y fashionistas de todo el mundo. Cuenta con una amplia gama de art\\u00edculos...<\\/p>\",\"link\":\"index.php\\/coming-soon-categoria\\/277-longchamp\"},{\"title\":\"Max Mara\",\"media\":\"images\\/--COMING-SOON-SECCION\\/MAXMARA3.jpg\",\"width\":\"600\",\"height\":\"401\",\"options\":{\"media\":{\"width\":600,\"height\":401}},\"content\":\"<p style=\\\"text-align: justify;\\\">Reconocida casa de moda de lujo de origen italiano. Su fundador Achille Maramotti, quien hered\\u00f3 la pasi\\u00f3n por la moda de su bisabuela y estableci\\u00f3 la marca oficialmente a principios de los a\\u00f1os 50...<\\/p>\",\"link\":\"index.php\\/coming-soon-categoria\\/278-max-mara\"}],\"_fields\":[]}'),
(99, 'COMING SOON Pagina 2', 'custom', '{\"_widget\":{\"name\":\"grid-stack\",\"data\":{\"width\":\"1-2\",\"align\":\"left\",\"breakpoint\":\"medium\",\"alternate\":true,\"gutter\":false,\"gutter_vertical\":\"default\",\"divider\":false,\"panel\":true,\"content_align\":true,\"animation_media\":\"fade\",\"animation_content\":\"fade\",\"media\":true,\"image_width\":\"auto\",\"image_height\":\"auto\",\"media_border\":\"none\",\"media_overlay\":\"icon\",\"overlay_animation\":\"fade\",\"media_animation\":\"scale\",\"title\":true,\"content\":true,\"social_buttons\":true,\"title_size\":\"large\",\"text_align\":\"media\",\"link\":true,\"link_style\":\"button\",\"link_text\":\"Leer M\\u00e1s\",\"badge\":true,\"badge_style\":\"badge\",\"badge_position\":\"panel\",\"link_target\":false,\"class\":\"\"}},\"items\":[{\"title\":\"Montblanc\",\"media\":\"images\\/--COMING-SOON-SECCION\\/MONTBLANC.jpg\",\"width\":\"600\",\"height\":\"401\",\"options\":{\"media\":{\"width\":600,\"height\":401}},\"content\":\"<p style=\\\"text-align: justify;\\\">Firma alemana internacionalmente reconocida por sus preciosos art\\u00edculos de escritura, relojes fabricados meticulosamente a mano, joyas, lentes, art\\u00edculos en piel y fragancias. La historia de Montblanc comenz\\u00f3...<\\/p>\",\"link\":\"index.php\\/coming-soon-categoria\\/279-montblanc\"},{\"title\":\"Nueva cava Caf\\u00e9 SBG\",\"media\":\"images\\/--COMING-SOON-SECCION\\/NUEVACAVACAFESBG.jpg\",\"width\":\"600\",\"height\":\"401\",\"options\":{\"media\":{\"width\":600,\"height\":401}},\"content\":\"<p style=\\\"text-align: justify;\\\">El siempre concurrido restaurante ubicado en nuestro piso 1 abre las puertas de una fant\\u00e1stica cava de vinos. Este espacio, situado en el \\u00e1rea interior de Caf\\u00e9 SBG, contar\\u00e1 con m\\u00e1s de 800 etiquetas internacionales...<\\/p>\",\"link\":\"index.php\\/coming-soon-categoria\\/280-nueva-cava-cafe-sbg\"},{\"title\":\"Rolex\",\"media\":\"images\\/--COMING-SOON-SECCION\\/ROLEX.jpg\",\"width\":\"600\",\"height\":\"401\",\"options\":{\"media\":{\"width\":600,\"height\":401}},\"content\":\"<p style=\\\"text-align: justify;\\\">Verdadero \\u00edcono de la relojer\\u00eda, pionera del reloj de pulsera desde 1905. Rolex dise\\u00f1a, desarrolla y fabrica en sus talleres la totalidad de los componentes esenciales de sus relojes, desde la fundici\\u00f3n de las aleaciones....<\\/p>\",\"link\":\"index.php\\/coming-soon-categoria\\/281-rolex\"},{\"title\":\"Stefanel\",\"media\":\"images\\/--COMING-SOON-SECCION\\/STEFANEL.jpg\",\"width\":\"600\",\"height\":\"401\",\"options\":{\"media\":{\"width\":600,\"height\":401}},\"content\":\"<p style=\\\"text-align: justify;\\\">Referente de la moda italiana. Su completa propuesta consiste en piezas de tendencia, b\\u00e1sicos de armario y una gran diversidad de complementos, todo de primer\\u00edsima calidad y gusto exquisito. Su gama de piezas...<\\/p>\",\"link\":\"index.php\\/coming-soon-categoria\\/282-stefanel\"}],\"_fields\":[]}'),
(100, 'Must Have pagina actual', 'custom', '{\"_widget\":{\"name\":\"grid-stack\",\"data\":{\"width\":\"1-2\",\"align\":\"left\",\"breakpoint\":\"medium\",\"alternate\":true,\"gutter\":false,\"gutter_vertical\":\"default\",\"divider\":false,\"panel\":true,\"content_align\":true,\"animation_media\":\"fade\",\"animation_content\":\"fade\",\"media\":true,\"image_width\":\"auto\",\"image_height\":\"auto\",\"media_border\":\"none\",\"media_overlay\":\"icon\",\"overlay_animation\":\"fade\",\"media_animation\":\"scale\",\"title\":true,\"content\":true,\"social_buttons\":true,\"title_size\":\"large\",\"text_align\":\"media\",\"link\":true,\"link_style\":\"button\",\"link_text\":\"Leer M\\u00e1s\",\"badge\":true,\"badge_style\":\"badge\",\"badge_position\":\"panel\",\"link_target\":false,\"class\":\"\"}},\"items\":[{\"title\":\"DORADO NECKLACE\",\"media\":\"images\\/---must-haves-seccion\\/MUST-HAVES-AGOSTO-AF10.jpg\",\"width\":\"800\",\"height\":\"535\",\"options\":{\"media\":{\"width\":800,\"height\":535}},\"content\":\"Roba todas las miradas con este llamativo collar de cristales en tonos dorados y haz que brillen tus atuendos para el d\\u00eda o la noche.\"},{\"title\":\"MR. BURBERRY\",\"media\":\"images\\/---must-haves-seccion\\/MUST-HAVES-AGOSTO-AF11.jpg\",\"width\":\"800\",\"height\":\"535\",\"options\":{\"media\":{\"width\":800,\"height\":535}},\"content\":\"Nueva fragancia masculina de la ic\\u00f3nica firma brit\\u00e1nica con notas de toronja, cedro, s\\u00e1ndalo y hojas de abedul.\"},{\"title\":\"PANAMA HAT\",\"media\":\"images\\/---must-haves-seccion\\/MUST-HAVES-AGOSTO-AF12.jpg\",\"width\":\"800\",\"height\":\"535\",\"options\":{\"media\":{\"width\":800,\"height\":535}},\"content\":\"Sombrero Panam\\u00e1 con banda en contraste y detalle bordado.\"},{\"title\":\"SUNLIGHT DE LK\",\"media\":\"images\\/---must-haves-seccion\\/MUST-HAVES-AGOSTO-AF13.jpg\",\"width\":\"800\",\"height\":\"535\",\"options\":{\"media\":{\"width\":800,\"height\":535}},\"content\":\"Statement Earrings de la colecci\\u00f3n Sunlight de Leetal Kalmanson\"},{\"title\":\"TAN SUEDE ANKLE BOOTS\",\"media\":\"images\\/---must-haves-seccion\\/MUST-HAVES-AGOSTO-AF8.jpg\",\"width\":\"800\",\"height\":\"535\",\"options\":{\"media\":{\"width\":800,\"height\":535}},\"content\":\"El zapato del momento. Vers\\u00e1tiles botas al tobillo de Massimo Dutti.\"},{\"title\":\"LENTES DE SOL BAMBOO\",\"media\":\"images\\/---must-haves-seccion\\/MUST-HAVES-AGOSTO-AF9.jpg\",\"width\":\"800\",\"height\":\"535\",\"options\":{\"media\":{\"width\":800,\"height\":535}},\"content\":\"Lleva el mar a tu ojos con estos lentes de sol de marcos en bamb\\u00fa y cristales polarizados.\"}],\"_fields\":[]}');

-- --------------------------------------------------------

--
